000
CDUS45 KTFX 022230
CLIHLN


CLIMATE REPORT
NATIONAL WEATHER SERVICE GREAT FALLS MT
430 PM MDT MON MAY 2 2016


...................................

...THE HELENA MT CLIMATE SUMMARY FOR MAY 2 2016...
VALID TODAY AS OF 0400 PM LOCAL TIME.

CLIMATE NORMAL PERIOD 1981 TO 2010
CLIMATE RECORD PERIOD 1866 TO 2016


WEATHER ITEM   OBSERVED TIME   RECORD YEAR NORMAL DEPARTURE LAST
                VALUE   (LST)  VALUE       VALUE  FROM      YEAR
                                                  NORMAL
..................................................................
TEMPERATURE (F)
 TODAY
  MAXIMUM         74    251 PM  86    1947  63     11       74
  MINIMUM         36    557 AM  17    1954  37     -1       39
  AVERAGE         55                        50      5       57

PRECIPITATION (IN)
  TODAY            0.00          0.77 1950   0.04  -0.04     0.00
  MONTH TO DATE    0.00                      0.08  -0.08     0.00
  SINCE OCT 1      3.37                      3.88  -0.51     3.98
  SINCE JAN 1      1.67                      2.31  -0.64     1.70

SNOWFALL (IN)
  TODAY            0.0           4.7  1950   0.0    0.0      0.0
  MONTH TO DATE    0.0                       0.1   -0.1      0.0
  SINCE MAR 1      T                        10.0  -10.0       T
  SINCE JUL 1     14.8                      37.3  -22.5     24.3

DEGREE DAYS
 HEATING
  TODAY           10                        15     -5        8
  MONTH TO DATE   25                        31     -6       15
  SINCE MAR 1   1234                      1524   -290     1202
  SINCE JUL 1   6174                      7085   -911     6210

 COOLING
  TODAY            0                         0      0        0
  MONTH TO DATE    0                         0      0        0
  SINCE MAR 1      0                         0      0        0
  SINCE JAN 1      0                         0      0        0
..................................................................


WIND (MPH)
  HIGHEST WIND SPEED    10   HIGHEST WIND DIRECTION    NE (30)
  HIGHEST GUST SPEED    13   HIGHEST GUST DIRECTION     E (90)
  AVERAGE WIND SPEED     3.2


SKY COVER
  AVERAGE SKY COVER 0.0


WEATHER CONDITIONS
 THE FOLLOWING WEATHER WAS RECORDED TODAY.
  NO SIGNIFICANT WEATHER WAS OBSERVED.


RELATIVE HUMIDITY (PERCENT)
 HIGHEST    82           400 AM
 LOWEST     12           300 PM
 AVERAGE    47

..........................................................


THE HELENA MT CLIMATE NORMALS FOR TOMORROW
                         NORMAL    RECORD    YEAR
 MAXIMUM TEMPERATURE (F)   63        84      1966
 MINIMUM TEMPERATURE (F)   37        23      1967


SUNRISE AND SUNSET
MAY  2 2016...........SUNRISE   611 AM MDT   SUNSET   840 PM MDT
MAY  3 2016...........SUNRISE   609 AM MDT   SUNSET   841 PM MDT


-  INDICATES NEGATIVE NUMBERS.
R  INDICATES RECORD WAS SET OR TIED.
MM INDICATES DATA IS MISSING.
T  INDICATES TRACE AMOUNT.




$$
