000
CDUS45 KTFX 080752
CLIHLN


CLIMATE REPORT
NATIONAL WEATHER SERVICE GREAT FALLS MT
1251 AM MST MON FEB 8 2016


...................................

...THE HELENA MT CLIMATE SUMMARY FOR FEBRUARY 7 2016...

CLIMATE NORMAL PERIOD 1981 TO 2010
CLIMATE RECORD PERIOD 1866 TO 2016


WEATHER ITEM   OBSERVED TIME   RECORD YEAR NORMAL DEPARTURE LAST
                VALUE   (LST)  VALUE       VALUE  FROM      YEAR
                                                  NORMAL
..................................................................
TEMPERATURE (F)
 YESTERDAY
  MAXIMUM         42    755 PM  62    1886  37      5       60
  MINIMUM         28    444 AM -36    1936  16     12       43
  AVERAGE         35                        26      9       52

PRECIPITATION (IN)
  YESTERDAY        0.00          0.35 1975   0.01  -0.01      T
  MONTH TO DATE    T                         0.07  -0.07     0.01
  SINCE OCT 1      2.01                      2.00   0.01     2.93
  SINCE JAN 1      0.31                      0.43  -0.12     0.65

SNOWFALL (IN)
  YESTERDAY        0.0           5.7  2011   0.1   -0.1      0.0
  MONTH TO DATE    T                         1.3   -1.3      0.1
  SINCE DEC 1     11.3                      14.8   -3.5     11.9
  SINCE JUL 1     14.8                      23.6   -8.8     22.7
  SNOW DEPTH       1

DEGREE DAYS
 HEATING
  YESTERDAY       30                        39     -9       13
  MONTH TO DATE  248                       275    -27      195
  SINCE DEC 1   2780                      2911   -131     2641
  SINCE JUL 1   4409                      4793   -384     4353

 COOLING
  YESTERDAY        0                         0      0        0
  MONTH TO DATE    0                         0      0        0
  SINCE DEC 1      0                         0      0        0
  SINCE JAN 1      0                         0      0        0
..................................................................


WIND (MPH)
  HIGHEST WIND SPEED    23   HIGHEST WIND DIRECTION     W (290)
  HIGHEST GUST SPEED    32   HIGHEST GUST DIRECTION     W (270)
  AVERAGE WIND SPEED    11.0


SKY COVER
  AVERAGE SKY COVER 0.3


WEATHER CONDITIONS
 THE FOLLOWING WEATHER WAS RECORDED YESTERDAY.
  NO SIGNIFICANT WEATHER WAS OBSERVED.


RELATIVE HUMIDITY (PERCENT)
 HIGHEST    58           400 AM
 LOWEST     33           800 PM
 AVERAGE    46

..........................................................


THE HELENA MT CLIMATE NORMALS FOR TODAY
                         NORMAL    RECORD    YEAR
 MAXIMUM TEMPERATURE (F)   37        59      2015
                                             2000
 MINIMUM TEMPERATURE (F)   16       -36      1936


SUNRISE AND SUNSET
FEBRUARY  8 2016......SUNRISE   743 AM MST   SUNSET   542 PM MST
FEBRUARY  9 2016......SUNRISE   742 AM MST   SUNSET   543 PM MST


-  INDICATES NEGATIVE NUMBERS.
R  INDICATES RECORD WAS SET OR TIED.
MM INDICATES DATA IS MISSING.
T  INDICATES TRACE AMOUNT.




$$
