000
CDUS45 KTFX 212252
CLIHLN


CLIMATE REPORT
NATIONAL WEATHER SERVICE GREAT FALLS MT
451 PM MDT MON JUL 21 2014


...................................

...THE HELENA MT CLIMATE SUMMARY FOR JULY 21 2014...
VALID TODAY AS OF 0400 PM LOCAL TIME.

CLIMATE NORMAL PERIOD 1981 TO 2010
CLIMATE RECORD PERIOD 1866 TO 2014


WEATHER ITEM   OBSERVED TIME   RECORD YEAR NORMAL DEPARTURE LAST
                VALUE   (LST)  VALUE       VALUE  FROM      YEAR
                                                  NORMAL
..................................................................
TEMPERATURE (F)
 TODAY
  MAXIMUM         86    249 PM 102    1931  87     -1       93
  MINIMUM         60    621 AM  41    1949  55      5       58
  AVERAGE         73                        71      2       76

PRECIPITATION (IN)
  TODAY            0.02          0.32 2001   0.04  -0.02     0.00
                                      1899
  MONTH TO DATE    0.49                      0.85  -0.36     0.65
  SINCE OCT 1      7.68                      8.58  -0.90     9.48
  SINCE JAN 1      6.68                      7.01  -0.33     6.18

SNOWFALL (IN)
  TODAY            0.0           0.0  1999   0.0    0.0      0.0
                                      2001
                                      1995
  MONTH TO DATE    0.0                       0.0    0.0      0.0
  SINCE JUN 1      0.0                       T      0.0      0.0
  SINCE JUL 1      0.0                       0.0    0.0      0.0
  SNOW DEPTH       0

DEGREE DAYS
 HEATING
  TODAY            0                         1     -1        0
  MONTH TO DATE    0                        26    -26        0
  SINCE JUN 1    127                       162    -35      146
  SINCE JUL 1      0                        26    -26        0

 COOLING
  TODAY            8                         7      1       11
  MONTH TO DATE  178                       115     63      182
  SINCE JUN 1    181                       164     17      224
  SINCE JAN 1    185                       172     13      231
..................................................................


WIND (MPH)
  HIGHEST WIND SPEED    20   HIGHEST WIND DIRECTION     W (270)
  HIGHEST GUST SPEED    24   HIGHEST GUST DIRECTION     W (270)
  AVERAGE WIND SPEED     5.3


SKY COVER
  AVERAGE SKY COVER 0.5


WEATHER CONDITIONS
 THE FOLLOWING WEATHER WAS RECORDED TODAY.
  THUNDERSTORM


RELATIVE HUMIDITY (PERCENT)
 HIGHEST    84           600 AM
 LOWEST     29           300 PM
 AVERAGE    57

..........................................................


THE HELENA MT CLIMATE NORMALS FOR TOMORROW
                         NORMAL    RECORD    YEAR
 MAXIMUM TEMPERATURE (F)   88       102      2003
 MINIMUM TEMPERATURE (F)   55        42      1972


SUNRISE AND SUNSET
JULY 21 2014..........SUNRISE   556 AM MDT   SUNSET   912 PM MDT
JULY 22 2014..........SUNRISE   557 AM MDT   SUNSET   911 PM MDT


-  INDICATES NEGATIVE NUMBERS.
R  INDICATES RECORD WAS SET OR TIED.
MM INDICATES DATA IS MISSING.
T  INDICATES TRACE AMOUNT.




$$
