000
CDUS45 KTFX 291100
CLIHLN


CLIMATE REPORT
NATIONAL WEATHER SERVICE GREAT FALLS MT
456 AM MDT THU SEP 29 2016


...................................

...THE HELENA MT CLIMATE SUMMARY FOR SEPTEMBER 28 2016...

CLIMATE NORMAL PERIOD 1981 TO 2010
CLIMATE RECORD PERIOD 1866 TO 2016


WEATHER ITEM   OBSERVED TIME   RECORD YEAR NORMAL DEPARTURE LAST
                VALUE   (LST)  VALUE       VALUE  FROM      YEAR
                                                  NORMAL
..................................................................
TEMPERATURE (F)
 YESTERDAY
  MAXIMUM         75    525 PM  89    1892  67      8       71
  MINIMUM         49    656 AM  19    1965  39     10       38
  AVERAGE         62                        53      9       55

PRECIPITATION (IN)
  YESTERDAY        0.00          0.65 1940   0.03  -0.03     0.00
  MONTH TO DATE    0.97                      1.04  -0.07     2.08
  SINCE OCT 1      8.87                     11.16  -2.29    10.48
  SINCE JAN 1      7.17                      9.59  -2.42     8.20

SNOWFALL (IN)
  YESTERDAY        0.0           5.6  1925   0.1   -0.1      0.0
  MONTH TO DATE    0.0                       1.2   -1.2      0.0
  SINCE SEP 1      0.0                       1.2   -1.2      0.0
  SINCE JUL 1      0.0                       1.5   -1.5      0.0
  SNOW DEPTH       0

DEGREE DAYS
 HEATING
  YESTERDAY        3                        12     -9       10
  MONTH TO DATE  207                       213     -6      145
  SINCE SEP 1    207                       213     -6      145
  SINCE JUL 1    251                       282    -31      182

 COOLING
  YESTERDAY        0                         0      0        0
  MONTH TO DATE   12                        22    -10       25
  SINCE SEP 1     12                        22    -10       25
  SINCE JAN 1    454                       405     49      563
..................................................................


WIND (MPH)
  HIGHEST WIND SPEED    13   HIGHEST WIND DIRECTION     W (260)
  HIGHEST GUST SPEED    14   HIGHEST GUST DIRECTION     W (260)
  AVERAGE WIND SPEED     6.1


SKY COVER
  AVERAGE SKY COVER 0.0


WEATHER CONDITIONS
 THE FOLLOWING WEATHER WAS RECORDED YESTERDAY.
  NO SIGNIFICANT WEATHER WAS OBSERVED.


RELATIVE HUMIDITY (PERCENT)
 HIGHEST    66           600 AM
 LOWEST     33           300 PM
 AVERAGE    50

..........................................................


THE HELENA MT CLIMATE NORMALS FOR TODAY
                         NORMAL    RECORD    YEAR
 MAXIMUM TEMPERATURE (F)   67        84      2009
                                             1967
 MINIMUM TEMPERATURE (F)   38        19      1985


SUNRISE AND SUNSET
SEPTEMBER 29 2016.....SUNRISE   725 AM MDT   SUNSET   711 PM MDT
SEPTEMBER 30 2016.....SUNRISE   726 AM MDT   SUNSET   709 PM MDT


-  INDICATES NEGATIVE NUMBERS.
R  INDICATES RECORD WAS SET OR TIED.
MM INDICATES DATA IS MISSING.
T  INDICATES TRACE AMOUNT.




$$
