000
CDHW40 PHFO 211245
CLIHNL


CLIMATE REPORT
NATIONAL WEATHER SERVICE HONOLULU HI
245 AM HST THU AUG 21 2014


...................................

...THE HONOLULU HI CLIMATE SUMMARY FOR AUGUST 20 2014...

CLIMATE NORMAL PERIOD 1981 TO 2010
CLIMATE RECORD PERIOD 1946 TO 2014


WEATHER ITEM   OBSERVED TIME   RECORD YEAR NORMAL DEPARTURE LAST
                VALUE   (LST)  VALUE       VALUE  FROM      YEAR
                                                  NORMAL
..................................................................
TEMPERATURE (F)
 YESTERDAY
  MAXIMUM         90    201 PM  93    1986  89      1       88
  MINIMUM         76    652 AM  66    2009  75      1       72
  AVERAGE         83                        82      1       80

PRECIPITATION (IN)
  YESTERDAY        0.00          0.09 1972   0.02  -0.02      T
  MONTH TO DATE    0.44                      0.36   0.08     0.06
  SINCE JUN 1      2.14                      1.13   1.01     0.58
  SINCE JAN 1     12.11                      8.70   3.41     9.04

SNOWFALL (IN)
  YESTERDAY        0.0
  MONTH TO DATE    0.0
  SINCE JUN 1      0.0
  SINCE JUL 1      0.0
  SNOW DEPTH       0

DEGREE DAYS
 HEATING
  YESTERDAY        0                         0      0        0
  MONTH TO DATE    0                         0      0        0
  SINCE JUN 1      0                         0      0        0
  SINCE JUL 1      0                         0      0        0

 COOLING
  YESTERDAY       18                        17      1       15
  MONTH TO DATE  356                       340     16      326
  SINCE JUN 1   1359                      1298     61     1218
  SINCE JAN 1   2968                      2800    168     2678
..................................................................


WIND (MPH)
  HIGHEST WIND SPEED    20   HIGHEST WIND DIRECTION     E (70)
  HIGHEST GUST SPEED    25   HIGHEST GUST DIRECTION    NE (50)
  AVERAGE WIND SPEED    10.5


SKY COVER
  POSSIBLE SUNSHINE  MM
  AVERAGE SKY COVER 0.4


WEATHER CONDITIONS
 THE FOLLOWING WEATHER WAS RECORDED YESTERDAY.
  NO SIGNIFICANT WEATHER WAS OBSERVED.


RELATIVE HUMIDITY (PERCENT)
 HIGHEST    74           400 AM
 LOWEST     44           100 PM
 AVERAGE    59

..........................................................


THE HONOLULU HI CLIMATE NORMALS FOR TODAY
                         NORMAL    RECORD    YEAR
 MAXIMUM TEMPERATURE (F)   89        93      1987
 MINIMUM TEMPERATURE (F)   75        70      1984
                                             1983
                                             1965


SUNRISE AND SUNSET
AUGUST 21 2014........SUNRISE   612 AM HST   SUNSET   657 PM HST
AUGUST 22 2014........SUNRISE   612 AM HST   SUNSET   656 PM HST


-  INDICATES NEGATIVE NUMBERS.
R  INDICATES RECORD WAS SET OR TIED.
MM INDICATES DATA IS MISSING.
T  INDICATES TRACE AMOUNT.




$$
