000
CDHW40 PHFO 221245
CLIHNL


CLIMATE REPORT
NATIONAL WEATHER SERVICE HONOLULU HI
245 AM HST SAT JUL 22 2017


...................................

...THE HONOLULU HI CLIMATE SUMMARY FOR JULY 21 2017...

CLIMATE NORMAL PERIOD 1981 TO 2010
CLIMATE RECORD PERIOD 1946 TO 2017


WEATHER ITEM   OBSERVED TIME   RECORD YEAR NORMAL DEPARTURE LAST
                VALUE   (LST)  VALUE       VALUE  FROM      YEAR
                                                  NORMAL
..................................................................
TEMPERATURE (F)
 YESTERDAY
  MAXIMUM         88   1247 PM  91    2015  88      0       88
                                      2004
                                      1986
  MINIMUM         76    552 AM  69    1958  75      1       76
  AVERAGE         82                        81      1       82

PRECIPITATION (IN)
  YESTERDAY        0.00          0.26 1993   0.02  -0.02      T
  MONTH TO DATE    0.02                      0.31  -0.29     0.68
  SINCE JUN 1      0.55                      0.57  -0.02     0.87
  SINCE JAN 1     14.04                      8.14   5.90     4.91

SNOWFALL (IN)
  YESTERDAY        0.0
  MONTH TO DATE    0.0
  SINCE JUN 1      0.0
  SINCE JUL 1      0.0
  SNOW DEPTH      MM

DEGREE DAYS
 HEATING
  YESTERDAY        0                         0      0        0
  MONTH TO DATE    0                         0      0        0
  SINCE JUN 1      0                         0      0        0
  SINCE JUL 1      0                         0      0        0

 COOLING
  YESTERDAY       17                        16      1       17
  MONTH TO DATE  337                       336      1      354
  SINCE JUN 1    798                       792      6      784
  SINCE JAN 1   2499                      2294    205     2498
..................................................................


WIND (MPH)
  HIGHEST WIND SPEED    25   HIGHEST WIND DIRECTION     E (70)
  HIGHEST GUST SPEED    31   HIGHEST GUST DIRECTION     E (80)
  AVERAGE WIND SPEED    15.1


SKY COVER
  POSSIBLE SUNSHINE  MM
  AVERAGE SKY COVER  MM


WEATHER CONDITIONS
 THE FOLLOWING WEATHER WAS RECORDED YESTERDAY.
  NO SIGNIFICANT WEATHER WAS OBSERVED.


RELATIVE HUMIDITY (PERCENT)
 HIGHEST    MM
 LOWEST     MM
 AVERAGE    MM

..........................................................


THE HONOLULU HI CLIMATE NORMALS FOR TODAY
                         NORMAL    RECORD    YEAR
 MAXIMUM TEMPERATURE (F)   88        91      1988
                                             1986
 MINIMUM TEMPERATURE (F)   75        67      1953


SUNRISE AND SUNSET
JULY 22 2017..........SUNRISE   601 AM HST   SUNSET   715 PM HST
JULY 23 2017..........SUNRISE   602 AM HST   SUNSET   714 PM HST


-  INDICATES NEGATIVE NUMBERS.
R  INDICATES RECORD WAS SET OR TIED.
MM INDICATES DATA IS MISSING.
T  INDICATES TRACE AMOUNT.




$$
