000
CDHW40 PHFO 250245
CLIHNL


CLIMATE REPORT
NATIONAL WEATHER SERVICE HONOLULU HI
444 PM HST WED MAY 24 2017


...................................

...THE HONOLULU HI CLIMATE SUMMARY FOR MAY 24 2017...
VALID TODAY AS OF 0400 PM LOCAL TIME.

CLIMATE NORMAL PERIOD 1981 TO 2010
CLIMATE RECORD PERIOD 1946 TO 2017


WEATHER ITEM   OBSERVED TIME   RECORD YEAR NORMAL DEPARTURE LAST
                VALUE   (LST)  VALUE       VALUE  FROM      YEAR
                                                  NORMAL
..................................................................
TEMPERATURE (F)
 TODAY
  MAXIMUM         85    245 PM  90    1979  85      0       88
  MINIMUM         72    347 AM  65    1975  72      0       75
                                      1959
  AVERAGE         79                        78      1       82

PRECIPITATION (IN)
  TODAY            0.01          1.10 2014   0.01   0.00     0.00
  MONTH TO DATE    0.22                      0.51  -0.29     0.06
  SINCE MAR 1      6.02                      3.16   2.86     0.50
  SINCE JAN 1     13.35                      7.46   5.89     0.93

SNOWFALL (IN)
  TODAY            0.0
  MONTH TO DATE    0.0
  SINCE MAR 1      0.0
  SINCE JUL 1      0.0
  SNOW DEPTH      MM

DEGREE DAYS
 HEATING
  TODAY            0                         0      0        0
  MONTH TO DATE    0                         0      0        0
  SINCE MAR 1      0                         0      0        0
  SINCE JUL 1      0                         0      0        0

 COOLING
  TODAY           14                        13      1       17
  MONTH TO DATE  338                       298     40      349
  SINCE MAR 1   1088                       923    165     1047
  SINCE JAN 1   1615                      1405    210     1629
..................................................................


WIND (MPH)
  HIGHEST WIND SPEED    20   HIGHEST WIND DIRECTION     E (80)
  HIGHEST GUST SPEED    24   HIGHEST GUST DIRECTION    NE (50)
  AVERAGE WIND SPEED    MM


SKY COVER
  POSSIBLE SUNSHINE  MM
  AVERAGE SKY COVER  MM


WEATHER CONDITIONS
 THE FOLLOWING WEATHER WAS RECORDED TODAY.
  NO SIGNIFICANT WEATHER WAS OBSERVED.


RELATIVE HUMIDITY (PERCENT)
 HIGHEST    MM
 LOWEST     MM
 AVERAGE    MM

..........................................................


THE HONOLULU HI CLIMATE NORMALS FOR TOMORROW
                         NORMAL    RECORD    YEAR
 MAXIMUM TEMPERATURE (F)   85        89      2005
                                             1996
                                             1992
 MINIMUM TEMPERATURE (F)   72        66      1974
                                             1959


SUNRISE AND SUNSET
MAY 24 2017...........SUNRISE   550 AM HST   SUNSET   707 PM HST
MAY 25 2017...........SUNRISE   550 AM HST   SUNSET   707 PM HST


-  INDICATES NEGATIVE NUMBERS.
R  INDICATES RECORD WAS SET OR TIED.
MM INDICATES DATA IS MISSING.
T  INDICATES TRACE AMOUNT.




$$
