000
CDHW40 PHFO 221245
CLIHNL


CLIMATE REPORT
NATIONAL WEATHER SERVICE HONOLULU HI
245 AM HST WED NOV 22 2017


...................................

...THE HONOLULU HI CLIMATE SUMMARY FOR NOVEMBER 21 2017...

CLIMATE NORMAL PERIOD 1981 TO 2010
CLIMATE RECORD PERIOD 1946 TO 2017


WEATHER ITEM   OBSERVED TIME   RECORD YEAR NORMAL DEPARTURE LAST
                VALUE   (LST)  VALUE       VALUE  FROM      YEAR
                                                  NORMAL
..................................................................
TEMPERATURE (F)
 YESTERDAY
  MAXIMUM         83    245 PM  88    1991  83      0       79
                                      1983
                                      1980
  MINIMUM         63    614 AM  62    1949  71     -8       73
  AVERAGE         73                        77     -4       76

PRECIPITATION (IN)
  YESTERDAY        T             1.78 1957   0.07  -0.07     0.56
  MONTH TO DATE    0.44                      1.73  -1.29     0.66
  SINCE SEP 1      3.32                      4.27  -0.95     3.70
  SINCE JAN 1     19.21                     13.17   6.04    12.22

SNOWFALL (IN)
  YESTERDAY        0.0
  MONTH TO DATE    0.0
  SINCE SEP 1      0.0
  SINCE JUL 1      0.0
  SNOW DEPTH      MM

DEGREE DAYS
 HEATING
  YESTERDAY        0                         0      0        0
  MONTH TO DATE    0                         0      0        0
  SINCE SEP 1      0                         0      0        0
  SINCE JUL 1      0                         0      0        0

 COOLING
  YESTERDAY        8                        12     -4       11
  MONTH TO DATE  306                       275     31      269
  SINCE SEP 1   1270                      1237     33     1208
  SINCE JAN 1   4323                      4221    102     4323
..................................................................


WIND (MPH)
  HIGHEST WIND SPEED    18   HIGHEST WIND DIRECTION     N (360)
  HIGHEST GUST SPEED    23   HIGHEST GUST DIRECTION     N (360)
  AVERAGE WIND SPEED     7.0


SKY COVER
  POSSIBLE SUNSHINE  MM
  AVERAGE SKY COVER  MM


WEATHER CONDITIONS
 THE FOLLOWING WEATHER WAS RECORDED YESTERDAY.
  NO SIGNIFICANT WEATHER WAS OBSERVED.


RELATIVE HUMIDITY (PERCENT)
 HIGHEST    MM
 LOWEST     MM
 AVERAGE    MM

..........................................................


THE HONOLULU HI CLIMATE NORMALS FOR TODAY
                         NORMAL    RECORD    YEAR
 MAXIMUM TEMPERATURE (F)   83        88      1983
                                             1979
                                             1959
 MINIMUM TEMPERATURE (F)   71        63      1949


SUNRISE AND SUNSET
NOVEMBER 22 2017......SUNRISE   647 AM HST   SUNSET   549 PM HST
NOVEMBER 23 2017......SUNRISE   648 AM HST   SUNSET   548 PM HST


-  INDICATES NEGATIVE NUMBERS.
R  INDICATES RECORD WAS SET OR TIED.
MM INDICATES DATA IS MISSING.
T  INDICATES TRACE AMOUNT.




$$
