000
CDHW40 PHFO 260236
CLIHNL


CLIMATE REPORT
NATIONAL WEATHER SERVICE HONOLULU HI
436 PM HST SAT OCT 25 2014


...................................

...THE HONOLULU HI CLIMATE SUMMARY FOR OCTOBER 25 2014...
VALID TODAY AS OF 0400 PM LOCAL TIME.

CLIMATE NORMAL PERIOD 1981 TO 2010
CLIMATE RECORD PERIOD 1946 TO 2014


WEATHER ITEM   OBSERVED TIME   RECORD YEAR NORMAL DEPARTURE LAST
                VALUE   (LST)  VALUE       VALUE  FROM      YEAR
                                                  NORMAL
..................................................................
TEMPERATURE (F)
 TODAY
  MAXIMUM         87    158 PM  90    1994  86      1       89
                                      1957
  MINIMUM         73    644 AM  64    1962  73      0       71
                                      1909
  AVERAGE         80                        80      0       80

PRECIPITATION (IN)
  TODAY            T             1.36 1923   0.07  -0.07     0.00
  MONTH TO DATE    5.47                      1.39   4.08     0.18
  SINCE SEP 1      6.05                      2.09   3.96     1.51
  SINCE JAN 1     18.28                     10.99   7.29    10.59

SNOWFALL (IN)
  TODAY            0.0
  MONTH TO DATE    0.0
  SINCE SEP 1      0.0
  SINCE JUL 1      0.0
  SNOW DEPTH       0

DEGREE DAYS
 HEATING
  TODAY            0                         0      0        0
  MONTH TO DATE    0                         0      0        0
  SINCE SEP 1      0                         0      0        0
  SINCE JUL 1      0                         0      0        0

 COOLING
  TODAY           15                        14      1       15
  MONTH TO DATE  422                       383     39      346
  SINCE SEP 1    967                       878     89      823
  SINCE JAN 1   4125                      3862    263     3683
..................................................................


WIND (MPH)
  HIGHEST WIND SPEED    17   HIGHEST WIND DIRECTION    NE (50)
  HIGHEST GUST SPEED    23   HIGHEST GUST DIRECTION     N (20)
  AVERAGE WIND SPEED     7.2


SKY COVER
  POSSIBLE SUNSHINE  MM
  AVERAGE SKY COVER 0.4


WEATHER CONDITIONS
 THE FOLLOWING WEATHER WAS RECORDED TODAY.
  NO SIGNIFICANT WEATHER WAS OBSERVED.


RELATIVE HUMIDITY (PERCENT)
 HIGHEST    87           600 AM
 LOWEST     57           100 PM
 AVERAGE    72

..........................................................


THE HONOLULU HI CLIMATE NORMALS FOR TOMORROW
                         NORMAL    RECORD    YEAR
 MAXIMUM TEMPERATURE (F)   86        90      1995
                                             1984
 MINIMUM TEMPERATURE (F)   73        63      1909


SUNRISE AND SUNSET
OCTOBER 25 2014.......SUNRISE   632 AM HST   SUNSET   600 PM HST
OCTOBER 26 2014.......SUNRISE   632 AM HST   SUNSET   559 PM HST


-  INDICATES NEGATIVE NUMBERS.
R  INDICATES RECORD WAS SET OR TIED.
MM INDICATES DATA IS MISSING.
T  INDICATES TRACE AMOUNT.




$$
