000
CDUS43 KFSD 270654
CLIHON


CLIMATE REPORT
NATIONAL WEATHER SERVICE SIOUX FALLS SD
153 AM CDT SAT MAY 27 2017


...................................

...THE HURON SD CLIMATE SUMMARY FOR MAY 26 2017...

CLIMATE NORMAL PERIOD 1981 TO 2010
CLIMATE RECORD PERIOD 1881 TO 2017


WEATHER ITEM   OBSERVED TIME   RECORD YEAR NORMAL DEPARTURE LAST
                VALUE   (LST)  VALUE       VALUE  FROM      YEAR
                                                  NORMAL
..................................................................
TEMPERATURE (F)
 YESTERDAY
  MAXIMUM         75    356 PM  95    1931  73      2       78
  MINIMUM         49    458 AM  28    1992  50     -1       48
  AVERAGE         62                        61      1       63

PRECIPITATION (IN)
  YESTERDAY        0.00          1.91 2013   0.10  -0.10     0.00
  MONTH TO DATE    1.34                      2.55  -1.21     1.95
  SINCE MAR 1      3.29                      6.32  -3.03     7.16
  SINCE JAN 1      4.09                      7.42  -3.33     8.03

SNOWFALL (IN)
  YESTERDAY        0.0           T    1965   0.0    0.0      0.0
  MONTH TO DATE    0.0                       0.1   -0.1      0.0
  SINCE MAR 1     13.9                      13.0    0.9      2.3
  SINCE JUL 1     35.9                      44.0   -8.1     33.0
  SNOW DEPTH       0

DEGREE DAYS
 HEATING
  YESTERDAY        3                         5     -2        2
  MONTH TO DATE  211                       221    -10      194
  SINCE MAR 1   1701                      1767    -66     1470
  SINCE JUL 1   6850                      7599   -749     6546

 COOLING
  YESTERDAY        0                         1     -1        0
  MONTH TO DATE   21                        23     -2       24
  SINCE MAR 1     21                        27     -6       25
  SINCE JAN 1     21                        27     -6       25
..................................................................


WIND (MPH)
  HIGHEST WIND SPEED    23   HIGHEST WIND DIRECTION    NW (320)
  HIGHEST GUST SPEED    31   HIGHEST GUST DIRECTION    NW (310)
  AVERAGE WIND SPEED    10.4


SKY COVER
  POSSIBLE SUNSHINE  MM
  AVERAGE SKY COVER 0.1


WEATHER CONDITIONS
 THE FOLLOWING WEATHER WAS RECORDED YESTERDAY.
  NO SIGNIFICANT WEATHER WAS OBSERVED.


RELATIVE HUMIDITY (PERCENT)
 HIGHEST    93           400 AM
 LOWEST     31           300 PM
 AVERAGE    62

..........................................................


THE HURON SD CLIMATE NORMALS FOR TODAY
                         NORMAL    RECORD    YEAR
 MAXIMUM TEMPERATURE (F)   73        94      1934
 MINIMUM TEMPERATURE (F)   50        31      1907


SUNRISE AND SUNSET
MAY 27 2017...........SUNRISE   555 AM CDT   SUNSET   906 PM CDT
MAY 28 2017...........SUNRISE   554 AM CDT   SUNSET   907 PM CDT


-  INDICATES NEGATIVE NUMBERS.
R  INDICATES RECORD WAS SET OR TIED.
MM INDICATES DATA IS MISSING.
T  INDICATES TRACE AMOUNT.




$$
