000
CDUS43 KFSD 220709
CLIHON


CLIMATE REPORT
NATIONAL WEATHER SERVICE SIOUX FALLS SD
209 AM CDT FRI AUG 22 2014


...................................

...THE HURON SD CLIMATE SUMMARY FOR AUGUST 21 2014...

CLIMATE NORMAL PERIOD 1981 TO 2010
CLIMATE RECORD PERIOD 1881 TO 2014


WEATHER ITEM   OBSERVED TIME   RECORD YEAR NORMAL DEPARTURE LAST
                VALUE   (LST)  VALUE       VALUE  FROM      YEAR
                                                  NORMAL
..................................................................
TEMPERATURE (F)
 YESTERDAY
  MAXIMUM         88    401 PM 103    1976  83      5       90
  MINIMUM         64   1159 PM  43    1884  59      5       70
  AVERAGE         76                        71      5       80

PRECIPITATION (IN)
  YESTERDAY        0.00          1.69 1916   0.06  -0.06     0.00
  MONTH TO DATE    0.69                      1.73  -1.04     1.20
  SINCE JUN 1      6.73                      8.58  -1.85     6.59
  SINCE JAN 1     11.22                     16.56  -5.34    17.18

SNOWFALL (IN)
  YESTERDAY        0.0           0.0    MM   0.0    0.0      0.0
  MONTH TO DATE    0.0                       0.0    0.0      0.0
  SINCE JUN 1      0.0                       0.0    0.0      0.0
  SINCE JUL 1      0.0                       0.0    0.0      0.0
  SNOW DEPTH       0

DEGREE DAYS
 HEATING
  YESTERDAY        0                         1     -1        0
  MONTH TO DATE    1                         5     -4        1
  SINCE JUN 1     64                        64      0       88
  SINCE JUL 1     24                        13     11       22

 COOLING
  YESTERDAY       11                         7      4       15
  MONTH TO DATE  133                       168    -35       96
  SINCE JUN 1    413                       578   -165      486
  SINCE JAN 1    475                       611   -136      524
..................................................................


WIND (MPH)
  HIGHEST WIND SPEED    22   HIGHEST WIND DIRECTION     N (350)
  HIGHEST GUST SPEED    29   HIGHEST GUST DIRECTION     N (340)
  AVERAGE WIND SPEED     8.3


SKY COVER
  POSSIBLE SUNSHINE  MM
  AVERAGE SKY COVER 0.1


WEATHER CONDITIONS
 THE FOLLOWING WEATHER WAS RECORDED YESTERDAY.
  NO SIGNIFICANT WEATHER WAS OBSERVED.


RELATIVE HUMIDITY (PERCENT)
 HIGHEST    93          1200 AM
 LOWEST     46           400 PM
 AVERAGE    70

..........................................................


THE HURON SD CLIMATE NORMALS FOR TODAY
                         NORMAL    RECORD    YEAR
 MAXIMUM TEMPERATURE (F)   83       105      1971
                                             1938
 MINIMUM TEMPERATURE (F)   58        35      1890


SUNRISE AND SUNSET
AUGUST 22 2014........SUNRISE   644 AM CDT   SUNSET   827 PM CDT
AUGUST 23 2014........SUNRISE   645 AM CDT   SUNSET   825 PM CDT


-  INDICATES NEGATIVE NUMBERS.
R  INDICATES RECORD WAS SET OR TIED.
MM INDICATES DATA IS MISSING.
T  INDICATES TRACE AMOUNT.




$$
