000
CDUS43 KFSD 160628
CLIHON


CLIMATE REPORT
NATIONAL WEATHER SERVICE SIOUX FALLS SD
127 AM CDT WED APR 16 2014


...................................

...THE HURON SD CLIMATE SUMMARY FOR APRIL 15 2014...

CLIMATE NORMAL PERIOD 1981 TO 2010
CLIMATE RECORD PERIOD 1881 TO 2014


WEATHER ITEM   OBSERVED TIME   RECORD YEAR NORMAL DEPARTURE LAST
                VALUE   (LST)  VALUE       VALUE  FROM      YEAR
                                                  NORMAL
..................................................................
TEMPERATURE (F)
 YESTERDAY
  MAXIMUM         51    600 PM  86    1926  59     -8       38
                                      1898
  MINIMUM         14R   206 AM  17    1990  34    -20       28
  AVERAGE         33                        46    -13       33

PRECIPITATION (IN)
  YESTERDAY        0.00          1.85 2012   0.08  -0.08      T
  MONTH TO DATE    T                         1.06  -1.06     2.00
  SINCE MAR 1      0.47                      2.52  -2.05     2.78
  SINCE JAN 1      1.03                      3.62  -2.59     4.16

SNOWFALL (IN)
  YESTERDAY        0.0           4.0  2011   0.1   -0.1       T
  MONTH TO DATE    T                         2.6   -2.6     11.1
  SINCE MAR 1      4.7                      11.5   -6.8     18.3
  SINCE JUL 1     26.4                      42.5  -16.1     51.5
  SNOW DEPTH       0

DEGREE DAYS
 HEATING
  YESTERDAY       32                        19     13       32
  MONTH TO DATE  356                       328     28      450
  SINCE MAR 1   1457                      1315    142     1688
  SINCE JUL 1   7777                      7147    630     7514

 COOLING
  YESTERDAY        0                         0      0        0
  MONTH TO DATE    0                         0      0        0
  SINCE MAR 1      0                         0      0        0
  SINCE JAN 1      0                         0      0        0
..................................................................


WIND (MPH)
  HIGHEST WIND SPEED    25   HIGHEST WIND DIRECTION     S (160)
  HIGHEST GUST SPEED    37   HIGHEST GUST DIRECTION     S (180)
  AVERAGE WIND SPEED    13.8


SKY COVER
  POSSIBLE SUNSHINE  MM
  AVERAGE SKY COVER 0.1


WEATHER CONDITIONS
 THE FOLLOWING WEATHER WAS RECORDED YESTERDAY.
  NO SIGNIFICANT WEATHER WAS OBSERVED.


RELATIVE HUMIDITY (PERCENT)
 HIGHEST    88          1200 AM
 LOWEST     28           200 PM
 AVERAGE    58

..........................................................


THE HURON SD CLIMATE NORMALS FOR TODAY
                         NORMAL    RECORD    YEAR
 MAXIMUM TEMPERATURE (F)   60        92      1964
 MINIMUM TEMPERATURE (F)   34        14      1904


SUNRISE AND SUNSET
APRIL 16 2014.........SUNRISE   647 AM CDT   SUNSET   819 PM CDT
APRIL 17 2014.........SUNRISE   646 AM CDT   SUNSET   820 PM CDT


-  INDICATES NEGATIVE NUMBERS.
R  INDICATES RECORD WAS SET OR TIED.
MM INDICATES DATA IS MISSING.
T  INDICATES TRACE AMOUNT.




$$
