000
CDUS44 KHGX 081413
CLIHOU

CLIMATE REPORT
NATIONAL WEATHER SERVICE HOUSTON/GALVESTON TX
810 AM CST MON FEB 8 2016


...MORNING CLIMATE DATA...

                            MORNING LOW    PRECIP SINCE MIDNIGHT
HOUSTON INTERCONTINENTAL         44                0.00
GALVESTON SCHOLES FIELD          49                0.00
BRYAN/COLLEGE STATION            41                0.00
HOUSTON HOBBY                    44                0.00
...................................

...THE HOUSTON INTERCONTINENTAL CLIMATE SUMMARY FOR FEBRUARY 7 2016...

CLIMATE NORMAL PERIOD 1981 TO 2010
CLIMATE RECORD PERIOD 1892 TO 2016


WEATHER ITEM   OBSERVED TIME   RECORD YEAR NORMAL DEPARTURE LAST
                VALUE   (LST)  VALUE       VALUE  FROM      YEAR
                                                  NORMAL
..................................................................
TEMPERATURE (F)
 YESTERDAY
  MAXIMUM         66    335 PM  80    1957  65      1       69
                                      1950
                                      1911
  MINIMUM         34    727 AM  11    1895  45    -11       37
  AVERAGE         50                        55     -5       53

PRECIPITATION (IN)
  YESTERDAY        0.00          1.46 1978   0.11  -0.11     0.00
  MONTH TO DATE    0.15                      0.75  -0.60     0.34
  SINCE DEC 1      7.52                      7.87  -0.35     9.11
  SINCE JAN 1      2.31                      4.13  -1.82     3.51

SNOWFALL (IN)
  YESTERDAY        0.0           0.0  2002
  MONTH TO DATE    0.0
  SINCE DEC 1      0.0
  SINCE JUL 1      0.0

DEGREE DAYS
 HEATING
  YESTERDAY       15                        11      4       12
  MONTH TO DATE   79                        77      2      103
  SINCE DEC 1    689                       816   -127      824
  SINCE JUL 1    802                      1001   -199     1072
..................................................................


WIND (MPH)
  HIGHEST WIND SPEED    14   HIGHEST WIND DIRECTION     S (160)
  HIGHEST GUST SPEED    20   HIGHEST GUST DIRECTION     S (190)




RELATIVE HUMIDITY (PERCENT)
 HIGHEST   100
 LOWEST     31
 AVERAGE    66

..........................................................


THE HOUSTON INTERCONTINENTAL CLIMATE NORMALS FOR TODAY
                         NORMAL    RECORD    YEAR
 MAXIMUM TEMPERATURE (F)   65        82      1932
 MINIMUM TEMPERATURE (F)   45        10      1895


SUNRISE AND SUNSET
FEBRUARY  8 2016......SUNRISE   707 AM CST   SUNSET   604 PM CST
FEBRUARY  9 2016......SUNRISE   706 AM CST   SUNSET   605 PM CST


-  INDICATES NEGATIVE NUMBERS.
R  INDICATES RECORD WAS SET OR TIED.
MM INDICATES DATA IS MISSING.
T  INDICATES TRACE AMOUNT.


&&

...................................

...THE HOUSTON/HOBBY AIRPORT CLIMATE SUMMARY FOR FEBRUARY 7 2016...

CLIMATE NORMAL PERIOD 1981 TO 2010
CLIMATE RECORD PERIOD 1930 TO 2016


WEATHER ITEM   OBSERVED TIME   RECORD YEAR NORMAL DEPARTURE LAST
                VALUE   (LST)  VALUE       VALUE  FROM      YEAR
                                                  NORMAL
..................................................................
TEMPERATURE (F)
 YESTERDAY
  MAXIMUM         65    246 PM  82    1950  65      0       69
  MINIMUM         36    719 AM  26    1989  47    -11       40
  AVERAGE         51                        56     -5       55

PRECIPITATION (IN)
  YESTERDAY        0.00          1.96 1978   0.12  -0.12     0.00
  MONTH TO DATE    0.19                      0.82  -0.63     0.28
  SINCE DEC 1      6.19                      8.72  -2.53    10.02
  SINCE JAN 1      2.70                      4.69  -1.99     5.41

SNOWFALL (IN)
  YESTERDAY        0.0          MM      MM
  MONTH TO DATE    0.0
  SINCE DEC 1      0.0
  SINCE JUL 1      0.0

DEGREE DAYS
 HEATING
  YESTERDAY       14                        10      4       10
  MONTH TO DATE   69                        70     -1       92
  SINCE DEC 1    580                       745   -165      752
  SINCE JUL 1    654                       901   -247      966
..................................................................


WIND (MPH)
  HIGHEST WIND SPEED    16   HIGHEST WIND DIRECTION    SE (150)
  HIGHEST GUST SPEED    22   HIGHEST GUST DIRECTION    SE (130)




RELATIVE HUMIDITY (PERCENT)
 HIGHEST    92
 LOWEST     36
 AVERAGE    64

..........................................................


THE HOUSTON/HOBBY AIRPORT CLIMATE NORMALS FOR TODAY
                         NORMAL    RECORD    YEAR
 MAXIMUM TEMPERATURE (F)   65        83      1962
 MINIMUM TEMPERATURE (F)   47        15      1933


SUNRISE AND SUNSET
FEBRUARY  8 2016......SUNRISE   706 AM CST   SUNSET   604 PM CST
FEBRUARY  9 2016......SUNRISE   706 AM CST   SUNSET   605 PM CST


-  INDICATES NEGATIVE NUMBERS.
R  INDICATES RECORD WAS SET OR TIED.
MM INDICATES DATA IS MISSING.
T  INDICATES TRACE AMOUNT.

...MISCELLANEOUS CLIMATE DATA FOR YESTERDAY...

LOCATION                        HIGH    LOW     PRECIP
PEARLAND                         64      35      0.00
SUGAR LAND                       67      33      0.00
TOMBALL                          66      33      0.00
CONROE                           64      29      0.00
HUNTSVILLE                       64      33      0.00
ANGLETON/LAKE JACKSON            65      33      0.00
PALACIOS                         63      33      0.00
LEAGUE CITY (NWS)                60      36      0.00


THIS PRODUCT...ALONG WITH OTHER WEATHER...HYDROLOGIC...AND CLIMATE
PRODUCTS...IS AVAILABLE ON THE WEB AT HTTP://WWW.SRH.NOAA.GOV/HGX
OR AT HTTP://WEATHER.GOV

$$
