000
CDUS44 KHGX 232221
CLIHOU

CLIMATE REPORT
NATIONAL WEATHER SERVICE HOUSTON/GALVESTON TX
416 PM CST THU FEB 23 2017


...................................

...THE HOUSTON INTERCONTINENTAL CLIMATE SUMMARY FOR FEBRUARY 23 2017...
VALID TODAY AS OF 400 PM LOCAL TIME.

CLIMATE NORMAL PERIOD 1981 TO 2010
CLIMATE RECORD PERIOD 1892 TO 2017


WEATHER ITEM   OBSERVED TIME   RECORD YEAR NORMAL DEPARTURE LAST
                VALUE   (LST)  VALUE       VALUE  FROM      YEAR
                                                  NORMAL
..................................................................
TEMPERATURE (F)
 TODAY
  MAXIMUM         83    303 PM  88    1996  68     15       73
  MINIMUM         50    532 AM  27    1976  48      2       48
  AVERAGE         67                        58      9       61

PRECIPITATION (IN)
  TODAY            0.00          1.60 1924   0.11  -0.11     1.13
  MONTH TO DATE    2.41                      2.63  -0.22     1.95
  SINCE DEC 1     12.06                      9.75   2.31     9.32
  SINCE JAN 1      8.50                      6.01   2.49     4.11

SNOWFALL (IN)
  TODAY            0.0          MM      MM   0.0    0.0     MM
  MONTH TO DATE    0.0                       0.0    0.0      0.0
  SINCE DEC 1      0.0                       0.1   -0.1      0.0
  SINCE JUL 1      0.0                       0.1   -0.1      0.0
  SNOW DEPTH       0

DEGREE DAYS
 HEATING
  TODAY            0                         8     -8        4
  MONTH TO DATE   59                       226   -167      143
  SINCE DEC 1    530                       965   -435      753
  SINCE JUL 1    588                      1150   -562      866
..................................................................


WIND (MPH)
  RESULTANT WIND SPEED   7   RESULTANT WIND DIRECTION   S (160)
  HIGHEST WIND SPEED    20   HIGHEST WIND DIRECTION    SE (150)
  HIGHEST GUST SPEED    24   HIGHEST GUST DIRECTION    SE (150)
  AVERAGE WIND SPEED     7.5



WEATHER CONDITIONS
 THE FOLLOWING WEATHER WAS RECORDED TODAY.
  FOG


RELATIVE HUMIDITY (PERCENT)
 HIGHEST   100           600 AM
 LOWEST     40           100 PM
 AVERAGE    70

..........................................................


THE HOUSTON INTERCONTINENTAL CLIMATE NORMALS FOR TOMORROW
                         NORMAL    RECORD    YEAR
 MAXIMUM TEMPERATURE (F)   68        87      1927
 MINIMUM TEMPERATURE (F)   48        26      1914
                                             1901


SUNRISE AND SUNSET
FEBRUARY 23 2017......SUNRISE   653 AM CST   SUNSET   616 PM CST
FEBRUARY 24 2017......SUNRISE   652 AM CST   SUNSET   617 PM CST


-  INDICATES NEGATIVE NUMBERS.
R  INDICATES RECORD WAS SET OR TIED.
MM INDICATES DATA IS MISSING.
T  INDICATES TRACE AMOUNT.


&&

...................................

...THE HOUSTON/HOBBY AIRPORT CLIMATE SUMMARY FOR FEBRUARY 23 2017...
VALID TODAY AS OF 400 PM LOCAL TIME.

CLIMATE NORMAL PERIOD 1981 TO 2010
CLIMATE RECORD PERIOD 1930 TO 2017


WEATHER ITEM   OBSERVED TIME   RECORD YEAR NORMAL DEPARTURE LAST
                VALUE   (LST)  VALUE       VALUE  FROM      YEAR
                                                  NORMAL
..................................................................
TEMPERATURE (F)
 TODAY
  MAXIMUM         80    111 PM  86    1996  68     12       76
  MINIMUM         54    708 AM  30    1967  50      4       50
                                      1964
  AVERAGE         67                        59      8       63

PRECIPITATION (IN)
  TODAY            0.00          2.88 1985   0.11  -0.11     1.04
  MONTH TO DATE    2.05                      2.68  -0.63     1.66
  SINCE DEC 1      9.81                     10.58  -0.77     7.66
  SINCE JAN 1      6.12                      6.55  -0.43     4.17

SNOWFALL (IN)
  TODAY            0.0          MM      MM   0.0    0.0      0.0
  MONTH TO DATE    0.0                       0.0    0.0      0.0
  SINCE DEC 1      0.0                       0.0    0.0      0.0
  SINCE JUL 1      0.0                       0.0    0.0      0.0
  SNOW DEPTH       0

DEGREE DAYS
 HEATING
  TODAY            0                         7     -7        2
  MONTH TO DATE   52                       205   -153      113
  SINCE DEC 1    453                       880   -427      624
  SINCE JUL 1    490                      1036   -546      698
..................................................................


WIND (MPH)
  RESULTANT WIND SPEED   7   RESULTANT WIND DIRECTION   S (170)
  HIGHEST WIND SPEED    16   HIGHEST WIND DIRECTION     S (160)
  HIGHEST GUST SPEED    23   HIGHEST GUST DIRECTION     S (170)
  AVERAGE WIND SPEED     6.8



WEATHER CONDITIONS
 THE FOLLOWING WEATHER WAS RECORDED TODAY.
  FOG


RELATIVE HUMIDITY (PERCENT)
 HIGHEST    93           400 AM
 LOWEST     48           300 PM
 AVERAGE    71

..........................................................


THE HOUSTON/HOBBY AIRPORT CLIMATE NORMALS FOR TOMORROW
                         NORMAL    RECORD    YEAR
 MAXIMUM TEMPERATURE (F)   68        83      1972
 MINIMUM TEMPERATURE (F)   50        26      1965


SUNRISE AND SUNSET
FEBRUARY 23 2017......SUNRISE   653 AM CST   SUNSET   616 PM CST
FEBRUARY 24 2017......SUNRISE   652 AM CST   SUNSET   617 PM CST


-  INDICATES NEGATIVE NUMBERS.
R  INDICATES RECORD WAS SET OR TIED.
MM INDICATES DATA IS MISSING.
T  INDICATES TRACE AMOUNT.

...MISCELLANEOUS CLIMATE DATA FOR TODAY...

LOCATION                        HIGH    LOW     PRECIP
PEARLAND                         81      55      0.00
SUGAR LAND                       83      53      0.00
TOMBALL                          85      51      0.00
CONROE                           84      45      0.00
HUNTSVILLE                       84      58      0.00
ANGLETON/LAKE JACKSON            80      56      0.00
PALACIOS                         78      52      0.00
LEAGUE CITY (NWS)                78      57      0.00


THIS PRODUCT...ALONG WITH OTHER WEATHER...HYDROLOGIC...AND CLIMATE
PRODUCTS...IS AVAILABLE ON THE WEB AT HTTP://WWW.SRH.NOAA.GOV/HGX
OR AT HTTP://WEATHER.GOV


$$
