000
CDUS44 KHGX 011431
CLIHOU

CLIMATE REPORT
NATIONAL WEATHER SERVICE HOUSTON/GALVESTON TX
830 AM CST SUN MAR 1 2015


...MORNING CLIMATE DATA...

                            MORNING LOW    PRECIP SINCE MIDNIGHT

HOUSTON INTERCONTINENTAL         52                0.02
GALVESTON SCHOLES FIELD          57                0.02
BRYAN/COLLEGE STATION            39                0.03
HOUSTON HOBBY                    57                0.03

...................................

...THE HOUSTON INTERCONTINENTAL CLIMATE SUMMARY FOR FEBRUARY 28 2015...

CLIMATE NORMAL PERIOD 1981 TO 2010
CLIMATE RECORD PERIOD 1892 TO 2015


WEATHER ITEM   OBSERVED TIME   RECORD YEAR NORMAL DEPARTURE LAST
                VALUE   (LST)  VALUE       VALUE  FROM      YEAR
                                                  NORMAL
..................................................................
TEMPERATURE (F)
 YESTERDAY
  MAXIMUM         57    518 PM  90    1940  69    -12       73
  MINIMUM         37    519 AM  28    2002  49    -12       39
  AVERAGE         47                        59    -12       56

PRECIPITATION (IN)
  YESTERDAY        0.02          1.44 1991   0.12  -0.10     0.02
  MONTH TO DATE    0.66                      3.20  -2.54     2.39
  SINCE DEC 1      9.43                     10.32  -0.89     5.01
  SINCE JAN 1      3.83                      6.58  -2.75     3.35

SNOWFALL (IN)
  YESTERDAY       MM            MM      MM
  MONTH TO DATE    0.0
  SINCE DEC 1      0.0
  SINCE JUL 1      0.0

DEGREE DAYS
 HEATING
  YESTERDAY       18                         7     11        9
  MONTH TO DATE  350                       263     87      315
  SINCE DEC 1   1071                      1003     68     1231
  SINCE JUL 1   1319                      1188    131     1480
..................................................................


WIND (MPH)
  HIGHEST WIND SPEED    15   HIGHEST WIND DIRECTION     E (110)
  HIGHEST GUST SPEED    18   HIGHEST GUST DIRECTION     E (100)


RELATIVE HUMIDITY (PERCENT)
 HIGHEST    89
 LOWEST     54
 AVERAGE    72

..........................................................


THE HOUSTON INTERCONTINENTAL CLIMATE NORMALS FOR TODAY
                         NORMAL    RECORD    YEAR
 MAXIMUM TEMPERATURE (F)   69        84      1975
                                             1904
 MINIMUM TEMPERATURE (F)   50        28      1980


SUNRISE AND SUNSET
MARCH  1 2015.........SUNRISE   647 AM CST   SUNSET   620 PM CST
MARCH  2 2015.........SUNRISE   646 AM CST   SUNSET   621 PM CST


-  INDICATES NEGATIVE NUMBERS.
R  INDICATES RECORD WAS SET OR TIED.
MM INDICATES DATA IS MISSING.
T  INDICATES TRACE AMOUNT.


&&

...................................

...THE HOUSTON/HOBBY AIRPORT CLIMATE SUMMARY FOR FEBRUARY 28 2015...

CLIMATE NORMAL PERIOD 1981 TO 2010
CLIMATE RECORD PERIOD 1930 TO 2015


WEATHER ITEM   OBSERVED TIME   RECORD YEAR NORMAL DEPARTURE LAST
                VALUE   (LST)  VALUE       VALUE  FROM      YEAR
                                                  NORMAL
..................................................................
TEMPERATURE (F)
 YESTERDAY
  MAXIMUM         57   1159 PM  84    1948  69    -12       71
  MINIMUM         41    740 AM  29    1935  51    -10       42
  AVERAGE         49                        60    -11       57

PRECIPITATION (IN)
  YESTERDAY        0.02          1.35 1995   0.11  -0.09     0.00
  MONTH TO DATE    0.75                      3.21  -2.46     2.09
  SINCE DEC 1     10.49                     11.11  -0.62     3.49
  SINCE JAN 1      5.88                      7.08  -1.20     2.62

SNOWFALL (IN)
  YESTERDAY       MM            MM      MM
  MONTH TO DATE    0.0
  SINCE DEC 1      0.0
  SINCE JUL 1      0.0

DEGREE DAYS
 HEATING
  YESTERDAY       16                         6     10        8
  MONTH TO DATE  311                       238     73      288
  SINCE DEC 1    971                       914     57     1110
  SINCE JUL 1   1185                      1070    115     1327
..................................................................


WIND (MPH)
  HIGHEST WIND SPEED    18   HIGHEST WIND DIRECTION     E (90)
  HIGHEST GUST SPEED    24   HIGHEST GUST DIRECTION     E (100)


RELATIVE HUMIDITY (PERCENT)
 HIGHEST    89
 LOWEST     66
 AVERAGE    78

..........................................................


THE HOUSTON/HOBBY AIRPORT CLIMATE NORMALS FOR TODAY
                         NORMAL    RECORD    YEAR
 MAXIMUM TEMPERATURE (F)   69        84      1976
                                             1975
 MINIMUM TEMPERATURE (F)   51        29      1980
                                             1968


SUNRISE AND SUNSET
MARCH  1 2015.........SUNRISE   647 AM CST   SUNSET   620 PM CST
MARCH  2 2015.........SUNRISE   646 AM CST   SUNSET   621 PM CST


-  INDICATES NEGATIVE NUMBERS.
R  INDICATES RECORD WAS SET OR TIED.
MM INDICATES DATA IS MISSING.
T  INDICATES TRACE AMOUNT.

..........................................................

...MISCELLANEOUS CLIMATE DATA FOR YESTERDAY...

LOCATION                        HIGH    LOW     PRECIP

PEARLAND                         58      41       T
SUGAR LAND                       56      41      0.02
TOMBALL                          55      37      0.08
CONROE                           54      36      0.06
HUNTSVILLE                       52      35      0.01
ANGLETON/LAKE JACKSON            56      42       T
PALACIOS                         59      46       T
LEAGUE CITY (NWS)                56      42      0.02


THIS PRODUCT...ALONG WITH OTHER WEATHER...HYDROLOGIC...AND CLIMATE
PRODUCTS...IS AVAILABLE ON THE WEB AT HTTP://WWW.SRH.NOAA.GOV/HGX
OR AT HTTP://WEATHER.GOV

$$
