000
CDUS44 KHGX 241310
CLIHOU

CLIMATE REPORT
NATIONAL WEATHER SERVICE HOUSTON/GALVESTON TX
810 AM CDT WED MAY 24 2017


...MORNING CLIMATE DATA...

                            MORNING LOW    PRECIP SINCE MIDNIGHT
HOUSTON INTERCONTINENTAL         58                0.00
GALVESTON SCHOLES FIELD          63                0.00
BRYAN/COLLEGE STATION            55                0.00
HOUSTON HOBBY                    60                0.00
...................................

...THE HOUSTON INTERCONTINENTAL CLIMATE SUMMARY FOR MAY 23 2017...

CLIMATE NORMAL PERIOD 1981 TO 2010
CLIMATE RECORD PERIOD 1892 TO 2017


WEATHER ITEM   OBSERVED TIME   RECORD YEAR NORMAL DEPARTURE LAST
                VALUE   (LST)  VALUE       VALUE  FROM      YEAR
                                                  NORMAL
..................................................................
TEMPERATURE (F)
 YESTERDAY
  MAXIMUM         88    245 PM  95    1996  88      0       85
                                      1890
  MINIMUM         64   1159 PM  45    1892  69     -5       68
  AVERAGE         76                        79     -3       77

PRECIPITATION (IN)
  YESTERDAY        0.02          3.99 1959   0.16  -0.14     0.00
  MONTH TO DATE    0.85                      3.75  -2.90     2.75
  SINCE MAR 1      8.16                     10.47  -2.31    20.39
  SINCE JAN 1     16.67                     17.05  -0.38    24.50

DEGREE DAYS
 COOLING
  YESTERDAY       11                        14     -3       12
  MONTH TO DATE  248                       255     -7      200
  SINCE MAR 1    617                       498    119      442
  SINCE JAN 1    796                       536    260      479
..................................................................


WIND (MPH)
  HIGHEST WIND SPEED    28   HIGHEST WIND DIRECTION     N (340)
  HIGHEST GUST SPEED    35   HIGHEST GUST DIRECTION    NW (330)




RELATIVE HUMIDITY (PERCENT)
 HIGHEST    87
 LOWEST     43
 AVERAGE    65

..........................................................


THE HOUSTON INTERCONTINENTAL CLIMATE NORMALS FOR TODAY
                         NORMAL    RECORD    YEAR
 MAXIMUM TEMPERATURE (F)   88        95      1955
 MINIMUM TEMPERATURE (F)   70        54      1892


SUNRISE AND SUNSET
MAY 24 2017...........SUNRISE   623 AM CDT   SUNSET   814 PM CDT
MAY 25 2017...........SUNRISE   623 AM CDT   SUNSET   814 PM CDT


-  INDICATES NEGATIVE NUMBERS.
R  INDICATES RECORD WAS SET OR TIED.
MM INDICATES DATA IS MISSING.
T  INDICATES TRACE AMOUNT.



&&
...................................

...THE HOUSTON/HOBBY AIRPORT CLIMATE SUMMARY FOR MAY 23 2017...

CLIMATE NORMAL PERIOD 1981 TO 2010
CLIMATE RECORD PERIOD 1930 TO 2017


WEATHER ITEM   OBSERVED TIME   RECORD YEAR NORMAL DEPARTURE LAST
                VALUE   (LST)  VALUE       VALUE  FROM      YEAR
                                                  NORMAL
..................................................................
TEMPERATURE (F)
 YESTERDAY
  MAXIMUM         88    311 PM  93    2008  87      1       86
                                      2005
                                      1961
  MINIMUM         65   1159 PM  55    1967  70     -5       72
  AVERAGE         77                        79     -2       79

PRECIPITATION (IN)
  YESTERDAY        0.15          3.58 1959   0.16  -0.01     0.00
  MONTH TO DATE    1.72                      3.34  -1.62     4.90
  SINCE MAR 1     12.85                      9.79   3.06    17.99
  SINCE JAN 1     18.97                     16.87   2.10    22.16

DEGREE DAYS
 COOLING
  YESTERDAY       12                        14     -2       14
  MONTH TO DATE  249                       258     -9      259
  SINCE MAR 1    638                       500    138      610
  SINCE JAN 1    825                       538    287      648
..................................................................


WIND (MPH)
  HIGHEST WIND SPEED    23   HIGHEST WIND DIRECTION     N (340)
  HIGHEST GUST SPEED    30   HIGHEST GUST DIRECTION     N (340)




RELATIVE HUMIDITY (PERCENT)
 HIGHEST    87
 LOWEST     44
 AVERAGE    66

..........................................................


THE HOUSTON/HOBBY AIRPORT CLIMATE NORMALS FOR TODAY
                         NORMAL    RECORD    YEAR
 MAXIMUM TEMPERATURE (F)   87        95      1955
 MINIMUM TEMPERATURE (F)   71        57      1940


SUNRISE AND SUNSET
MAY 24 2017...........SUNRISE   624 AM CDT   SUNSET   813 PM CDT
MAY 25 2017...........SUNRISE   623 AM CDT   SUNSET   813 PM CDT


-  INDICATES NEGATIVE NUMBERS.
R  INDICATES RECORD WAS SET OR TIED.
MM INDICATES DATA IS MISSING.
T  INDICATES TRACE AMOUNT.

...MISCELLANEOUS CLIMATE DATA FOR YESTERDAY...

LOCATION                        HIGH    LOW     PRECIP
PEARLAND                         89      67      1.58
SUGAR LAND                       89      63      0.50
TOMBALL                          86      62      0.07
CONROE                           84      60      0.15
HUNTSVILLE                       83      60      0.15
ANGLETON/LAKE JACKSON            88      66      0.15
PALACIOS                         86      63      0.00
LEAGUE CITY (NWS)                85      63      1.24


THIS PRODUCT...ALONG WITH OTHER WEATHER...HYDROLOGIC...AND CLIMATE
PRODUCTS...IS AVAILABLE ON THE WEB AT HTTP://WWW.WEATHER.GOV/HGX

$$
