086
CDUS44 KHGX 171302
CLIHOU

CLIMATE REPORT
NATIONAL WEATHER SERVICE HOUSTON/GALVESTON TX
801 AM CDT TUE OCT 17 2017

...MORNING CLIMATE DATA...

                            MORNING LOW    PRECIP SINCE MIDNIGHT
HOUSTON INTERCONTINENTAL         52                0.00
GALVESTON SCHOLES FIELD          61                0.00
BRYAN/COLLEGE STATION            52                0.00
HOUSTON HOBBY                    57                0.00
...................................

...THE HOUSTON INTERCONTINENTAL CLIMATE SUMMARY FOR OCTOBER 16 2017...

CLIMATE NORMAL PERIOD 1981 TO 2010
CLIMATE RECORD PERIOD 1892 TO 2017


WEATHER ITEM   OBSERVED TIME   RECORD YEAR NORMAL DEPARTURE LAST
                VALUE   (LST)  VALUE       VALUE  FROM      YEAR
                                                  NORMAL
..................................................................
TEMPERATURE (F)
 YESTERDAY
  MAXIMUM         78    249 PM  92    1989  82     -4       91
                                      1962
                                      1933
  MINIMUM         56   1159 PM  41    1893  61     -5       69
  AVERAGE         67                        72     -5       80

PRECIPITATION (IN)
  YESTERDAY        0.00          5.17 2006   0.21  -0.21     0.00
  MONTH TO DATE    2.13                      2.81  -0.68     0.14
  SINCE SEP 1      3.36                      6.93  -3.57     1.84
  SINCE JAN 1     74.18                     38.80  35.38    55.41

SNOWFALL (IN)
  YESTERDAY        0.0           0.0  2002
                                      2001
  MONTH TO DATE    0.0
  SINCE SEP 1      0.0
  SINCE JUL 1      0.0

DEGREE DAYS
 HEATING
  YESTERDAY        0                         1     -1        0
  MONTH TO DATE    0                         5     -5        0
  SINCE SEP 1      0                         6     -6        0
  SINCE JUL 1      0                         6     -6        0

 COOLING
  YESTERDAY        2                         7     -5       15
  MONTH TO DATE  216                       141     75      194
  SINCE SEP 1    667                       584     83      730
  SINCE JAN 1   3319                      2966    353     3138
..................................................................


WIND (MPH)
  HIGHEST WIND SPEED    23   HIGHEST WIND DIRECTION     N (10)
  HIGHEST GUST SPEED    30   HIGHEST GUST DIRECTION    NE (40)




RELATIVE HUMIDITY (PERCENT)
 HIGHEST    72
 LOWEST     31
 AVERAGE    52

..........................................................


THE HOUSTON INTERCONTINENTAL CLIMATE NORMALS FOR TODAY
                         NORMAL    RECORD    YEAR
 MAXIMUM TEMPERATURE (F)   82        93      1895
 MINIMUM TEMPERATURE (F)   61        40      1977


SUNRISE AND SUNSET
OCTOBER 17 2017.......SUNRISE   725 AM CDT   SUNSET   648 PM CDT
OCTOBER 18 2017.......SUNRISE   725 AM CDT   SUNSET   647 PM CDT


-  INDICATES NEGATIVE NUMBERS.
R  INDICATES RECORD WAS SET OR TIED.
MM INDICATES DATA IS MISSING.
T  INDICATES TRACE AMOUNT.


&&

...................................

...THE HOUSTON/HOBBY AIRPORT CLIMATE SUMMARY FOR OCTOBER 16 2017...

CLIMATE NORMAL PERIOD 1981 TO 2010
CLIMATE RECORD PERIOD 1930 TO 2017


WEATHER ITEM   OBSERVED TIME   RECORD YEAR NORMAL DEPARTURE LAST
                VALUE   (LST)  VALUE       VALUE  FROM      YEAR
                                                  NORMAL
..................................................................
TEMPERATURE (F)
 YESTERDAY
  MAXIMUM         79    318 PM  94    1933  81     -2       91
  MINIMUM         64   1155 PM  45    1961  63      1       73
  AVERAGE         72                        72      0       82

PRECIPITATION (IN)
  YESTERDAY        0.00          6.96 2006   0.20  -0.20     0.00
  MONTH TO DATE    0.86                      2.91  -2.05     0.88
  SINCE SEP 1      4.61                      8.12  -3.51     3.19
  SINCE JAN 1     71.73                     43.22  28.51    50.50

SNOWFALL (IN)
  YESTERDAY        0.0          MM      MM
  MONTH TO DATE    0.0
  SINCE SEP 1      0.0
  SINCE JUL 1      0.0

DEGREE DAYS
 HEATING
  YESTERDAY        0                         1     -1        0
  MONTH TO DATE    0                         1     -1        0
  SINCE SEP 1      0                         1     -1        0
  SINCE JUL 1      0                         1     -1        0

 COOLING
  YESTERDAY        7                         8     -1       17
  MONTH TO DATE  262                       152    110      220
  SINCE SEP 1    783                       604    179      778
  SINCE JAN 1   3582                      2945    637     3409
..................................................................


WIND (MPH)
  HIGHEST WIND SPEED    25   HIGHEST WIND DIRECTION    NE (30)
  HIGHEST GUST SPEED    35   HIGHEST GUST DIRECTION     N (10)




RELATIVE HUMIDITY (PERCENT)
 HIGHEST    56
 LOWEST     31
 AVERAGE    44

..........................................................


THE HOUSTON/HOBBY AIRPORT CLIMATE NORMALS FOR TODAY
                         NORMAL    RECORD    YEAR
 MAXIMUM TEMPERATURE (F)   81        92      2016
 MINIMUM TEMPERATURE (F)   63        45      1967


SUNRISE AND SUNSET
OCTOBER 17 2017.......SUNRISE   724 AM CDT   SUNSET   648 PM CDT
OCTOBER 18 2017.......SUNRISE   725 AM CDT   SUNSET   647 PM CDT


-  INDICATES NEGATIVE NUMBERS.
R  INDICATES RECORD WAS SET OR TIED.
MM INDICATES DATA IS MISSING.
T  INDICATES TRACE AMOUNT.


...MISCELLANEOUS CLIMATE DATA FOR YESTERDAY...

LOCATION                        HIGH    LOW     PRECIP
PEARLAND                         80      62      0.00
SUGAR LAND                       79      60      0.00
TOMBALL                          77      55      0.00
CONROE                           77      47      0.00
HUNTSVILLE                       77      49      0.00
ANGLETON/LAKE JACKSON            81      56      0.00
PALACIOS                         80      51      0.00
LEAGUE CITY (NWS)                79      65      0.00


THIS PRODUCT...ALONG WITH OTHER WEATHER...HYDROLOGIC...AND CLIMATE
PRODUCTS...IS AVAILABLE ON THE WEB AT HTTP://WWW.WEATHER.GOV/HGX

$$
