000
CDUS44 KHGX 271329
CLIHOU

CLIMATE REPORT
NATIONAL WEATHER SERVICE HOUSTON/GALVESTON TX
825 AM CDT FRI MAR 27 2015


...MORNING CLIMATE DATA...

                            MORNING LOW    PRECIP SINCE MIDNIGHT
HOUSTON INTERCONTINENTAL         44                0.00
GALVESTON SCHOLES FIELD          55                0.00
BRYAN/COLLEGE STATION            43                0.00
HOUSTON HOBBY                    46                0.00

...................................

...THE HOUSTON INTERCONTINENTAL CLIMATE SUMMARY FOR MARCH 26 2015...

CLIMATE NORMAL PERIOD 1981 TO 2010
CLIMATE RECORD PERIOD 1892 TO 2015


WEATHER ITEM   OBSERVED TIME   RECORD YEAR NORMAL DEPARTURE LAST
                VALUE   (LST)  VALUE       VALUE  FROM      YEAR
                                                  NORMAL
..................................................................
TEMPERATURE (F)
 YESTERDAY
  MAXIMUM         69    405 PM  94    1928  75     -6       64
  MINIMUM         54   1159 PM  30    1955  55     -1       46
  AVERAGE         62                        65     -3       55

PRECIPITATION (IN)
  YESTERDAY        0.09          2.23 1951   0.12  -0.03     0.15
  MONTH TO DATE    6.34                      2.88   3.46     2.41
  SINCE MAR 1      6.34                      2.88   3.46     2.41
  SINCE JAN 1     10.17                      9.46   0.71     5.76

SNOWFALL (IN)
  YESTERDAY        0.0          MM      MM
  MONTH TO DATE    0.0
  SINCE MAR 1      0.0
  SINCE JUL 1      0.0

DEGREE DAYS
 HEATING
  YESTERDAY        3                         3      0       10
  MONTH TO DATE  136                       128      8      208
  SINCE MAR 1    136                       128      8      208
  SINCE JUL 1   1455                      1316    139     1688

 COOLING
  YESTERDAY        0                         3     -3        0
  MONTH TO DATE   47                        55     -8       21
  SINCE MAR 1     47                        55     -8       21
  SINCE JAN 1     57                        93    -36       55
..................................................................


WIND (MPH)
  HIGHEST WIND SPEED    28   HIGHEST WIND DIRECTION    NW (330)
  HIGHEST GUST SPEED    37   HIGHEST GUST DIRECTION     N (340)




RELATIVE HUMIDITY (PERCENT)
 HIGHEST   100
 LOWEST     51
 AVERAGE    76

..........................................................


THE HOUSTON INTERCONTINENTAL CLIMATE NORMALS FOR TODAY
                         NORMAL    RECORD    YEAR
 MAXIMUM TEMPERATURE (F)   76        89      1935
 MINIMUM TEMPERATURE (F)   55        31      1955


SUNRISE AND SUNSET
MARCH 27 2015.........SUNRISE   717 AM CDT   SUNSET   737 PM CDT
MARCH 28 2015.........SUNRISE   716 AM CDT   SUNSET   738 PM CDT


-  INDICATES NEGATIVE NUMBERS.
R  INDICATES RECORD WAS SET OR TIED.
MM INDICATES DATA IS MISSING.
T  INDICATES TRACE AMOUNT.


&&

...................................

...THE HOUSTON/HOBBY AIRPORT CLIMATE SUMMARY FOR MARCH 26 2015...

CLIMATE NORMAL PERIOD 1981 TO 2010
CLIMATE RECORD PERIOD 1930 TO 2015


WEATHER ITEM   OBSERVED TIME   RECORD YEAR NORMAL DEPARTURE LAST
                VALUE   (LST)  VALUE       VALUE  FROM      YEAR
                                                  NORMAL
..................................................................
TEMPERATURE (F)
 YESTERDAY
  MAXIMUM         69    324 PM  88    1939  75     -6       67
  MINIMUM         58   1159 PM  31    1955  56      2       52
  AVERAGE         64                        65     -1       60

PRECIPITATION (IN)
  YESTERDAY        0.04          3.45 1951   0.11  -0.07     0.26
  MONTH TO DATE    6.25                      2.69   3.56     2.49
  SINCE MAR 1      6.25                      2.69   3.56     2.49
  SINCE JAN 1     12.13                      9.77   2.36     5.11

SNOWFALL (IN)
  YESTERDAY        0.0          MM      MM
  MONTH TO DATE    0.0
  SINCE MAR 1      0.0
  SINCE JUL 1      0.0

DEGREE DAYS
 HEATING
  YESTERDAY        1                         3     -2        5
  MONTH TO DATE  113                       111      2      185
  SINCE MAR 1    113                       111      2      185
  SINCE JUL 1   1298                      1181    117     1512

 COOLING
  YESTERDAY        0                         3     -3        0
  MONTH TO DATE   55                        54      1       24
  SINCE MAR 1     55                        54      1       24
  SINCE JAN 1     65                        92    -27       63
..................................................................


WIND (MPH)
  HIGHEST WIND SPEED    29   HIGHEST WIND DIRECTION     N (350)
  HIGHEST GUST SPEED    36   HIGHEST GUST DIRECTION     N (350)




RELATIVE HUMIDITY (PERCENT)
 HIGHEST   100
 LOWEST     56
 AVERAGE    78

..........................................................


THE HOUSTON/HOBBY AIRPORT CLIMATE NORMALS FOR TODAY
                         NORMAL    RECORD    YEAR
 MAXIMUM TEMPERATURE (F)   75        88      1935
 MINIMUM TEMPERATURE (F)   56        31      1955


SUNRISE AND SUNSET
MARCH 27 2015.........SUNRISE   717 AM CDT   SUNSET   737 PM CDT
MARCH 28 2015.........SUNRISE   716 AM CDT   SUNSET   737 PM CDT


-  INDICATES NEGATIVE NUMBERS.
R  INDICATES RECORD WAS SET OR TIED.
MM INDICATES DATA IS MISSING.
T  INDICATES TRACE AMOUNT.

...........................................................

...MISCELLANEOUS CLIMATE DATA FOR YESTERDAY...

LOCATION                        HIGH    LOW     PRECIP
PEARLAND                         70      59      0.13
SUGAR LAND                       68      54      0.03
TOMBALL                          69      54      0.01
CONROE                           65      48      0.05
HUNTSVILLE                       65      50      0.04
ANGLETON/LAKE JACKSON            68      56      0.16
PALACIOS                         73      56      0.14
LEAGUE CITY (NWS)                68      56      0.09


THIS PRODUCT...ALONG WITH OTHER WEATHER...HYDROLOGIC...AND CLIMATE
PRODUCTS...IS AVAILABLE ON THE WEB AT HTTP://WWW.SRH.NOAA.GOV/HGX
OR AT HTTP://WEATHER.GOV

$$
