000
CDUS46 KSEW 230828
CLIHQM


CLIMATE REPORT
NATIONAL WEATHER SERVICE SEATTLE WA
128 AM PDT THU MAR 23 2017


...................................

...THE HOQUIAM WA AIRPORT CLIMATE SUMMARY FOR MARCH 22 2017...

CLIMATE NORMAL PERIOD 1981 TO 2010
CLIMATE RECORD PERIOD 1953 TO 2017


WEATHER ITEM   OBSERVED TIME   RECORD YEAR NORMAL DEPARTURE LAST
                VALUE   (LST)  VALUE       VALUE  FROM      YEAR
                                                  NORMAL
..................................................................
TEMPERATURE (F)
 YESTERDAY
  MAXIMUM         50    409 AM  68    1979  53     -3       54
  MINIMUM         43   1159 PM  30    1970  40      3       43
  AVERAGE         47                        47      0       49

PRECIPITATION (IN)
  YESTERDAY        0.43          2.18 1993   0.23   0.20     0.04
  MONTH TO DATE   11.94                      5.01   6.93    11.70
  SINCE OCT 1     66.27                     50.21  16.06    67.64
  SINCE JAN 1     24.73                     22.55   2.18    34.22

DEGREE DAYS
 HEATING
  YESTERDAY       18                        18      0       16
  MONTH TO DATE  441                       425     16      377
  SINCE MAR 1    441                       425     16      377

 COOLING
  YESTERDAY        0                         0      0        0
  MONTH TO DATE    0                         0      0        0
  SINCE MAR 1      0                         0      0        0
  SINCE JAN 1      0                         0      0        0
..................................................................


WIND (MPH)
  RESULTANT WIND SPEED  10   RESULTANT WIND DIRECTION   S (190)
  HIGHEST WIND SPEED    28   HIGHEST WIND DIRECTION    SW (230)
  HIGHEST GUST SPEED    34   HIGHEST GUST DIRECTION    SE (150)
  AVERAGE WIND SPEED    15.1


SKY COVER
  AVERAGE SKY COVER 0.9


WEATHER CONDITIONS
 THE FOLLOWING WEATHER WAS RECORDED YESTERDAY.
  RAIN
  LIGHT RAIN
  FOG


RELATIVE HUMIDITY (PERCENT)
 HIGHEST   100           300 AM
 LOWEST     76           600 PM
 AVERAGE    88

..........................................................


THE HOQUIAM WA AIRPORT CLIMATE NORMALS FOR TODAY
                         NORMAL    RECORD    YEAR
 MAXIMUM TEMPERATURE (F)   53        67      1979
 MINIMUM TEMPERATURE (F)   40        30      1954


SUNRISE AND SUNSET
MARCH 23 2017.........SUNRISE   712 AM PDT   SUNSET   733 PM PDT
MARCH 24 2017.........SUNRISE   710 AM PDT   SUNSET   735 PM PDT


-  INDICATES NEGATIVE NUMBERS.
R  INDICATES RECORD WAS SET OR TIED.
MM INDICATES DATA IS MISSING.
T  INDICATES TRACE AMOUNT.




$$
