000
CDUS46 KSEW 170833
CLIHQM


CLIMATE REPORT
NATIONAL WEATHER SERVICE SEATTLE WA
1232 AM PST SUN DEC 17 2017


...................................

...THE HOQUIAM WA AIRPORT CLIMATE SUMMARY FOR DECEMBER 16 2017...

CLIMATE NORMAL PERIOD 1981 TO 2010
CLIMATE RECORD PERIOD 1953 TO 2017


WEATHER ITEM   OBSERVED TIME   RECORD YEAR NORMAL DEPARTURE LAST
                VALUE   (LST)  VALUE       VALUE  FROM      YEAR
                                                  NORMAL
..................................................................
TEMPERATURE (F)
 YESTERDAY
  MAXIMUM         47    133 PM  56    1976  46      1       38
  MINIMUM         42    741 AM  16    1964  37      5       26
  AVERAGE         45                        41      4       32

PRECIPITATION (IN)
  YESTERDAY        0.12          2.76 2001   0.31  -0.19     0.00
  MONTH TO DATE    1.75                      5.18  -3.43     4.43
  SINCE OCT 1     25.52                     22.88   2.64    36.20
  SINCE JAN 1     71.02                     62.77   8.25    81.11

DEGREE DAYS
 HEATING
  YESTERDAY       20                        24     -4       33
  MONTH TO DATE  364                       371     -7      412
  SINCE DEC 1    364                       371     -7      412

 COOLING
  YESTERDAY        0                         0      0        0
  MONTH TO DATE    0                         0      0        0
  SINCE DEC 1      0                         0      0        0
  SINCE JAN 1     77                        23     54       50
..................................................................


WIND (MPH)
  RESULTANT WIND SPEED   1   RESULTANT WIND DIRECTION  SW (230)
  HIGHEST WIND SPEED    13   HIGHEST WIND DIRECTION     W (270)
  HIGHEST GUST SPEED    17   HIGHEST GUST DIRECTION     W (260)
  AVERAGE WIND SPEED     4.2


SKY COVER
  AVERAGE SKY COVER 0.8


WEATHER CONDITIONS
 THE FOLLOWING WEATHER WAS RECORDED YESTERDAY.
  LIGHT RAIN
  FOG


RELATIVE HUMIDITY (PERCENT)
 HIGHEST   100           700 AM
 LOWEST     83          1200 AM
 AVERAGE    92

..........................................................


THE HOQUIAM WA AIRPORT CLIMATE NORMALS FOR TODAY
                         NORMAL    RECORD    YEAR
 MAXIMUM TEMPERATURE (F)   46        55      1976
                                             1973
 MINIMUM TEMPERATURE (F)   37        16      1964


SUNRISE AND SUNSET
DECEMBER 17 2017......SUNRISE   756 AM PST   SUNSET   428 PM PST
DECEMBER 18 2017......SUNRISE   757 AM PST   SUNSET   428 PM PST


-  INDICATES NEGATIVE NUMBERS.
R  INDICATES RECORD WAS SET OR TIED.
MM INDICATES DATA IS MISSING.
T  INDICATES TRACE AMOUNT.




$$
