000
CDUS46 KSEW 030828
CLIHQM


CLIMATE REPORT
NATIONAL WEATHER SERVICE SEATTLE WA
1228 AM PST TUE MAR 3 2015


...................................

...THE HOQUIAM WA AIRPORT CLIMATE SUMMARY FOR MARCH 2 2015...

CLIMATE NORMAL PERIOD 1981 TO 2010
CLIMATE RECORD PERIOD 1953 TO 2015


WEATHER ITEM   OBSERVED TIME   RECORD YEAR NORMAL DEPARTURE LAST
                VALUE   (LST)  VALUE       VALUE  FROM      YEAR
                                                  NORMAL
..................................................................
TEMPERATURE (F)
 YESTERDAY
  MAXIMUM         53    210 PM  65    1990  51      2       50
  MINIMUM         37   1159 PM  27    1970  38     -1       44
  AVERAGE         45                        45      0       47

PRECIPITATION (IN)
  YESTERDAY        T             1.35 2014   0.24  -0.24     1.35
  MONTH TO DATE    0.07                      0.48  -0.41     1.35
  SINCE OCT 1     47.36                     45.68   1.68    27.98
  SINCE JAN 1     15.94                     18.02  -2.08    15.87

DEGREE DAYS
 HEATING
  YESTERDAY       20                        20      0       18
  MONTH TO DATE   43                        40      3       40
  SINCE MAR 1     43                        40      3       40

 COOLING
  YESTERDAY        0                         0      0        0
  MONTH TO DATE    0                         0      0        0
  SINCE MAR 1      0                         0      0        0
  SINCE JAN 1      0                         0      0        0
..................................................................


WIND (MPH)
  RESULTANT WIND SPEED   1   RESULTANT WIND DIRECTION   N (350)
  HIGHEST WIND SPEED    16   HIGHEST WIND DIRECTION     W (270)
  HIGHEST GUST SPEED    20   HIGHEST GUST DIRECTION     W (260)
  AVERAGE WIND SPEED     6.4


SKY COVER
  AVERAGE SKY COVER 0.3


WEATHER CONDITIONS
 THE FOLLOWING WEATHER WAS RECORDED YESTERDAY.
  FOG


RELATIVE HUMIDITY (PERCENT)
 HIGHEST   100           100 AM
 LOWEST     59           200 PM
 AVERAGE    80

..........................................................


THE HOQUIAM WA AIRPORT CLIMATE NORMALS FOR TODAY
                         NORMAL    RECORD    YEAR
 MAXIMUM TEMPERATURE (F)   51        67      1965
 MINIMUM TEMPERATURE (F)   38        25      1989


SUNRISE AND SUNSET
MARCH  3 2015.........SUNRISE   652 AM PST   SUNSET   604 PM PST
MARCH  4 2015.........SUNRISE   650 AM PST   SUNSET   605 PM PST


-  INDICATES NEGATIVE NUMBERS.
R  INDICATES RECORD WAS SET OR TIED.
MM INDICATES DATA IS MISSING.
T  INDICATES TRACE AMOUNT.




$$
