000
CDUS46 KSEW 180826
CLIHQM


CLIMATE REPORT
NATIONAL WEATHER SERVICE SEATTLE WA
126 AM PDT THU SEP 18 2014


...................................

...THE HOQUIAM WA AIRPORT CLIMATE SUMMARY FOR SEPTEMBER 17 2014...

CLIMATE NORMAL PERIOD 1981 TO 2010
CLIMATE RECORD PERIOD 1953 TO 2014


WEATHER ITEM   OBSERVED TIME   RECORD YEAR NORMAL DEPARTURE LAST
                VALUE   (LST)  VALUE       VALUE  FROM      YEAR
                                                  NORMAL
..................................................................
TEMPERATURE (F)
 YESTERDAY
  MAXIMUM         67   1255 PM  84    2012  67      0       66
                                      1991
  MINIMUM         56    623 AM  39    1965  51      5       52
  AVERAGE         62                        59      3       59

PRECIPITATION (IN)
  YESTERDAY        0.27          1.37 1969   0.07   0.20     0.14
  MONTH TO DATE    0.51                      1.13  -0.62     0.50
  SINCE OCT 1     56.27                     66.40 -10.13    48.45
  SINCE JAN 1     44.16                     38.74   5.42    34.84

DEGREE DAYS
 HEATING
  YESTERDAY        3                         6     -3        6
  MONTH TO DATE   40                        90    -50       37
  SINCE SEP 1     40                        90    -50       37

 COOLING
  YESTERDAY        0                         0      0        0
  MONTH TO DATE   15                         0     15        7
  SINCE SEP 1     15                         0     15        7
  SINCE JAN 1     45                        16     29       20
..................................................................


WIND (MPH)
  RESULTANT WIND SPEED   0   RESULTANT WIND DIRECTION  SE (140)
  HIGHEST WIND SPEED    13   HIGHEST WIND DIRECTION     W (260)
  HIGHEST GUST SPEED    15   HIGHEST GUST DIRECTION     W (250)
  AVERAGE WIND SPEED     4.0


SKY COVER
  AVERAGE SKY COVER 0.6


WEATHER CONDITIONS
 THE FOLLOWING WEATHER WAS RECORDED YESTERDAY.
  RAIN
  LIGHT RAIN
  FOG


RELATIVE HUMIDITY (PERCENT)
 HIGHEST   100           600 AM
 LOWEST     78           300 PM
 AVERAGE    89

..........................................................


THE HOQUIAM WA AIRPORT CLIMATE NORMALS FOR TODAY
                         NORMAL    RECORD    YEAR
 MAXIMUM TEMPERATURE (F)   67        81      1991
 MINIMUM TEMPERATURE (F)   51        39      1978


SUNRISE AND SUNSET
SEPTEMBER 18 2014.....SUNRISE   657 AM PDT   SUNSET   721 PM PDT
SEPTEMBER 19 2014.....SUNRISE   659 AM PDT   SUNSET   719 PM PDT


-  INDICATES NEGATIVE NUMBERS.
R  INDICATES RECORD WAS SET OR TIED.
MM INDICATES DATA IS MISSING.
T  INDICATES TRACE AMOUNT.




$$
