000
CDUS46 KSEW 210828
CLIHQM


CLIMATE REPORT
NATIONAL WEATHER SERVICE SEATTLE WA
128 AM PDT MON AUG 21 2017


...................................

...THE HOQUIAM WA AIRPORT CLIMATE SUMMARY FOR AUGUST 20 2017...

CLIMATE NORMAL PERIOD 1981 TO 2010
CLIMATE RECORD PERIOD 1953 TO 2017


WEATHER ITEM   OBSERVED TIME   RECORD YEAR NORMAL DEPARTURE LAST
                VALUE   (LST)  VALUE       VALUE  FROM      YEAR
                                                  NORMAL
..................................................................
TEMPERATURE (F)
 YESTERDAY
  MAXIMUM         72    330 PM  90    1966  68      4       71
  MINIMUM         50    545 AM  47    1973  54     -4       54
                                      1960
  AVERAGE         61                        61      0       63

PRECIPITATION (IN)
  YESTERDAY        0.00          0.30 2008   0.05  -0.05     0.00
  MONTH TO DATE    0.26                      0.70  -0.44     0.19
  SINCE OCT 1     84.41                     64.66  19.75    74.68
  SINCE JAN 1     42.87                     37.00   5.87    41.26

DEGREE DAYS
 HEATING
  YESTERDAY        4                         4      0        2
  MONTH TO DATE   70                        80    -10       68
  SINCE JUN 1    416                       490    -74      399

 COOLING
  YESTERDAY        0                         0      0        0
  MONTH TO DATE   19                         0     19       20
  SINCE JUN 1     33                         8     25       33
  SINCE JAN 1     33                         9     24       38
..................................................................


WIND (MPH)
  RESULTANT WIND SPEED   5   RESULTANT WIND DIRECTION   W (260)
  HIGHEST WIND SPEED    20   HIGHEST WIND DIRECTION     W (280)
  HIGHEST GUST SPEED    26   HIGHEST GUST DIRECTION     W (290)
  AVERAGE WIND SPEED     5.7


SKY COVER
  AVERAGE SKY COVER 0.0


WEATHER CONDITIONS
 THE FOLLOWING WEATHER WAS RECORDED YESTERDAY.
  FOG
  HAZE


RELATIVE HUMIDITY (PERCENT)
 HIGHEST    93           700 AM
 LOWEST     66           400 PM
 AVERAGE    80

..........................................................


THE HOQUIAM WA AIRPORT CLIMATE NORMALS FOR TODAY
                         NORMAL    RECORD    YEAR
 MAXIMUM TEMPERATURE (F)   68        79      2013
 MINIMUM TEMPERATURE (F)   54        42      1973


SUNRISE AND SUNSET
AUGUST 21 2017........SUNRISE   621 AM PDT   SUNSET   815 PM PDT
AUGUST 22 2017........SUNRISE   623 AM PDT   SUNSET   813 PM PDT


-  INDICATES NEGATIVE NUMBERS.
R  INDICATES RECORD WAS SET OR TIED.
MM INDICATES DATA IS MISSING.
T  INDICATES TRACE AMOUNT.




$$
