000
CDUS46 KSEW 200838
CLIHQM


CLIMATE REPORT
NATIONAL WEATHER SERVICE SEATTLE WA
1238 AM PST FRI JAN 20 2017


...................................

...THE HOQUIAM WA AIRPORT CLIMATE SUMMARY FOR JANUARY 19 2017...

CLIMATE NORMAL PERIOD 1981 TO 2010
CLIMATE RECORD PERIOD 1953 TO 2017


WEATHER ITEM   OBSERVED TIME   RECORD YEAR NORMAL DEPARTURE LAST
                VALUE   (LST)  VALUE       VALUE  FROM      YEAR
                                                  NORMAL
..................................................................
TEMPERATURE (F)
 YESTERDAY
  MAXIMUM         48   1006 AM  58    2005  48      0       45
                                      1961
  MINIMUM         45   1157 PM  24    1962  38      7       39
                                      1954
  AVERAGE         47                        43      4       42

PRECIPITATION (IN)
  YESTERDAY        1.12          1.84 1967   0.34   0.78     0.36
  MONTH TO DATE    4.79                      6.68  -1.89     4.46
  SINCE OCT 1     46.33                     34.34  11.99    37.88
  SINCE JAN 1      4.79                      6.68  -1.89     4.46

DEGREE DAYS
 HEATING
  YESTERDAY       18                        22     -4       23
  MONTH TO DATE  527                       429     98      428
  SINCE DEC 1   1335                      1156    179     1094

 COOLING
  YESTERDAY        0                         0      0        0
  MONTH TO DATE    0                         0      0        0
  SINCE DEC 1      0                         0      0        0
  SINCE JAN 1      0                         0      0        0
..................................................................


WIND (MPH)
  RESULTANT WIND SPEED  12   RESULTANT WIND DIRECTION   S (170)
  HIGHEST WIND SPEED    29   HIGHEST WIND DIRECTION     S (160)
  HIGHEST GUST SPEED    33   HIGHEST GUST DIRECTION     S (160)
  AVERAGE WIND SPEED    13.3


SKY COVER
  AVERAGE SKY COVER 0.8


WEATHER CONDITIONS
 THE FOLLOWING WEATHER WAS RECORDED YESTERDAY.
  RAIN
  LIGHT RAIN
  FOG


RELATIVE HUMIDITY (PERCENT)
 HIGHEST   100           600 AM
 LOWEST     92          1000 PM
 AVERAGE    96

..........................................................


THE HOQUIAM WA AIRPORT CLIMATE NORMALS FOR TODAY
                         NORMAL    RECORD    YEAR
 MAXIMUM TEMPERATURE (F)   48        63      1961
 MINIMUM TEMPERATURE (F)   38        21      1962


SUNRISE AND SUNSET
JANUARY 20 2017.......SUNRISE   753 AM PST   SUNSET   501 PM PST
JANUARY 21 2017.......SUNRISE   752 AM PST   SUNSET   503 PM PST


-  INDICATES NEGATIVE NUMBERS.
R  INDICATES RECORD WAS SET OR TIED.
MM INDICATES DATA IS MISSING.
T  INDICATES TRACE AMOUNT.




$$
