000
CDUS46 KSEW 260117
CLIHQM


CLIMATE REPORT
NATIONAL WEATHER SERVICE SEATTLE WA
617 PM PDT THU AUG 25 2016


...................................

...THE HOQUIAM WA AIRPORT CLIMATE SUMMARY FOR AUGUST 25 2016...
VALID TODAY AS OF 0600 PM LOCAL TIME.

CLIMATE NORMAL PERIOD 1981 TO 2010
CLIMATE RECORD PERIOD 1953 TO 2016


WEATHER ITEM   OBSERVED TIME   RECORD YEAR NORMAL DEPARTURE LAST
                VALUE   (LST)  VALUE       VALUE  FROM      YEAR
                                                  NORMAL
..................................................................
TEMPERATURE (F)
 TODAY
  MAXIMUM         86R   242 PM  85    1967  68     18       74
  MINIMUM         55    539 AM  45    1992  53      2       47
                                      1957
  AVERAGE         71                        61     10       61

PRECIPITATION (IN)
  TODAY            0.00          1.24 1977   0.05  -0.05     0.00
  MONTH TO DATE    0.19                      0.94  -0.75     0.05
  SINCE OCT 1     74.68                     64.90   9.78    58.34
  SINCE JAN 1     41.26                     37.24   4.02    26.92

DEGREE DAYS
 HEATING
  TODAY            0                         4     -4        4
  MONTH TO DATE   83                       100    -17       45
  SINCE JUN 1    414                       510    -96      248

 COOLING
  TODAY            6                         0      6        0
  MONTH TO DATE   26                         0     26       12
  SINCE JUN 1     39                         8     31       31
  SINCE JAN 1     44                         9     35       31
..................................................................


WIND (MPH)
  RESULTANT WIND SPEED   2   RESULTANT WIND DIRECTION   E (90)
  HIGHEST WIND SPEED    15   HIGHEST WIND DIRECTION    SW (230)
  HIGHEST GUST SPEED    17   HIGHEST GUST DIRECTION    SW (240)
  AVERAGE WIND SPEED     7.9


SKY COVER
  AVERAGE SKY COVER 0.0


WEATHER CONDITIONS
 THE FOLLOWING WEATHER WAS RECORDED TODAY.
  FOG


RELATIVE HUMIDITY (PERCENT)
 HIGHEST    93          1200 AM
 LOWEST     37          1100 AM
 AVERAGE    65

..........................................................


THE HOQUIAM WA AIRPORT CLIMATE NORMALS FOR TOMORROW
                         NORMAL    RECORD    YEAR
 MAXIMUM TEMPERATURE (F)   68        82      1967
 MINIMUM TEMPERATURE (F)   53        41      1955


SUNRISE AND SUNSET
AUGUST 25 2016........SUNRISE   627 AM PDT   SUNSET   807 PM PDT
AUGUST 26 2016........SUNRISE   628 AM PDT   SUNSET   806 PM PDT


-  INDICATES NEGATIVE NUMBERS.
R  INDICATES RECORD WAS SET OR TIED.
MM INDICATES DATA IS MISSING.
T  INDICATES TRACE AMOUNT.




$$
