000
CDUS46 KSEW 210834
CLIHQM


CLIMATE REPORT
NATIONAL WEATHER SERVICE SEATTLE WA
134 AM PDT THU AUG 21 2014


...................................

...THE HOQUIAM WA AIRPORT CLIMATE SUMMARY FOR AUGUST 20 2014...

CLIMATE NORMAL PERIOD 1981 TO 2010
CLIMATE RECORD PERIOD 1953 TO 2014


WEATHER ITEM   OBSERVED TIME   RECORD YEAR NORMAL DEPARTURE LAST
                VALUE   (LST)  VALUE       VALUE  FROM      YEAR
                                                  NORMAL
..................................................................
TEMPERATURE (F)
 YESTERDAY
  MAXIMUM         66    303 PM  90    1966  68     -2       73
  MINIMUM         57   1159 PM  47    1973  54      3       51
                                      1960
  AVERAGE         62                        61      1       62

PRECIPITATION (IN)
  YESTERDAY        0.00          0.30 2008   0.05  -0.05     0.00
  MONTH TO DATE    0.73                      0.70   0.03     0.71
  SINCE OCT 1     54.50                     64.66 -10.16    46.88
  SINCE JAN 1     42.39                     37.00   5.39    33.27

DEGREE DAYS
 HEATING
  YESTERDAY        3                         4     -1        3
  MONTH TO DATE   45                        80    -35       76
  SINCE JUN 1    364                       490   -126      398

 COOLING
  YESTERDAY        0                         0      0        0
  MONTH TO DATE    7                         0      7        0
  SINCE JUN 1     15                         8      7        8
  SINCE JAN 1     30                         9     21       11
..................................................................


WIND (MPH)
  RESULTANT WIND SPEED   9   RESULTANT WIND DIRECTION  SW (240)
  HIGHEST WIND SPEED    15   HIGHEST WIND DIRECTION    SW (220)
  HIGHEST GUST SPEED    18   HIGHEST GUST DIRECTION    SW (220)
  AVERAGE WIND SPEED     9.1


SKY COVER
  AVERAGE SKY COVER 1.0


WEATHER CONDITIONS
 THE FOLLOWING WEATHER WAS RECORDED YESTERDAY.
  FOG


RELATIVE HUMIDITY (PERCENT)
 HIGHEST    86          1100 PM
 LOWEST     63          1200 PM
 AVERAGE    75

..........................................................


THE HOQUIAM WA AIRPORT CLIMATE NORMALS FOR TODAY
                         NORMAL    RECORD    YEAR
 MAXIMUM TEMPERATURE (F)   68        79      2013
 MINIMUM TEMPERATURE (F)   54        42      1973


SUNRISE AND SUNSET
AUGUST 21 2014........SUNRISE   621 AM PDT   SUNSET   816 PM PDT
AUGUST 22 2014........SUNRISE   622 AM PDT   SUNSET   814 PM PDT


-  INDICATES NEGATIVE NUMBERS.
R  INDICATES RECORD WAS SET OR TIED.
MM INDICATES DATA IS MISSING.
T  INDICATES TRACE AMOUNT.




$$
