000
CDUS44 KBRO 180630
CLIHRL


CLIMATE REPORT
NATIONAL WEATHER SERVICE BROWNSVILLE TX
130 AM CDT FRI AUG 18 2017


...................................

...THE HARLINGEN CLIMATE SUMMARY FOR AUGUST 17 2017...

CLIMATE NORMAL PERIOD 1981 TO 2010
CLIMATE RECORD PERIOD 1912 TO 2017


WEATHER ITEM   OBSERVED TIME   RECORD YEAR NORMAL DEPARTURE LAST
                VALUE   (LST)  VALUE       VALUE  FROM      YEAR
                                                  NORMAL
..................................................................
TEMPERATURE (F)
 YESTERDAY
  MAXIMUM         99    245 PM 106    1915  96      3       96
  MINIMUM         78    609 AM  69    1925  75      3       76
                                      1967
  AVERAGE         89                        86      3       86

PRECIPITATION (IN)
  YESTERDAY        0.00          1.25 1914   0.05  -0.05      T
  MONTH TO DATE    0.60                      0.59   0.01     2.15
  SINCE JUN 1      5.14                      5.02   0.12     7.39
  SINCE JAN 1     11.73                     12.94  -1.21    14.28

SNOWFALL (IN)
  YESTERDAY        0.0
  MONTH TO DATE    0.0
  SINCE JUN 1      0.0
  SINCE JUL 1      0.0

DEGREE DAYS
 HEATING
  YESTERDAY        0                         0      0        0
  MONTH TO DATE    0                         0      0        0
  SINCE JUN 1      0                         0      0        0
  SINCE JUL 1      0                         0      0        0

 COOLING
  YESTERDAY       24                        21      3       21
  MONTH TO DATE  391                       357     34      378
  SINCE JUN 1   1668                      1548    120     1658
  SINCE JAN 1   3203                      2649    554     3019
..................................................................


WIND (MPH)
  HIGHEST WIND SPEED    26   HIGHEST WIND DIRECTION    SE (130)
  HIGHEST GUST SPEED    34   HIGHEST GUST DIRECTION     S (160)
  AVERAGE WIND SPEED    15.3



WEATHER CONDITIONS
 THE FOLLOWING WEATHER WAS RECORDED YESTERDAY.
  NO SIGNIFICANT WEATHER WAS OBSERVED.


RELATIVE HUMIDITY (PERCENT)
 HIGHEST   100
 LOWEST     42
 AVERAGE    71

..........................................................


THE HARLINGEN CLIMATE NORMALS FOR TODAY
                         NORMAL    RECORD    YEAR
 MAXIMUM TEMPERATURE (F)   96       108      1915
 MINIMUM TEMPERATURE (F)   75        65      1931


SUNRISE AND SUNSET
AUGUST 18 2017........SUNRISE   705 AM CDT   SUNSET   804 PM CDT
AUGUST 19 2017........SUNRISE   705 AM CDT   SUNSET   803 PM CDT


-  INDICATES NEGATIVE NUMBERS.
R  INDICATES RECORD WAS SET OR TIED.
MM INDICATES DATA IS MISSING.
T  INDICATES TRACE AMOUNT.




$$
