000
CDUS44 KBRO 210626
CLIHRL


CLIMATE REPORT
NATIONAL WEATHER SERVICE BROWNSVILLE TX
126 AM CDT TUE OCT 21 2014


...................................

...THE HARLINGEN CLIMATE SUMMARY FOR OCTOBER 20 2014...

CLIMATE NORMAL PERIOD 1981 TO 2010
CLIMATE RECORD PERIOD 1912 TO 2014


WEATHER ITEM   OBSERVED TIME   RECORD YEAR NORMAL DEPARTURE LAST
                VALUE   (LST)  VALUE       VALUE  FROM      YEAR
                                                  NORMAL
..................................................................
TEMPERATURE (F)
 YESTERDAY
  MAXIMUM         88    223 PM  98    1919  86      2       83
  MINIMUM         63   1026 AM  43    1923  64     -1       59
  AVERAGE         76                        75      1       71

PRECIPITATION (IN)
  YESTERDAY        0.01          2.65 2002   0.12  -0.11      T
  MONTH TO DATE    0.20                      1.90  -1.70     0.07
  SINCE SEP 1      9.61                      7.12   2.49     9.27
  SINCE JAN 1     16.26                     21.33  -5.07    21.11

SNOWFALL (IN)
  YESTERDAY        0.0
  MONTH TO DATE    0.0
  SINCE SEP 1      0.0
  SINCE JUL 1      0.0

DEGREE DAYS
 HEATING
  YESTERDAY        0                         0      0        0
  MONTH TO DATE    0                         0      0        0
  SINCE SEP 1      0                         0      0        0
  SINCE JUL 1      0                         0      0        0

 COOLING
  YESTERDAY       11                        11      0        6
  MONTH TO DATE  248                       245      3      254
  SINCE SEP 1    760                       750     10      752
  SINCE JAN 1   3657                      3674    -17     3769
..................................................................


WIND (MPH)
  HIGHEST WIND SPEED    17   HIGHEST WIND DIRECTION    NE (30)
  HIGHEST GUST SPEED    28   HIGHEST GUST DIRECTION     N (340)
  AVERAGE WIND SPEED     6.9



WEATHER CONDITIONS
 THE FOLLOWING WEATHER WAS RECORDED YESTERDAY.
  NO SIGNIFICANT WEATHER WAS OBSERVED.


RELATIVE HUMIDITY (PERCENT)
 HIGHEST    93
 LOWEST     50
 AVERAGE    72

..........................................................


THE HARLINGEN CLIMATE NORMALS FOR TODAY
                         NORMAL    RECORD    YEAR
 MAXIMUM TEMPERATURE (F)   86        97      1956
 MINIMUM TEMPERATURE (F)   64        44      1964


SUNRISE AND SUNSET
OCTOBER 21 2014.......SUNRISE   733 AM CDT   SUNSET   657 PM CDT
OCTOBER 22 2014.......SUNRISE   734 AM CDT   SUNSET   656 PM CDT


-  INDICATES NEGATIVE NUMBERS.
R  INDICATES RECORD WAS SET OR TIED.
MM INDICATES DATA IS MISSING.
T  INDICATES TRACE AMOUNT.




$$
