000
CDUS44 KBRO 270626
CLIHRL


CLIMATE REPORT
NATIONAL WEATHER SERVICE BROWNSVILLE TX
126 AM CDT MON MAR 27 2017


...................................

...THE HARLINGEN CLIMATE SUMMARY FOR MARCH 26 2017...

CLIMATE NORMAL PERIOD 1981 TO 2010
CLIMATE RECORD PERIOD 1912 TO 2017


WEATHER ITEM   OBSERVED TIME   RECORD YEAR NORMAL DEPARTURE LAST
                VALUE   (LST)  VALUE       VALUE  FROM      YEAR
                                                  NORMAL
..................................................................
TEMPERATURE (F)
 YESTERDAY
  MAXIMUM         88    134 PM 103    1928  82      6       81
  MINIMUM         64    631 AM  37    1955  60      4       56
  AVERAGE         76                        71      5       69

PRECIPITATION (IN)
  YESTERDAY        0.00          0.60 1951   0.06  -0.06      T
  MONTH TO DATE    2.22                      1.05   1.17     1.78
  SINCE MAR 1      2.22                      1.05   1.17     1.78
  SINCE JAN 1      3.53                      3.52   0.01     3.69

SNOWFALL (IN)
  YESTERDAY        0.0
  MONTH TO DATE    0.0
  SINCE MAR 1      0.0
  SINCE JUL 1      0.0

DEGREE DAYS
 HEATING
  YESTERDAY        0                         1     -1        0
  MONTH TO DATE    4                        44    -40       11
  SINCE MAR 1      4                        44    -40       11
  SINCE JUL 1    234                       612   -378      387

 COOLING
  YESTERDAY       11                         7      4        4
  MONTH TO DATE  232                       134     98      219
  SINCE MAR 1    232                       134     98      219
  SINCE JAN 1    599                       259    340      359
..................................................................


WIND (MPH)
  HIGHEST WIND SPEED    31   HIGHEST WIND DIRECTION     S (160)
  HIGHEST GUST SPEED    40   HIGHEST GUST DIRECTION     S (170)
  AVERAGE WIND SPEED    17.0



WEATHER CONDITIONS
 THE FOLLOWING WEATHER WAS RECORDED YESTERDAY.
  FOG


RELATIVE HUMIDITY (PERCENT)
 HIGHEST   100
 LOWEST     53
 AVERAGE    77

..........................................................


THE HARLINGEN CLIMATE NORMALS FOR TODAY
                         NORMAL    RECORD    YEAR
 MAXIMUM TEMPERATURE (F)   83       101      2009
 MINIMUM TEMPERATURE (F)   60        38      1913


SUNRISE AND SUNSET
MARCH 27 2017.........SUNRISE   727 AM CDT   SUNSET   745 PM CDT
MARCH 28 2017.........SUNRISE   726 AM CDT   SUNSET   746 PM CDT


-  INDICATES NEGATIVE NUMBERS.
R  INDICATES RECORD WAS SET OR TIED.
MM INDICATES DATA IS MISSING.
T  INDICATES TRACE AMOUNT.




$$
