000
CDUS44 KBRO 300630
CLIHRL


CLIMATE REPORT
NATIONAL WEATHER SERVICE BROWNSVILLE TX
128 AM CDT FRI SEP 30 2016


...................................

...THE HARLINGEN CLIMATE SUMMARY FOR SEPTEMBER 29 2016...

CLIMATE NORMAL PERIOD 1981 TO 2010
CLIMATE RECORD PERIOD 1912 TO 2016


WEATHER ITEM   OBSERVED TIME   RECORD YEAR NORMAL DEPARTURE LAST
                VALUE   (LST)  VALUE       VALUE  FROM      YEAR
                                                  NORMAL
..................................................................
TEMPERATURE (F)
 YESTERDAY
  MAXIMUM         93    250 PM 104    1953  89      4       94
  MINIMUM         71   1159 PM  53    1967  70      1       71
  AVERAGE         82                        79      3       83

PRECIPITATION (IN)
  YESTERDAY        0.00          1.93 1984   0.15  -0.15     0.00
  MONTH TO DATE    2.49                      5.07  -2.58     4.68
  SINCE SEP 1      2.49                      5.07  -2.58     4.68
  SINCE JAN 1     17.39                     19.28  -1.89    24.24

SNOWFALL (IN)
  YESTERDAY        0.0
  MONTH TO DATE    0.0
  SINCE SEP 1      0.0
  SINCE JUL 1      0.0

DEGREE DAYS
 HEATING
  YESTERDAY        0                         0      0        0
  MONTH TO DATE    0                         0      0        0
  SINCE SEP 1      0                         0      0        0
  SINCE JUL 1      0                         0      0        0

 COOLING
  YESTERDAY       17                        14      3       18
  MONTH TO DATE  586                       490     96      536
  SINCE SEP 1    586                       490     96      536
  SINCE JAN 1   3905                      3414    491     3527
..................................................................


WIND (MPH)
  HIGHEST WIND SPEED    18   HIGHEST WIND DIRECTION    NE (50)
  HIGHEST GUST SPEED    23   HIGHEST GUST DIRECTION    NE (50)
  AVERAGE WIND SPEED     8.5



WEATHER CONDITIONS
 THE FOLLOWING WEATHER WAS RECORDED YESTERDAY.
  FOG


RELATIVE HUMIDITY (PERCENT)
 HIGHEST   100
 LOWEST     49
 AVERAGE    75

..........................................................


THE HARLINGEN CLIMATE NORMALS FOR TODAY
                         NORMAL    RECORD    YEAR
 MAXIMUM TEMPERATURE (F)   89        98      1915
                                             1953
                                             1966
 MINIMUM TEMPERATURE (F)   69        52      1924


SUNRISE AND SUNSET
SEPTEMBER 30 2016.....SUNRISE   723 AM CDT   SUNSET   718 PM CDT
OCTOBER  1 2016.......SUNRISE   723 AM CDT   SUNSET   717 PM CDT


-  INDICATES NEGATIVE NUMBERS.
R  INDICATES RECORD WAS SET OR TIED.
MM INDICATES DATA IS MISSING.
T  INDICATES TRACE AMOUNT.




$$
