000
CDUS44 KBRO 282132
CLIHRL


CLIMATE REPORT
NATIONAL WEATHER SERVICE BROWNSVILLE TX
432 PM CDT FRI APR 28 2017


...................................

...THE HARLINGEN CLIMATE SUMMARY FOR APRIL 28 2017...
VALID TODAY AS OF 0400 PM LOCAL TIME.

CLIMATE NORMAL PERIOD 1981 TO 2010
CLIMATE RECORD PERIOD 1912 TO 2017


WEATHER ITEM   OBSERVED TIME   RECORD YEAR NORMAL DEPARTURE LAST
                VALUE   (LST)  VALUE       VALUE  FROM      YEAR
                                                  NORMAL
..................................................................
TEMPERATURE (F)
 TODAY
  MAXIMUM         98    215 PM 103    1937  88     10       93
  MINIMUM         73    204 AM  46    1920  68      5       74
  AVERAGE         86                        78      8       84

PRECIPITATION (IN)
  TODAY            0.00          2.37 2013   0.05  -0.05      T
  MONTH TO DATE    0.87                      1.56  -0.69     0.48
  SINCE MAR 1      3.09                      2.85   0.24     2.26
  SINCE JAN 1      4.40                      5.32  -0.92     4.17

SNOWFALL (IN)
  TODAY            0.0
  MONTH TO DATE    0.0
  SINCE MAR 1      0.0
  SINCE JUL 1      0.0
  SNOW DEPTH       0

DEGREE DAYS
 HEATING
  TODAY            0                         0      0        0
  MONTH TO DATE    0                         7     -7        2
  SINCE MAR 1      4                        53    -49       13
  SINCE JUL 1    234                       621   -387      389

 COOLING
  TODAY           21                        13      8       19
  MONTH TO DATE  348                       293     55      345
  SINCE MAR 1    638                       463    175      630
  SINCE JAN 1   1005                       588    417      770
..................................................................


WIND (MPH)
  HIGHEST WIND SPEED    35   HIGHEST WIND DIRECTION     S (170)
  HIGHEST GUST SPEED    44   HIGHEST GUST DIRECTION     S (170)
  AVERAGE WIND SPEED    18.9



WEATHER CONDITIONS
 THE FOLLOWING WEATHER WAS RECORDED TODAY.
  FOG
  HAZE


RELATIVE HUMIDITY (PERCENT)
 HIGHEST   100
 LOWEST     39
 AVERAGE    70

..........................................................


THE HARLINGEN CLIMATE NORMALS FOR TOMORROW
                         NORMAL    RECORD    YEAR
 MAXIMUM TEMPERATURE (F)   88       102      1937
 MINIMUM TEMPERATURE (F)   68        48      1920


SUNRISE AND SUNSET
APRIL 28 2017.........SUNRISE   655 AM CDT   SUNSET   801 PM CDT
APRIL 29 2017.........SUNRISE   655 AM CDT   SUNSET   802 PM CDT


-  INDICATES NEGATIVE NUMBERS.
R  INDICATES RECORD WAS SET OR TIED.
MM INDICATES DATA IS MISSING.
T  INDICATES TRACE AMOUNT.




$$
