000
CDUS44 KBRO 072145
CLIHRL


CLIMATE REPORT
NATIONAL WEATHER SERVICE BROWNSVILLE TX
445 PM CDT TUE JUL 7 2015


...................................

...THE HARLINGEN CLIMATE SUMMARY FOR JULY 7 2015...
VALID TODAY AS OF 0400 PM LOCAL TIME.

CLIMATE NORMAL PERIOD 1981 TO 2010
CLIMATE RECORD PERIOD 1912 TO 2015


WEATHER ITEM   OBSERVED TIME   RECORD YEAR NORMAL DEPARTURE LAST
                VALUE   (LST)  VALUE       VALUE  FROM      YEAR
                                                  NORMAL
..................................................................
TEMPERATURE (F)
 TODAY
  MAXIMUM         94    255 PM 103    2005  95     -1       98
  MINIMUM         79    618 AM  60    1963  75      4       72
  AVERAGE         87                        85      2       85

PRECIPITATION (IN)
  TODAY            0.00          2.67 2008   0.08  -0.08     0.00
  MONTH TO DATE    1.12                      0.49   0.63     0.04
  SINCE JUN 1      3.33                      2.99   0.34     0.33
  SINCE JAN 1     15.83                     10.91   4.92     5.17

SNOWFALL (IN)
  TODAY            0.0
  MONTH TO DATE    0.0
  SINCE JUN 1      0.0
  SINCE JUL 1      0.0
  SNOW DEPTH       0

DEGREE DAYS
 HEATING
  TODAY            0                         0      0        0
  MONTH TO DATE    0                         0      0        0
  SINCE JUN 1      0                         0      0        0
  SINCE JUL 1      0                         0      0        0

 COOLING
  TODAY           22                        20      2       20
  MONTH TO DATE  131                       140     -9      132
  SINCE JUN 1    698                       708    -10      754
  SINCE JAN 1   1782                      1809    -27     1690
..................................................................


WIND (MPH)
  HIGHEST WIND SPEED    30   HIGHEST WIND DIRECTION     S (170)
  HIGHEST GUST SPEED    37   HIGHEST GUST DIRECTION     S (180)
  AVERAGE WIND SPEED    17.5



WEATHER CONDITIONS
 THE FOLLOWING WEATHER WAS RECORDED TODAY.
  FOG


RELATIVE HUMIDITY (PERCENT)
 HIGHEST    97
 LOWEST     52
 AVERAGE    75

..........................................................


THE HARLINGEN CLIMATE NORMALS FOR TOMORROW
                         NORMAL    RECORD    YEAR
 MAXIMUM TEMPERATURE (F)   95       104      2005
 MINIMUM TEMPERATURE (F)   75        60      1963


SUNRISE AND SUNSET
JULY  7 2015..........SUNRISE   644 AM CDT   SUNSET   827 PM CDT
JULY  8 2015..........SUNRISE   645 AM CDT   SUNSET   827 PM CDT


-  INDICATES NEGATIVE NUMBERS.
R  INDICATES RECORD WAS SET OR TIED.
MM INDICATES DATA IS MISSING.
T  INDICATES TRACE AMOUNT.




$$
