000
CDUS44 KBRO 242127
CLIHRL


CLIMATE REPORT
NATIONAL WEATHER SERVICE BROWNSVILLE TX
427 PM CDT TUE MAY 24 2016


...................................

...THE HARLINGEN CLIMATE SUMMARY FOR MAY 24 2016...
VALID TODAY AS OF 0400 PM LOCAL TIME.

CLIMATE NORMAL PERIOD 1981 TO 2010
CLIMATE RECORD PERIOD 1912 TO 2016


WEATHER ITEM   OBSERVED TIME   RECORD YEAR NORMAL DEPARTURE LAST
                VALUE   (LST)  VALUE       VALUE  FROM      YEAR
                                                  NORMAL
..................................................................
TEMPERATURE (F)
 TODAY
  MAXIMUM         94    252 PM 101    1925  92      2       89
  MINIMUM         79    431 AM  57    1928  72      7       70
                                      1967
  AVERAGE         87                        82      5       80

PRECIPITATION (IN)
  TODAY            0.00          2.73 2007   0.08  -0.08     1.61
  MONTH TO DATE    1.49                      1.86  -0.37     2.74
  SINCE MAR 1      3.76                      4.82  -1.06     9.53
  SINCE JAN 1      5.67                      7.29  -1.62    12.45

SNOWFALL (IN)
  TODAY            0.0
  MONTH TO DATE    0.0
  SINCE MAR 1      0.0
  SINCE JUL 1      0.0
  SNOW DEPTH       0

DEGREE DAYS
 HEATING
  TODAY            0                         0      0        0
  MONTH TO DATE    0                         0      0        0
  SINCE MAR 1     13                        54    -41       74
  SINCE JUL 1    389                       622   -233      767

 COOLING
  TODAY           22                        17      5       15
  MONTH TO DATE  401                       365     36      401
  SINCE MAR 1   1073                       854    219      901
  SINCE JAN 1   1213                       979    234      960
..................................................................


WIND (MPH)
  HIGHEST WIND SPEED    22   HIGHEST WIND DIRECTION    SE (140)
  HIGHEST GUST SPEED    27   HIGHEST GUST DIRECTION    SE (130)
  AVERAGE WIND SPEED    13.7



WEATHER CONDITIONS
 THE FOLLOWING WEATHER WAS RECORDED TODAY.
  FOG
  HAZE


RELATIVE HUMIDITY (PERCENT)
 HIGHEST    94
 LOWEST     56
 AVERAGE    75

..........................................................


THE HARLINGEN CLIMATE NORMALS FOR TOMORROW
                         NORMAL    RECORD    YEAR
 MAXIMUM TEMPERATURE (F)   92        98      1955
 MINIMUM TEMPERATURE (F)   72        57      1967


SUNRISE AND SUNSET
MAY 24 2016...........SUNRISE   640 AM CDT   SUNSET   815 PM CDT
MAY 25 2016...........SUNRISE   640 AM CDT   SUNSET   816 PM CDT


-  INDICATES NEGATIVE NUMBERS.
R  INDICATES RECORD WAS SET OR TIED.
MM INDICATES DATA IS MISSING.
T  INDICATES TRACE AMOUNT.




$$
