000
CDUS44 KLZK 220638
CLIHRO


CLIMATE REPORT
NATIONAL WEATHER SERVICE LITTLE ROCK AR
138 AM CDT SAT JUL 22 2017


...................................

...THE HARRISON CLIMATE SUMMARY FOR JULY 21 2017...

CLIMATE NORMAL PERIOD 1981 TO 2010
CLIMATE RECORD PERIOD 1891 TO 2017


WEATHER ITEM   OBSERVED TIME   RECORD YEAR NORMAL DEPARTURE LAST
                VALUE   (LST)  VALUE       VALUE  FROM      YEAR
                                                  NORMAL
..................................................................
TEMPERATURE (F)
 YESTERDAY
  MAXIMUM         93    338 PM 105    1934  89      4       93
  MINIMUM         73    528 AM  50    1909  68      5       73
  AVERAGE         83                        79      4       83

PRECIPITATION (IN)
  YESTERDAY        0.00          1.67 1899   0.10  -0.10     0.00
  MONTH TO DATE    3.32                      2.10   1.22     3.08
  SINCE JUN 1      6.69                      6.34   0.35     6.36
  SINCE JAN 1     32.77                     24.34   8.43    19.19

SNOWFALL (IN)
  YESTERDAY        0.0          MM      MM   0.0    0.0      0.0
  MONTH TO DATE    0.0                       0.0    0.0      0.0
  SINCE JUN 1      0.0                       0.0    0.0      0.0
  SINCE JUL 1      0.0                       0.0    0.0      0.0
  SNOW DEPTH       0

DEGREE DAYS
 HEATING
  YESTERDAY        0                         0      0        0
  MONTH TO DATE    0                         0      0        0
  SINCE JUN 1      0                         6     -6        0
  SINCE JUL 1      0                         0      0        0

 COOLING
  YESTERDAY       18                        14      4       18
  MONTH TO DATE  285                       275     10      300
  SINCE JUN 1    527                       540    -13      658
  SINCE JAN 1    678                       679     -1      763
..................................................................


WIND (MPH)
  HIGHEST WIND SPEED    14   HIGHEST WIND DIRECTION     S (170)
  HIGHEST GUST SPEED    21   HIGHEST GUST DIRECTION    SE (150)
  AVERAGE WIND SPEED     4.1


SKY COVER
  POSSIBLE SUNSHINE  MM
  AVERAGE SKY COVER 0.0


WEATHER CONDITIONS
 THE FOLLOWING WEATHER WAS RECORDED YESTERDAY.
  NO SIGNIFICANT WEATHER WAS OBSERVED.


RELATIVE HUMIDITY (PERCENT)
 HIGHEST    93           300 AM
 LOWEST     49           300 PM
 AVERAGE    71

..........................................................


THE HARRISON CLIMATE NORMALS FOR TODAY
                         NORMAL    RECORD    YEAR
 MAXIMUM TEMPERATURE (F)   90       106      1974
                                             1954
                                             1943
 MINIMUM TEMPERATURE (F)   68        45      1947


SUNRISE AND SUNSET
JULY 22 2017..........SUNRISE   612 AM CDT   SUNSET   826 PM CDT
JULY 23 2017..........SUNRISE   613 AM CDT   SUNSET   825 PM CDT


-  INDICATES NEGATIVE NUMBERS.
R  INDICATES RECORD WAS SET OR TIED.
MM INDICATES DATA IS MISSING.
T  INDICATES TRACE AMOUNT.




$$
