000
CDUS44 KLZK 160905
CLIHRO


CLIMATE REPORT
NATIONAL WEATHER SERVICE LITTLE ROCK AR
405 AM CDT TUE SEP 16 2014


...................................

...THE HARRISON CLIMATE SUMMARY FOR SEPTEMBER 15 2014...

CLIMATE NORMAL PERIOD 1981 TO 2010
CLIMATE RECORD PERIOD 1891 TO 2014


WEATHER ITEM   OBSERVED TIME   RECORD YEAR NORMAL DEPARTURE LAST
                VALUE   (LST)  VALUE       VALUE  FROM      YEAR
                                                  NORMAL
..................................................................
TEMPERATURE (F)
 YESTERDAY
  MAXIMUM         80    423 PM 100    1939  81     -1       88
  MINIMUM         62    730 AM  41    1902  58      4       53
  AVERAGE         71                        69      2       71

PRECIPITATION (IN)
  YESTERDAY        0.13          2.55 1930   0.16  -0.03     0.00
  MONTH TO DATE    3.42                      2.10   1.32     0.01
  SINCE SEP 1      3.42                      2.10   1.32     0.01
  SINCE JAN 1     30.10                     31.06  -0.96    32.83

SNOWFALL (IN)
  YESTERDAY        0.0          MM      MM   0.0    0.0      0.0
  MONTH TO DATE    0.0                       0.0    0.0      0.0
  SINCE SEP 1      0.0                       0.0    0.0      0.0
  SINCE JUL 1      0.0                       0.0    0.0      0.0
  SNOW DEPTH       0

DEGREE DAYS
 HEATING
  YESTERDAY        0                         1     -1        0
  MONTH TO DATE   22                         5     17        0
  SINCE SEP 1     22                         5     17        0
  SINCE JUL 1     23                         6     17        1

 COOLING
  YESTERDAY        6                         5      1        6
  MONTH TO DATE  113                       112      1      147
  SINCE SEP 1    113                       112      1      147
  SINCE JAN 1   1243                      1323    -80     1291
..................................................................


WIND (MPH)
  HIGHEST WIND SPEED    14   HIGHEST WIND DIRECTION     W (280)
  HIGHEST GUST SPEED    17   HIGHEST GUST DIRECTION     W (270)
  AVERAGE WIND SPEED     5.0


SKY COVER
  POSSIBLE SUNSHINE  MM
  AVERAGE SKY COVER 0.5


WEATHER CONDITIONS
 THE FOLLOWING WEATHER WAS RECORDED YESTERDAY.
  LIGHT RAIN
  FOG


RELATIVE HUMIDITY (PERCENT)
 HIGHEST   100           700 AM
 LOWEST     67           300 PM
 AVERAGE    84

..........................................................


THE HARRISON CLIMATE NORMALS FOR TODAY
                         NORMAL    RECORD    YEAR
 MAXIMUM TEMPERATURE (F)   80       102      1956
 MINIMUM TEMPERATURE (F)   58        39      1916


SUNRISE AND SUNSET
SEPTEMBER 16 2014.....SUNRISE   656 AM CDT   SUNSET   718 PM CDT
SEPTEMBER 17 2014.....SUNRISE   657 AM CDT   SUNSET   717 PM CDT


-  INDICATES NEGATIVE NUMBERS.
R  INDICATES RECORD WAS SET OR TIED.
MM INDICATES DATA IS MISSING.
T  INDICATES TRACE AMOUNT.




$$
