878
CDUS44 KLZK 260639
CLIHRO


CLIMATE REPORT
NATIONAL WEATHER SERVICE LITTLE ROCK AR
139 AM CDT TUE SEP 26 2017


...................................

...THE HARRISON CLIMATE SUMMARY FOR SEPTEMBER 25 2017...

CLIMATE NORMAL PERIOD 1981 TO 2010
CLIMATE RECORD PERIOD 1891 TO 2017


WEATHER ITEM   OBSERVED TIME   RECORD YEAR NORMAL DEPARTURE LAST
                VALUE   (LST)  VALUE       VALUE  FROM      YEAR
                                                  NORMAL
..................................................................
TEMPERATURE (F)
 YESTERDAY
  MAXIMUM         89    255 PM  95    1939  77     12       88
  MINIMUM         63    545 AM  33    1950  54      9       63
  AVERAGE         76                        66     10       76

PRECIPITATION (IN)
  YESTERDAY       MM             3.51 1945   0.14  MM        0.11
  MONTH TO DATE    0.58                      3.53  -2.95     1.19
  SINCE SEP 1      0.58                      3.53  -2.95     1.19
  SINCE JAN 1     35.76                     32.49   3.27    29.47

SNOWFALL (IN)
  YESTERDAY        0.0          MM      MM   0.0    0.0      0.0
  MONTH TO DATE    0.0                       0.0    0.0      0.0
  SINCE SEP 1      0.0                       0.0    0.0      0.0
  SINCE JUL 1      0.0                       0.0    0.0      0.0
  SNOW DEPTH       0

DEGREE DAYS
 HEATING
  YESTERDAY        0                         3     -3        0
  MONTH TO DATE    4                        25    -21        0
  SINCE SEP 1      4                        25    -21        0
  SINCE JUL 1      4                        26    -22        0

 COOLING
  YESTERDAY       11                         3      8       11
  MONTH TO DATE  191                       154     37      226
  SINCE SEP 1    191                       154     37      226
  SINCE JAN 1   1296                      1365    -69     1537
..................................................................


WIND (MPH)
  HIGHEST WIND SPEED    15   HIGHEST WIND DIRECTION     S (170)
  HIGHEST GUST SPEED    23   HIGHEST GUST DIRECTION     S (170)
  AVERAGE WIND SPEED     5.6


SKY COVER
  POSSIBLE SUNSHINE  MM
  AVERAGE SKY COVER 0.1


WEATHER CONDITIONS
 THE FOLLOWING WEATHER WAS RECORDED YESTERDAY.
  FOG


RELATIVE HUMIDITY (PERCENT)
 HIGHEST   100           200 AM
 LOWEST     36           400 PM
 AVERAGE    68

..........................................................


THE HARRISON CLIMATE NORMALS FOR TODAY
                         NORMAL    RECORD    YEAR
 MAXIMUM TEMPERATURE (F)   77        94      1953
 MINIMUM TEMPERATURE (F)   54        32      1912


SUNRISE AND SUNSET
SEPTEMBER 26 2017.....SUNRISE   704 AM CDT   SUNSET   703 PM CDT
SEPTEMBER 27 2017.....SUNRISE   705 AM CDT   SUNSET   702 PM CDT


-  INDICATES NEGATIVE NUMBERS.
R  INDICATES RECORD WAS SET OR TIED.
MM INDICATES DATA IS MISSING.
T  INDICATES TRACE AMOUNT.




$$
