000
CDUS44 KLZK 032107
CLIHRO


CLIMATE REPORT
NATIONAL WEATHER SERVICE LITTLE ROCK AR
407 PM CDT THU SEP 3 2015


...................................

...THE HARRISON CLIMATE SUMMARY FOR SEPTEMBER 3 2015...
VALID TODAY AS OF 0400 PM LOCAL TIME.

CLIMATE NORMAL PERIOD 1981 TO 2010
CLIMATE RECORD PERIOD 1891 TO 2015


WEATHER ITEM   OBSERVED TIME   RECORD YEAR NORMAL DEPARTURE LAST
                VALUE   (LST)  VALUE       VALUE  FROM      YEAR
                                                  NORMAL
..................................................................
TEMPERATURE (F)
 TODAY
  MAXIMUM         89    300 PM 106    1939  85      4       89
  MINIMUM         66    611 AM  42    1974  63      3       66
  AVERAGE         78                        74      4       78

PRECIPITATION (IN)
  TODAY            0.00          2.19 2008   0.13  -0.13     0.00
  MONTH TO DATE    0.00                      0.38  -0.38     0.93
  SINCE SEP 1      0.00                      0.38  -0.38     0.93
  SINCE JAN 1     40.22                     29.34  10.88    27.61

SNOWFALL (IN)
  TODAY            0.0          MM      MM   0.0    0.0      0.0
  MONTH TO DATE    0.0                       0.0    0.0      0.0
  SINCE SEP 1      0.0                       0.0    0.0      0.0
  SINCE JUL 1      0.0                       0.0    0.0      0.0
  SNOW DEPTH       0

DEGREE DAYS
 HEATING
  TODAY            0                         0      0        0
  MONTH TO DATE    0                         0      0        0
  SINCE SEP 1      0                         0      0        0
  SINCE JUL 1      1                         1      0        1

 COOLING
  TODAY           13                         9      4       13
  MONTH TO DATE   36                        28      8       32
  SINCE SEP 1     36                        28      8       32
  SINCE JAN 1   1256                      1239     17     1162
..................................................................


WIND (MPH)
  HIGHEST WIND SPEED    10   HIGHEST WIND DIRECTION     S (170)
  HIGHEST GUST SPEED    13   HIGHEST GUST DIRECTION    SE (150)
  AVERAGE WIND SPEED     4.6


SKY COVER
  POSSIBLE SUNSHINE  MM
  AVERAGE SKY COVER 0.0


WEATHER CONDITIONS
 THE FOLLOWING WEATHER WAS RECORDED TODAY.
  FOG


RELATIVE HUMIDITY (PERCENT)
 HIGHEST   100           500 AM
 LOWEST     50           100 PM
 AVERAGE    75

..........................................................


THE HARRISON CLIMATE NORMALS FOR TOMORROW
                         NORMAL    RECORD    YEAR
 MAXIMUM TEMPERATURE (F)   85       106      1913
 MINIMUM TEMPERATURE (F)   62        40      1974


SUNRISE AND SUNSET
SEPTEMBER  3 2015.....SUNRISE   646 AM CDT   SUNSET   738 PM CDT
SEPTEMBER  4 2015.....SUNRISE   646 AM CDT   SUNSET   736 PM CDT


-  INDICATES NEGATIVE NUMBERS.
R  INDICATES RECORD WAS SET OR TIED.
MM INDICATES DATA IS MISSING.
T  INDICATES TRACE AMOUNT.




$$
