000
CDUS44 KLZK 250910
CLIHRO


CLIMATE REPORT
NATIONAL WEATHER SERVICE LITTLE ROCK AR
410 AM CDT SAT OCT 25 2014


...................................

...THE HARRISON CLIMATE SUMMARY FOR OCTOBER 24 2014...

CLIMATE NORMAL PERIOD 1981 TO 2010
CLIMATE RECORD PERIOD 1891 TO 2014


WEATHER ITEM   OBSERVED TIME   RECORD YEAR NORMAL DEPARTURE LAST
                VALUE   (LST)  VALUE       VALUE  FROM      YEAR
                                                  NORMAL
..................................................................
TEMPERATURE (F)
 YESTERDAY
  MAXIMUM         78    226 PM  92    1927  68     10       55
  MINIMUM         47    535 AM  20    1917  46      1       35
  AVERAGE         63                        57      6       45

PRECIPITATION (IN)
  YESTERDAY        0.00          1.31 1991   0.12  -0.12     0.00
  MONTH TO DATE    4.91                      2.71   2.20     3.76
  SINCE SEP 1     10.06                      6.91   3.15     5.11
  SINCE JAN 1     36.74                     35.87   0.87    37.93

SNOWFALL (IN)
  YESTERDAY        0.0          MM      MM   0.0    0.0      0.0
  MONTH TO DATE    0.0                       0.0    0.0      0.0
  SINCE SEP 1      0.0                       0.0    0.0      0.0
  SINCE JUL 1      0.0                       0.0    0.0      0.0
  SNOW DEPTH       0

DEGREE DAYS
 HEATING
  YESTERDAY        2                         9     -7       20
  MONTH TO DATE  111                       151    -40      172
  SINCE SEP 1    144                       193    -49      179
  SINCE JUL 1    145                       194    -49      180

 COOLING
  YESTERDAY        0                         1     -1        0
  MONTH TO DATE   39                        30      9       47
  SINCE SEP 1    205                       198      7      270
  SINCE JAN 1   1335                      1409    -74     1414
..................................................................


WIND (MPH)
  HIGHEST WIND SPEED     9   HIGHEST WIND DIRECTION     W (270)
  HIGHEST GUST SPEED    12   HIGHEST GUST DIRECTION    NW (310)
  AVERAGE WIND SPEED     2.3


SKY COVER
  POSSIBLE SUNSHINE  MM
  AVERAGE SKY COVER 0.2


WEATHER CONDITIONS
 THE FOLLOWING WEATHER WAS RECORDED YESTERDAY.
  FOG
  HAZE


RELATIVE HUMIDITY (PERCENT)
 HIGHEST   100          1200 AM
 LOWEST     52           200 PM
 AVERAGE    76

..........................................................


THE HARRISON CLIMATE NORMALS FOR TODAY
                         NORMAL    RECORD    YEAR
 MAXIMUM TEMPERATURE (F)   68        90      1927
 MINIMUM TEMPERATURE (F)   45        24      1923


SUNRISE AND SUNSET
OCTOBER 25 2014.......SUNRISE   729 AM CDT   SUNSET   624 PM CDT
OCTOBER 26 2014.......SUNRISE   730 AM CDT   SUNSET   623 PM CDT


-  INDICATES NEGATIVE NUMBERS.
R  INDICATES RECORD WAS SET OR TIED.
MM INDICATES DATA IS MISSING.
T  INDICATES TRACE AMOUNT.




$$
