000
CDUS44 KLZK 272100
CLIHRO


CLIMATE REPORT
NATIONAL WEATHER SERVICE LITTLE ROCK AR
359 PM CDT TUE SEP 27 2016


...................................

...THE HARRISON CLIMATE SUMMARY FOR SEPTEMBER 27 2016...
VALID TODAY AS OF 0300 PM LOCAL TIME.

CLIMATE NORMAL PERIOD 1981 TO 2010
CLIMATE RECORD PERIOD 1891 TO 2016


WEATHER ITEM   OBSERVED TIME   RECORD YEAR NORMAL DEPARTURE LAST
                VALUE   (LST)  VALUE       VALUE  FROM      YEAR
                                                  NORMAL
..................................................................
TEMPERATURE (F)
 TODAY
  MAXIMUM         78    254 PM  96    1953  76      2       76
  MINIMUM         45    516 AM  32    1942  53     -8       61
  AVERAGE         62                        65     -3       69

PRECIPITATION (IN)
  TODAY            0.00          2.00 1917   0.14  -0.14     0.00
  MONTH TO DATE    1.24                      3.81  -2.57     5.05
  SINCE SEP 1      1.24                      3.81  -2.57     5.05
  SINCE JAN 1     29.52                     32.77  -3.25    45.27

SNOWFALL (IN)
  TODAY            0.0          MM      MM   0.0    0.0      0.0
  MONTH TO DATE    0.0                       0.0    0.0      0.0
  SINCE SEP 1      0.0                       0.0    0.0      0.0
  SINCE JUL 1      0.0                       0.0    0.0      0.0
  SNOW DEPTH       0

DEGREE DAYS
 HEATING
  TODAY            3                         3      0        0
  MONTH TO DATE    6                        31    -25       11
  SINCE SEP 1      6                        31    -25       11
  SINCE JUL 1      6                        32    -26       12

 COOLING
  TODAY            0                         3     -3        4
  MONTH TO DATE  226                       160     66      203
  SINCE SEP 1    226                       160     66      203
  SINCE JAN 1   1537                      1371    166     1423
..................................................................


WIND (MPH)
  HIGHEST WIND SPEED    10   HIGHEST WIND DIRECTION     W (290)
  HIGHEST GUST SPEED    14   HIGHEST GUST DIRECTION     W (260)
  AVERAGE WIND SPEED     4.4


SKY COVER
  POSSIBLE SUNSHINE  MM
  AVERAGE SKY COVER 0.0


WEATHER CONDITIONS
 THE FOLLOWING WEATHER WAS RECORDED TODAY.
  NO SIGNIFICANT WEATHER WAS OBSERVED.


RELATIVE HUMIDITY (PERCENT)
 HIGHEST    93           200 AM
 LOWEST     35          1100 AM
 AVERAGE    64

..........................................................


THE HARRISON CLIMATE NORMALS FOR TOMORROW
                         NORMAL    RECORD    YEAR
 MAXIMUM TEMPERATURE (F)   76       101      1953
 MINIMUM TEMPERATURE (F)   53        31      1908


SUNRISE AND SUNSET
SEPTEMBER 27 2016.....SUNRISE   705 AM CDT   SUNSET   701 PM CDT
SEPTEMBER 28 2016.....SUNRISE   706 AM CDT   SUNSET   700 PM CDT


-  INDICATES NEGATIVE NUMBERS.
R  INDICATES RECORD WAS SET OR TIED.
MM INDICATES DATA IS MISSING.
T  INDICATES TRACE AMOUNT.




$$
