000
CDUS44 KLZK 010647
CLIHRO


CLIMATE REPORT
NATIONAL WEATHER SERVICE LITTLE ROCK AR
147 AM CDT SUN MAY 1 2016


...................................

...THE HARRISON CLIMATE SUMMARY FOR APRIL 30 2016...

CLIMATE NORMAL PERIOD 1981 TO 2010
CLIMATE RECORD PERIOD 1891 TO 2016


WEATHER ITEM   OBSERVED TIME   RECORD YEAR NORMAL DEPARTURE LAST
                VALUE   (LST)  VALUE       VALUE  FROM      YEAR
                                                  NORMAL
..................................................................
TEMPERATURE (F)
 YESTERDAY
  MAXIMUM         78    257 PM  90    1952  73      5       75
  MINIMUM         59   1159 PM  24    1908  51      8       47
  AVERAGE         69                        62      7       61

PRECIPITATION (IN)
  YESTERDAY        0.86          1.58 1978   0.17   0.69     0.00
  MONTH TO DATE    3.27                      4.32  -1.05     2.76
  SINCE MAR 1      7.06                      8.11  -1.05     8.70
  SINCE JAN 1      9.34                     13.31  -3.97    12.24

SNOWFALL (IN)
  YESTERDAY        0.0           T    1903   0.0    0.0      0.0
  MONTH TO DATE    0.0                       0.3   -0.3      0.0
  SINCE MAR 1      0.0                       2.3   -2.3      4.3
  SINCE JUL 1      3.7                      11.5   -7.8     13.6
  SNOW DEPTH       0

DEGREE DAYS
 HEATING
  YESTERDAY        0                         5     -5        4
  MONTH TO DATE  153                       241    -88      197
  SINCE MAR 1    516                       749   -233      703
  SINCE JUL 1   3129                      3921   -792     4098

 COOLING
  YESTERDAY        4                         2      2        0
  MONTH TO DATE   18                        31    -13       21
  SINCE MAR 1     23                        37    -14       25
  SINCE JAN 1     23                        37    -14       25
..................................................................


WIND (MPH)
  HIGHEST WIND SPEED    15   HIGHEST WIND DIRECTION    SE (130)
  HIGHEST GUST SPEED    20   HIGHEST GUST DIRECTION    SE (130)
  AVERAGE WIND SPEED     7.8


SKY COVER
  POSSIBLE SUNSHINE  MM
  AVERAGE SKY COVER 0.6


WEATHER CONDITIONS
 THE FOLLOWING WEATHER WAS RECORDED YESTERDAY.
  THUNDERSTORM
  HEAVY RAIN
  RAIN
  LIGHT RAIN
  FOG


RELATIVE HUMIDITY (PERCENT)
 HIGHEST   100          1200 AM
 LOWEST     56           100 PM
 AVERAGE    78

..........................................................


THE HARRISON CLIMATE NORMALS FOR TODAY
                         NORMAL    RECORD    YEAR
 MAXIMUM TEMPERATURE (F)   73        93      1928
 MINIMUM TEMPERATURE (F)   52        26      1903


SUNRISE AND SUNSET
MAY  1 2016...........SUNRISE   619 AM CDT   SUNSET   801 PM CDT
MAY  2 2016...........SUNRISE   618 AM CDT   SUNSET   802 PM CDT


-  INDICATES NEGATIVE NUMBERS.
R  INDICATES RECORD WAS SET OR TIED.
MM INDICATES DATA IS MISSING.
T  INDICATES TRACE AMOUNT.




$$
