000
CDUS44 KLZK 220638
CLIHRO


CLIMATE REPORT
NATIONAL WEATHER SERVICE LITTLE ROCK AR
1237 AM CST SUN JAN 22 2017


...................................

...THE HARRISON CLIMATE SUMMARY FOR JANUARY 21 2017...

CLIMATE NORMAL PERIOD 1981 TO 2010
CLIMATE RECORD PERIOD 1891 TO 2017


WEATHER ITEM   OBSERVED TIME   RECORD YEAR NORMAL DEPARTURE LAST
                VALUE   (LST)  VALUE       VALUE  FROM      YEAR
                                                  NORMAL
..................................................................
TEMPERATURE (F)
 YESTERDAY
  MAXIMUM         68    326 PM  77    1909  47     21       29
  MINIMUM         47    700 AM  -3    1954  26     21       25
  AVERAGE         58                        37     21       27

PRECIPITATION (IN)
  YESTERDAY        0.11          3.05 1904   0.08   0.03     0.10
  MONTH TO DATE    1.55                      1.76  -0.21     0.95
  SINCE DEC 1      2.87                      4.96  -2.09     9.39
  SINCE JAN 1      1.55                      1.76  -0.21     0.95

SNOWFALL (IN)
  YESTERDAY       MM            11.0  1926   0.2   MM        0.1
  MONTH TO DATE    0.4                       2.4   -2.0      0.7
  SINCE DEC 1      0.9                       3.7   -2.8      0.7
  SINCE JUL 1      0.9                       4.2   -3.3      0.7
  SNOW DEPTH       0

DEGREE DAYS
 HEATING
  YESTERDAY        7                        28    -21       38
  MONTH TO DATE  529                       608    -79      655
  SINCE DEC 1   1338                      1443   -105     1216
  SINCE JUL 1   1788                      2207   -419     1802

 COOLING
  YESTERDAY        0                         0      0        0
  MONTH TO DATE    0                         0      0        0
  SINCE DEC 1      0                         0      0        2
  SINCE JAN 1      0                         0      0        0
..................................................................


WIND (MPH)
  HIGHEST WIND SPEED    23   HIGHEST WIND DIRECTION     S (180)
  HIGHEST GUST SPEED    28   HIGHEST GUST DIRECTION     S (180)
  AVERAGE WIND SPEED     7.8


SKY COVER
  POSSIBLE SUNSHINE  MM
  AVERAGE SKY COVER 0.2


WEATHER CONDITIONS
 THE FOLLOWING WEATHER WAS RECORDED YESTERDAY.
  THUNDERSTORM
  HEAVY RAIN
  LIGHT RAIN
  FOG


RELATIVE HUMIDITY (PERCENT)
 HIGHEST    89          1000 PM
 LOWEST     34           400 PM
 AVERAGE    62

..........................................................


THE HARRISON CLIMATE NORMALS FOR TODAY
                         NORMAL    RECORD    YEAR
 MAXIMUM TEMPERATURE (F)   47        76      1909
 MINIMUM TEMPERATURE (F)   26       -14      1930


SUNRISE AND SUNSET
JANUARY 22 2017.......SUNRISE   720 AM CST   SUNSET   529 PM CST
JANUARY 23 2017.......SUNRISE   720 AM CST   SUNSET   530 PM CST


-  INDICATES NEGATIVE NUMBERS.
R  INDICATES RECORD WAS SET OR TIED.
MM INDICATES DATA IS MISSING.
T  INDICATES TRACE AMOUNT.




$$
