000
CDUS42 KMHX 230525
CLIHSE


CLIMATE REPORT
NATIONAL WEATHER SERVICE NEWPORT/MOREHEAD CITY NC
125 AM EDT THU MAR 23 2017


...................................

...THE CAPE HATTERAS NC CLIMATE SUMMARY FOR MARCH 22 2017...

CLIMATE NORMAL PERIOD 1981 TO 2010
CLIMATE RECORD PERIOD 1874 TO 2017


WEATHER ITEM   OBSERVED TIME   RECORD YEAR NORMAL DEPARTURE LAST
                VALUE   (LST)  VALUE       VALUE  FROM      YEAR
                                                  NORMAL
..................................................................
TEMPERATURE (F)
 YESTERDAY
  MAXIMUM         58    251 AM  75    2011  60     -2       59
                                      1938
                                      1894
  MINIMUM         43   1159 PM  24    1965  46     -3       46
  AVERAGE         51                        53     -2       53

PRECIPITATION (IN)
  YESTERDAY        0.76          1.88 1970   0.15   0.61     0.00
  MONTH TO DATE    4.07                      3.33   0.74     3.97
  SINCE MAR 1      4.07                      3.33   0.74     3.97
  SINCE JAN 1     10.38                     12.59  -2.21    17.08

SNOWFALL (IN)
  YESTERDAY       MM
  MONTH TO DATE    0.0
  SINCE NOV 1      T
  SINCE JUL 1      T
  SNOW DEPTH       0

DEGREE DAYS
 HEATING
  YESTERDAY       14                        12      2       12
  MONTH TO DATE  312                       320     -8      176
  SINCE MAR 1    312                       320     -8      176
  SINCE JUL 1   1634                      2244   -610     1489

 COOLING
  YESTERDAY        0                         0      0        0
  MONTH TO DATE    7                         0      7       11
  SINCE MAR 1      7                         0      7       11
  SINCE JAN 1     15                         0     15       12
..................................................................


WIND (MPH)
  HIGHEST WIND SPEED    23   HIGHEST WIND DIRECTION    NE (40)
  HIGHEST GUST SPEED    40   HIGHEST GUST DIRECTION     N (20)
  AVERAGE WIND SPEED    11.0


SKY COVER
  POSSIBLE SUNSHINE  MM
  AVERAGE SKY COVER 0.2


WEATHER CONDITIONS
 THE FOLLOWING WEATHER WAS RECORDED YESTERDAY.
  HEAVY RAIN
  RAIN
  LIGHT RAIN
  FOG
  HAZE


RELATIVE HUMIDITY (PERCENT)
 HIGHEST    83           700 AM
 LOWEST     45           600 PM
 AVERAGE    64

..........................................................


THE CAPE HATTERAS NC CLIMATE NORMALS FOR TODAY
                         NORMAL    RECORD    YEAR
 MAXIMUM TEMPERATURE (F)   60        82      1907
 MINIMUM TEMPERATURE (F)   46        28      1960


SUNRISE AND SUNSET
MARCH 23 2017.........SUNRISE   702 AM EDT   SUNSET   717 PM EDT
MARCH 24 2017.........SUNRISE   700 AM EDT   SUNSET   718 PM EDT


-  INDICATES NEGATIVE NUMBERS.
R  INDICATES RECORD WAS SET OR TIED.
MM INDICATES DATA IS MISSING.
T  INDICATES TRACE AMOUNT.




$$
