000
CDUS42 KMHX 090532
CLIHSE


CLIMATE REPORT
NATIONAL WEATHER SERVICE NEWPORT/MOREHEAD CITY NC
1231 AM EST TUE FEB 9 2016


...................................

...THE CAPE HATTERAS NC CLIMATE SUMMARY FOR FEBRUARY 8 2016...

CLIMATE NORMAL PERIOD 1981 TO 2010
CLIMATE RECORD PERIOD 1874 TO 2016


WEATHER ITEM   OBSERVED TIME   RECORD YEAR NORMAL DEPARTURE LAST
                VALUE   (LST)  VALUE       VALUE  FROM      YEAR
                                                  NORMAL
..................................................................
TEMPERATURE (F)
 YESTERDAY
  MAXIMUM         50    411 PM  69    1932  53     -3       61
  MINIMUM         37   1051 PM  11    1895  39     -2       53
  AVERAGE         44                        46     -2       57

PRECIPITATION (IN)
  YESTERDAY        0.07          3.80 1906   0.14  -0.07     0.00
  MONTH TO DATE    5.82                      1.20   4.62     2.55
  SINCE DEC 1     15.66                     10.71   4.95     9.61
  SINCE JAN 1     10.69                      6.44   4.25     7.16

SNOWFALL (IN)
  YESTERDAY        0.0
  MONTH TO DATE    0.0
  SINCE NOV 1      T
  SINCE JUL 1      T
  SNOW DEPTH       0

DEGREE DAYS
 HEATING
  YESTERDAY       21                        19      2        8
  MONTH TO DATE   73                       152    -79      176
  SINCE DEC 1    762                      1247   -485     1212
  SINCE JUL 1    934                      1565   -631     1613

 COOLING
  YESTERDAY        0                         0      0        0
  MONTH TO DATE    1                         0      1        0
  SINCE DEC 1     65                         3     62        2
  SINCE JAN 1      1                         0      1        2
..................................................................


WIND (MPH)
  HIGHEST WIND SPEED    22   HIGHEST WIND DIRECTION    NW (330)
  HIGHEST GUST SPEED    36   HIGHEST GUST DIRECTION    NW (320)
  AVERAGE WIND SPEED     9.9


SKY COVER
  POSSIBLE SUNSHINE  MM
  AVERAGE SKY COVER 0.4


WEATHER CONDITIONS
 THE FOLLOWING WEATHER WAS RECORDED YESTERDAY.
  RAIN
  LIGHT RAIN


RELATIVE HUMIDITY (PERCENT)
 HIGHEST    96           100 AM
 LOWEST     50           400 PM
 AVERAGE    73

..........................................................


THE CAPE HATTERAS NC CLIMATE NORMALS FOR TODAY
                         NORMAL    RECORD    YEAR
 MAXIMUM TEMPERATURE (F)   53        72      1990
 MINIMUM TEMPERATURE (F)   40        13      1895


SUNRISE AND SUNSET
FEBRUARY  9 2016......SUNRISE   655 AM EST   SUNSET   539 PM EST
FEBRUARY 10 2016......SUNRISE   654 AM EST   SUNSET   540 PM EST


-  INDICATES NEGATIVE NUMBERS.
R  INDICATES RECORD WAS SET OR TIED.
MM INDICATES DATA IS MISSING.
T  INDICATES TRACE AMOUNT.




$$
