000
CDUS42 KMHX 070625
CLIHSE


CLIMATE REPORT
NATIONAL WEATHER SERVICE NEWPORT/MOREHEAD CITY NC
125 AM EST WED DEC 7 2016


...................................

...THE CAPE HATTERAS NC CLIMATE SUMMARY FOR DECEMBER 6 2016...

CLIMATE NORMAL PERIOD 1981 TO 2010
CLIMATE RECORD PERIOD 1874 TO 2016


WEATHER ITEM   OBSERVED TIME   RECORD YEAR NORMAL DEPARTURE LAST
                VALUE   (LST)  VALUE       VALUE  FROM      YEAR
                                                  NORMAL
..................................................................
TEMPERATURE (F)
 YESTERDAY
  MAXIMUM         67    622 PM  77    1982  58      9       62
  MINIMUM         50   1158 PM  27    1957  45      5       54
  AVERAGE         59                        52      7       58

PRECIPITATION (IN)
  YESTERDAY        0.53          3.59 1979   0.13   0.40     0.00
  MONTH TO DATE    1.82                      0.81   1.01     0.48
  SINCE DEC 1      1.82                      0.81   1.01     0.48
  SINCE JAN 1     70.06                     54.58  15.48    65.06

SNOWFALL (IN)
  YESTERDAY        0.0
  MONTH TO DATE    0.0
  SINCE NOV 1      0.0
  SINCE JUL 1      0.0
  SNOW DEPTH       0

DEGREE DAYS
 HEATING
  YESTERDAY        6                        13     -7        7
  MONTH TO DATE   55                        76    -21       39
  SINCE DEC 1     55                        76    -21       39
  SINCE JUL 1    327                       394    -67      211

 COOLING
  YESTERDAY        0                         0      0        0
  MONTH TO DATE    0                         0      0        0
  SINCE DEC 1      0                         0      0        0
  SINCE JAN 1   2221                      1711    510     2039
..................................................................


WIND (MPH)
  HIGHEST WIND SPEED    25   HIGHEST WIND DIRECTION    SE (120)
  HIGHEST GUST SPEED    37   HIGHEST GUST DIRECTION     W (270)
  AVERAGE WIND SPEED    14.5


SKY COVER
  POSSIBLE SUNSHINE  MM
  AVERAGE SKY COVER 0.8


WEATHER CONDITIONS
 THE FOLLOWING WEATHER WAS RECORDED YESTERDAY.
  RAIN
  LIGHT RAIN
  FOG


RELATIVE HUMIDITY (PERCENT)
 HIGHEST   100           100 PM
 LOWEST     77          1200 AM
 AVERAGE    89

..........................................................


THE CAPE HATTERAS NC CLIMATE NORMALS FOR TODAY
                         NORMAL    RECORD    YEAR
 MAXIMUM TEMPERATURE (F)   58        73      1951
 MINIMUM TEMPERATURE (F)   45        28      1954


SUNRISE AND SUNSET
DECEMBER  7 2016......SUNRISE   658 AM EST   SUNSET   450 PM EST
DECEMBER  8 2016......SUNRISE   659 AM EST   SUNSET   450 PM EST


-  INDICATES NEGATIVE NUMBERS.
R  INDICATES RECORD WAS SET OR TIED.
MM INDICATES DATA IS MISSING.
T  INDICATES TRACE AMOUNT.




$$
