000
CDUS42 KMHX 290525
CLIHSE


CLIMATE REPORT
NATIONAL WEATHER SERVICE NEWPORT/MOREHEAD CITY NC
125 AM EDT FRI MAY 29 2015


...................................

...THE CAPE HATTERAS NC CLIMATE SUMMARY FOR MAY 28 2015...

CLIMATE NORMAL PERIOD 1981 TO 2010
CLIMATE RECORD PERIOD 1874 TO 2015


WEATHER ITEM   OBSERVED TIME   RECORD YEAR NORMAL DEPARTURE LAST
                VALUE   (LST)  VALUE       VALUE  FROM      YEAR
                                                  NORMAL
..................................................................
TEMPERATURE (F)
 YESTERDAY
  MAXIMUM         82    344 PM  87    1991  77      5       83
  MINIMUM         70    242 AM  48    1983  64      6       72
  AVERAGE         76                        70      6       78

PRECIPITATION (IN)
  YESTERDAY        0.00          1.16 1938   0.11  -0.11      T
  MONTH TO DATE    3.21                      3.24  -0.03     1.42
  SINCE MAR 1      7.68                     11.65  -3.97    12.70
  SINCE JAN 1     19.63                     20.91  -1.28    22.79

SNOWFALL (IN)
  YESTERDAY        0.0
  MONTH TO DATE    0.0
  SINCE NOV 1      2.0
  SINCE JUL 1      2.0
  SNOW DEPTH       0

DEGREE DAYS
 HEATING
  YESTERDAY        0                         1     -1        0
  MONTH TO DATE   56                        49      7        9
  SINCE MAR 1    633                       659    -26      701
  SINCE JUL 1   2806                      2583    223     2534

 COOLING
  YESTERDAY       11                         6      5       13
  MONTH TO DATE  113                        97     16      194
  SINCE MAR 1    130                       125      5      221
  SINCE JAN 1    132                       125      7      221
..................................................................


WIND (MPH)
  HIGHEST WIND SPEED    13   HIGHEST WIND DIRECTION    SE (140)
  HIGHEST GUST SPEED    15   HIGHEST GUST DIRECTION    SE (130)
  AVERAGE WIND SPEED     6.7


SKY COVER
  POSSIBLE SUNSHINE  MM
  AVERAGE SKY COVER 0.1


WEATHER CONDITIONS
 THE FOLLOWING WEATHER WAS RECORDED YESTERDAY.
  NO SIGNIFICANT WEATHER WAS OBSERVED.


RELATIVE HUMIDITY (PERCENT)
 HIGHEST    68          1200 AM
 LOWEST     49           100 PM
 AVERAGE    59

..........................................................


THE CAPE HATTERAS NC CLIMATE NORMALS FOR TODAY
                         NORMAL    RECORD    YEAR
 MAXIMUM TEMPERATURE (F)   77        91      1991
 MINIMUM TEMPERATURE (F)   64        49      1961


SUNRISE AND SUNSET
MAY 29 2015...........SUNRISE   550 AM EDT   SUNSET   810 PM EDT
MAY 30 2015...........SUNRISE   550 AM EDT   SUNSET   810 PM EDT


-  INDICATES NEGATIVE NUMBERS.
R  INDICATES RECORD WAS SET OR TIED.
MM INDICATES DATA IS MISSING.
T  INDICATES TRACE AMOUNT.




$$
