000
CDUS42 KMHX 020526
CLIHSE


CLIMATE REPORT
NATIONAL WEATHER SERVICE NEWPORT/MOREHEAD CITY NC
125 AM EDT SUN AUG 2 2015


...................................

...THE CAPE HATTERAS NC CLIMATE SUMMARY FOR AUGUST 1 2015...

CLIMATE NORMAL PERIOD 1981 TO 2010
CLIMATE RECORD PERIOD 1874 TO 2015


WEATHER ITEM   OBSERVED TIME   RECORD YEAR NORMAL DEPARTURE LAST
                VALUE   (LST)  VALUE       VALUE  FROM      YEAR
                                                  NORMAL
..................................................................
TEMPERATURE (F)
 YESTERDAY
  MAXIMUM         87    155 PM  91    2002  85      2       80
                                      1999
                                      1958
  MINIMUM         76    316 AM  61    1966  74      2       74
  AVERAGE         82                        79      3       77

PRECIPITATION (IN)
  YESTERDAY        T             2.16 1930   0.19  -0.19     1.02
  MONTH TO DATE    T                         0.19  -0.19     1.02
  SINCE JUN 1     11.40                      9.21   2.19     9.23
  SINCE JAN 1     31.03                     30.45   0.58    32.02

SNOWFALL (IN)
  YESTERDAY        0.0
  MONTH TO DATE    0.0
  SINCE NOV 1      2.0
  SINCE JUL 1      0.0
  SNOW DEPTH       0

DEGREE DAYS
 HEATING
  YESTERDAY        0                         0      0        0
  MONTH TO DATE    0                         0      0        0
  SINCE JUN 1      0                         3     -3        0
  SINCE JUL 1      0                         0      0        0

 COOLING
  YESTERDAY       17                        14      3       12
  MONTH TO DATE   17                        14      3       12
  SINCE JUN 1    933                       759    174      723
  SINCE JAN 1   1100                       902    198      959
..................................................................


WIND (MPH)
  HIGHEST WIND SPEED    18   HIGHEST WIND DIRECTION    SE (140)
  HIGHEST GUST SPEED    23   HIGHEST GUST DIRECTION    SE (130)
  AVERAGE WIND SPEED     8.6


SKY COVER
  POSSIBLE SUNSHINE  MM
  AVERAGE SKY COVER 0.2


WEATHER CONDITIONS
 THE FOLLOWING WEATHER WAS RECORDED YESTERDAY.
  LIGHT RAIN


RELATIVE HUMIDITY (PERCENT)
 HIGHEST    85           700 PM
 LOWEST     68           200 PM
 AVERAGE    77

..........................................................


THE CAPE HATTERAS NC CLIMATE NORMALS FOR TODAY
                         NORMAL    RECORD    YEAR
 MAXIMUM TEMPERATURE (F)   85        92      2011
                                             1970
 MINIMUM TEMPERATURE (F)   74        58      1964


SUNRISE AND SUNSET
AUGUST  2 2015........SUNRISE   612 AM EDT   SUNSET   805 PM EDT
AUGUST  3 2015........SUNRISE   613 AM EDT   SUNSET   804 PM EDT


-  INDICATES NEGATIVE NUMBERS.
R  INDICATES RECORD WAS SET OR TIED.
MM INDICATES DATA IS MISSING.
T  INDICATES TRACE AMOUNT.




$$
