000
CDUS43 KGID 180640
CLIHSI


CLIMATE REPORT
NATIONAL WEATHER SERVICE HASTINGS NE
1238 AM CST THU DEC 18 2014


...................................

...THE HASTINGS NE CLIMATE SUMMARY FOR DECEMBER 17 2014...

CLIMATE NORMAL PERIOD 1981 TO 2010
CLIMATE RECORD PERIOD 1894 TO 2014


WEATHER ITEM   OBSERVED TIME   RECORD YEAR NORMAL DEPARTURE LAST
                VALUE   (LST)  VALUE       VALUE  FROM      YEAR
                                                  NORMAL
..................................................................
TEMPERATURE (F)
 YESTERDAY
  MAXIMUM         26    358 PM  72    1939  36    -10       47
  MINIMUM         20    935 AM -11    1964  18      2       24
                                      1914
  AVERAGE         23                        27     -4       36

PRECIPITATION (IN)
  YESTERDAY        0.00          0.70 1897   0.02  -0.02     0.00
  MONTH TO DATE    0.30                      0.44  -0.14     0.13
  SINCE DEC 1      0.30                      0.44  -0.14     0.13
  SINCE JAN 1     28.97                     26.94   2.03    25.20

SNOWFALL (IN)
  YESTERDAY        0.0           7.0  1897   0.2   -0.2      0.0
  MONTH TO DATE    T                         3.2   -3.2      4.4
  SINCE DEC 1      T                         3.2   -3.2      4.4
  SINCE JUL 1      1.7                       7.0   -5.3      4.8
  SNOW DEPTH       0

DEGREE DAYS
 HEATING
  YESTERDAY       42                        38      4       29
  MONTH TO DATE  522                       613    -91      723
  SINCE DEC 1    522                       613    -91      723
  SINCE JUL 1   1860                      1894    -34     1988

 COOLING
  YESTERDAY        0                         0      0        0
  MONTH TO DATE    0                         0      0        0
  SINCE DEC 1      0                         0      0        0
  SINCE JAN 1   1018                      1077    -59     1158
..................................................................


WIND (MPH)
  HIGHEST WIND SPEED    10   HIGHEST WIND DIRECTION    SE (130)
  HIGHEST GUST SPEED    14   HIGHEST GUST DIRECTION    SE (150)
  AVERAGE WIND SPEED     6.0


SKY COVER
  AVERAGE SKY COVER 1.0


WEATHER CONDITIONS
 THE FOLLOWING WEATHER WAS RECORDED YESTERDAY.
  FOG


RELATIVE HUMIDITY (PERCENT)
 HIGHEST    91           500 AM
 LOWEST     74           100 PM
 AVERAGE    83

..........................................................


THE HASTINGS NE CLIMATE NORMALS FOR TODAY
                         NORMAL    RECORD    YEAR
 MAXIMUM TEMPERATURE (F)   36        68      1979
 MINIMUM TEMPERATURE (F)   17       -11      1983


SUNRISE AND SUNSET
DECEMBER 18 2014......SUNRISE   752 AM CST   SUNSET   509 PM CST
DECEMBER 19 2014......SUNRISE   753 AM CST   SUNSET   509 PM CST


-  INDICATES NEGATIVE NUMBERS.
R  INDICATES RECORD WAS SET OR TIED.
MM INDICATES DATA IS MISSING.
T  INDICATES TRACE AMOUNT.




$$

BRYANT
