236
CDUS43 KGID 220630
CLIHSI


CLIMATE REPORT
NATIONAL WEATHER SERVICE HASTINGS NE
130 AM CDT FRI MAY 22 2015


...................................

...THE HASTINGS NE CLIMATE SUMMARY FOR MAY 21 2015...

CLIMATE NORMAL PERIOD 1981 TO 2010
CLIMATE RECORD PERIOD 1894 TO 2015


WEATHER ITEM   OBSERVED TIME   RECORD YEAR NORMAL DEPARTURE LAST
                VALUE   (LST)  VALUE       VALUE  FROM      YEAR
                                                  NORMAL
..................................................................
TEMPERATURE (F)
 YESTERDAY
  MAXIMUM         65    545 PM  97    2005  74     -9       82
                                      1934
  MINIMUM         37    526 AM  34    1931  53    -16       56
  AVERAGE         51                        63    -12       69

PRECIPITATION (IN)
  YESTERDAY        0.00          1.90 1961   0.15  -0.15     0.00
  MONTH TO DATE    3.34                      3.28   0.06     1.67
  SINCE MAR 1      7.09                      7.63  -0.54     5.75
  SINCE JAN 1      8.20                      8.53  -0.33     6.46

SNOWFALL (IN)
  YESTERDAY        0.0          MM      MM   0.0    0.0      0.0
  MONTH TO DATE    0.0                       0.0    0.0      0.0
  SINCE MAR 1      0.8                       6.4   -5.6      3.4
  SINCE JUL 1     17.0                      28.8  -11.8     21.7
  SNOW DEPTH       0

DEGREE DAYS
 HEATING
  YESTERDAY       14                         4     10        0
  MONTH TO DATE  143                       140      3      174
  SINCE MAR 1   1134                      1349   -215     1437
  SINCE JUL 1   5757                      5979   -222     6317

 COOLING
  YESTERDAY        0                         2     -2        4
  MONTH TO DATE   22                        26     -4       30
  SINCE MAR 1     26                        31     -5       38
  SINCE JAN 1     26                        31     -5       38
..................................................................


WIND (MPH)
  HIGHEST WIND SPEED    13   HIGHEST WIND DIRECTION    NW (320)
  HIGHEST GUST SPEED    19   HIGHEST GUST DIRECTION    NW (330)
  AVERAGE WIND SPEED     5.6


SKY COVER
  AVERAGE SKY COVER 0.0


WEATHER CONDITIONS
 THE FOLLOWING WEATHER WAS RECORDED YESTERDAY.
  HAZE


RELATIVE HUMIDITY (PERCENT)
 HIGHEST    92          1200 AM
 LOWEST     31           500 PM
 AVERAGE    62

..........................................................


THE HASTINGS NE CLIMATE NORMALS FOR TODAY
                         NORMAL    RECORD    YEAR
 MAXIMUM TEMPERATURE (F)   74        95      1926
 MINIMUM TEMPERATURE (F)   53        34      1963
                                             1931


SUNRISE AND SUNSET
MAY 22 2015...........SUNRISE   611 AM CDT   SUNSET   850 PM CDT
MAY 23 2015...........SUNRISE   610 AM CDT   SUNSET   851 PM CDT


-  INDICATES NEGATIVE NUMBERS.
R  INDICATES RECORD WAS SET OR TIED.
MM INDICATES DATA IS MISSING.
T  INDICATES TRACE AMOUNT.




$$
