000
CDUS43 KGID 202225
CLIHSI


CLIMATE REPORT
NATIONAL WEATHER SERVICE HASTINGS NE
524 PM CDT FRI OCT 20 2017


...................................

...THE HASTINGS NE CLIMATE SUMMARY FOR OCTOBER 20 2017...
VALID TODAY AS OF 0500 PM LOCAL TIME.

CLIMATE NORMAL PERIOD 1981 TO 2010
CLIMATE RECORD PERIOD 1894 TO 2017


WEATHER ITEM   OBSERVED TIME   RECORD YEAR NORMAL DEPARTURE LAST
                VALUE   (LST)  VALUE       VALUE  FROM      YEAR
                                                  NORMAL
..................................................................
TEMPERATURE (F)
 TODAY
  MAXIMUM         76    222 PM  92    1947  63     13       59
  MINIMUM         56    731 AM  18    1916  39     17       42
  AVERAGE         66                        51     15       51

PRECIPITATION (IN)
  TODAY            0.00          1.31 1962   0.07  -0.07     0.00
  MONTH TO DATE    4.68                      1.42   3.26     0.22
  SINCE SEP 1      6.86                      3.98   2.88     2.02
  SINCE JAN 1     30.30                     24.64   5.66    18.59

SNOWFALL (IN)
  TODAY            0.0          MM      MM   0.1   -0.1      0.0
  MONTH TO DATE    T                         0.5   -0.5      0.0
  SINCE SEP 1      T                         0.7   -0.7      0.0
  SINCE JUL 1      T                         0.7   -0.7      0.0
  6 AM SNOW DEPTH  0

DEGREE DAYS
 HEATING
  TODAY            0                        14    -14       14
  MONTH TO DATE  148                       211    -63      162
  SINCE SEP 1    200                       301   -101      225
  SINCE JUL 1    204                       307   -103      229

 COOLING
  TODAY            1                         0      1        0
  MONTH TO DATE    6                        11     -5        7
  SINCE SEP 1    172                       121     51      145
  SINCE JAN 1   1129                      1074     55     1193
..................................................................


WIND (MPH)
  HIGHEST WIND SPEED    31   HIGHEST WIND DIRECTION     S (170)
  HIGHEST GUST SPEED    44   HIGHEST GUST DIRECTION     S (170)
  AVERAGE WIND SPEED    16.3


SKY COVER
  AVERAGE SKY COVER 0.0


WEATHER CONDITIONS
 THE FOLLOWING WEATHER WAS RECORDED TODAY.
  NO SIGNIFICANT WEATHER WAS OBSERVED.


RELATIVE HUMIDITY (PERCENT)
 HIGHEST    77           700 AM
 LOWEST     50           200 PM
 AVERAGE    64

..........................................................


THE HASTINGS NE CLIMATE NORMALS FOR TOMORROW
                         NORMAL    RECORD    YEAR
 MAXIMUM TEMPERATURE (F)   62        90      1947
 MINIMUM TEMPERATURE (F)   39        20      1916


SUNRISE AND SUNSET
OCTOBER 20 2017.......SUNRISE   751 AM CDT   SUNSET   646 PM CDT
OCTOBER 21 2017.......SUNRISE   752 AM CDT   SUNSET   644 PM CDT


-  INDICATES NEGATIVE NUMBERS.
R  INDICATES RECORD WAS SET OR TIED.
MM INDICATES DATA IS MISSING.
T  INDICATES TRACE AMOUNT.




$$

Rossi
