000
CDUS43 KGID 020722
CLIHSI


CLIMATE REPORT
NATIONAL WEATHER SERVICE HASTINGS NE
222 AM CDT TUE SEP 2 2014


...................................

...THE HASTINGS NE CLIMATE SUMMARY FOR SEPTEMBER 1 2014...

CLIMATE NORMAL PERIOD 1981 TO 2010
CLIMATE RECORD PERIOD 1894 TO 2014


WEATHER ITEM   OBSERVED TIME   RECORD YEAR NORMAL DEPARTURE LAST
                VALUE   (LST)  VALUE       VALUE  FROM      YEAR
                                                  NORMAL
..................................................................
TEMPERATURE (F)
 YESTERDAY
  MAXIMUM         76   1250 PM 101    1990  82     -6       84
                                      1948
  MINIMUM         57    621 AM  42    1956  59     -2       60
  AVERAGE         67                        71     -4       72

PRECIPITATION (IN)
  YESTERDAY        0.01          2.38 1934   0.11  -0.10      T
  MONTH TO DATE    0.01                      0.11  -0.10      T
  SINCE SEP 1      0.01                      0.11  -0.10      T
  SINCE JAN 1     24.91                     20.77   4.14    18.06

SNOWFALL (IN)
  YESTERDAY        0.0                       0.0    0.0      0.0
  MONTH TO DATE    0.0                       0.0    0.0      0.0
  SINCE SEP 1      0.0                       0.0    0.0      0.0
  SINCE JUL 1      0.0                       0.0    0.0      0.0
  SNOW DEPTH       0

DEGREE DAYS
 HEATING
  YESTERDAY        0                         1     -1        0
  MONTH TO DATE    0                         1     -1        0
  SINCE SEP 1      0                         1     -1        0
  SINCE JUL 1      6                         7     -1        6

 COOLING
  YESTERDAY        2                         7     -5        7
  MONTH TO DATE    2                         7     -5        7
  SINCE SEP 1      2                         7     -5        7
  SINCE JAN 1    922                       960    -38      965
..................................................................


WIND (MPH)
  HIGHEST WIND SPEED    16   HIGHEST WIND DIRECTION     N (360)
  HIGHEST GUST SPEED    21   HIGHEST GUST DIRECTION    NW (320)
  AVERAGE WIND SPEED     6.9


SKY COVER
  AVERAGE SKY COVER 0.2


WEATHER CONDITIONS
 THE FOLLOWING WEATHER WAS RECORDED YESTERDAY.
  NO SIGNIFICANT WEATHER WAS OBSERVED.


RELATIVE HUMIDITY (PERCENT)
 HIGHEST    86           500 AM
 LOWEST     46          1200 PM
 AVERAGE    66

..........................................................


THE HASTINGS NE CLIMATE NORMALS FOR TODAY
                         NORMAL    RECORD    YEAR
 MAXIMUM TEMPERATURE (F)   82       104      1948
 MINIMUM TEMPERATURE (F)   59        44      1952


SUNRISE AND SUNSET
SEPTEMBER  2 2014.....SUNRISE   702 AM CDT   SUNSET   804 PM CDT
SEPTEMBER  3 2014.....SUNRISE   703 AM CDT   SUNSET   803 PM CDT


-  INDICATES NEGATIVE NUMBERS.
R  INDICATES RECORD WAS SET OR TIED.
MM INDICATES DATA IS MISSING.
T  INDICATES TRACE AMOUNT.




$$
