221
CDUS43 KGID 040652
CLIHSI


CLIMATE REPORT
NATIONAL WEATHER SERVICE HASTINGS NE
151 AM CDT WED MAY 4 2016


...................................

...THE HASTINGS NE CLIMATE SUMMARY FOR MAY 3 2016...

CLIMATE NORMAL PERIOD 1981 TO 2010
CLIMATE RECORD PERIOD 1894 TO 2016


WEATHER ITEM   OBSERVED TIME   RECORD YEAR NORMAL DEPARTURE LAST
                VALUE   (LST)  VALUE       VALUE  FROM      YEAR
                                                  NORMAL
..................................................................
TEMPERATURE (F)
 YESTERDAY
  MAXIMUM         69    443 PM  91    2015  68      1       91
  MINIMUM         37    554 AM  24    1907  45     -8       55
  AVERAGE         53                        57     -4       73

PRECIPITATION (IN)
  YESTERDAY        0.00          2.57 1987   0.16  -0.16     0.00
  MONTH TO DATE    0.03                      0.48  -0.45      T
  SINCE MAR 1      6.26                      4.83   1.43     3.75
  SINCE JAN 1      8.18                      5.73   2.45     4.86

SNOWFALL (IN)
  YESTERDAY        0.0           4.5  1967   0.0    0.0      0.0
  MONTH TO DATE    0.0                       0.0    0.0      0.0
  SINCE MAR 1      2.1                       6.4   -4.3      0.8
  SINCE JUL 1     32.4                      28.8    3.6     17.0
  SNOW DEPTH       0

DEGREE DAYS
 HEATING
  YESTERDAY       12                         9      3        0
  MONTH TO DATE   47                        27     20        0
  SINCE MAR 1    977                      1236   -259      991
  SINCE JUL 1   4887                      5866   -979     5614

 COOLING
  YESTERDAY        0                         1     -1        8
  MONTH TO DATE    0                         1     -1       17
  SINCE MAR 1      0                         6     -6       21
  SINCE JAN 1      0                         6     -6       21
..................................................................


WIND (MPH)
  HIGHEST WIND SPEED    17   HIGHEST WIND DIRECTION    NW (310)
  HIGHEST GUST SPEED    21   HIGHEST GUST DIRECTION     W (290)
  AVERAGE WIND SPEED     5.8


SKY COVER
  AVERAGE SKY COVER 0.1


WEATHER CONDITIONS
 THE FOLLOWING WEATHER WAS RECORDED YESTERDAY.
  NO SIGNIFICANT WEATHER WAS OBSERVED.


RELATIVE HUMIDITY (PERCENT)
 HIGHEST    85           600 AM
 LOWEST     34           100 PM
 AVERAGE    60

..........................................................


THE HASTINGS NE CLIMATE NORMALS FOR TODAY
                         NORMAL    RECORD    YEAR
 MAXIMUM TEMPERATURE (F)   68        90      1962
 MINIMUM TEMPERATURE (F)   46        26      1907


SUNRISE AND SUNSET
MAY  4 2016...........SUNRISE   628 AM CDT   SUNSET   833 PM CDT
MAY  5 2016...........SUNRISE   627 AM CDT   SUNSET   834 PM CDT


-  INDICATES NEGATIVE NUMBERS.
R  INDICATES RECORD WAS SET OR TIED.
MM INDICATES DATA IS MISSING.
T  INDICATES TRACE AMOUNT.




$$
