000
CDUS43 KGID 142222
CLIHSI


CLIMATE REPORT
NATIONAL WEATHER SERVICE HASTINGS NE
522 PM CDT SUN SEP 14 2014


...................................

...THE HASTINGS NE CLIMATE SUMMARY FOR SEPTEMBER 14 2014...
VALID TODAY AS OF 0500 PM LOCAL TIME.

CLIMATE NORMAL PERIOD 1981 TO 2010
CLIMATE RECORD PERIOD 1894 TO 2014


WEATHER ITEM   OBSERVED TIME   RECORD YEAR NORMAL DEPARTURE LAST
                VALUE   (LST)  VALUE       VALUE  FROM      YEAR
                                                  NORMAL
..................................................................
TEMPERATURE (F)
 TODAY
  MAXIMUM         70    335 PM  99    1939  78     -8       75
  MINIMUM         43    313 AM  36    1961  55    -12       57
  AVERAGE         57                        66     -9       66

PRECIPITATION (IN)
  TODAY            0.00          1.47 1914   0.08  -0.08      T
  MONTH TO DATE    1.34                      1.29   0.05     0.40
  SINCE SEP 1      1.34                      1.29   0.05     0.40
  SINCE JAN 1     26.24                     21.95   4.29    18.46

SNOWFALL (IN)
  TODAY            0.0                       0.0    0.0      0.0
  MONTH TO DATE    0.0                       0.0    0.0      0.0
  SINCE SEP 1      0.0                       0.0    0.0      0.0
  SINCE JUL 1      0.0                       0.0    0.0      0.0
  SNOW DEPTH       0

DEGREE DAYS
 HEATING
  TODAY            8                         2      6        0
  MONTH TO DATE   82                        19     63        1
  SINCE SEP 1     82                        19     63        1
  SINCE JUL 1     88                        25     63        7

 COOLING
  TODAY            0                         4     -4        1
  MONTH TO DATE   42                        72    -30      142
  SINCE SEP 1     42                        72    -30      142
  SINCE JAN 1    962                      1025    -63     1100
..................................................................


WIND (MPH)
  HIGHEST WIND SPEED    20   HIGHEST WIND DIRECTION    SE (150)
  HIGHEST GUST SPEED    24   HIGHEST GUST DIRECTION    SE (150)
  AVERAGE WIND SPEED     7.1


SKY COVER
  AVERAGE SKY COVER 0.2


WEATHER CONDITIONS
 THE FOLLOWING WEATHER WAS RECORDED TODAY.
  NO SIGNIFICANT WEATHER WAS OBSERVED.


RELATIVE HUMIDITY (PERCENT)
 HIGHEST    89           300 AM
 LOWEST     51           200 PM
 AVERAGE    70

..........................................................


THE HASTINGS NE CLIMATE NORMALS FOR TOMORROW
                         NORMAL    RECORD    YEAR
 MAXIMUM TEMPERATURE (F)   78       100      1939
 MINIMUM TEMPERATURE (F)   54        35      1993


SUNRISE AND SUNSET
SEPTEMBER 14 2014.....SUNRISE   713 AM CDT   SUNSET   744 PM CDT
SEPTEMBER 15 2014.....SUNRISE   714 AM CDT   SUNSET   743 PM CDT


-  INDICATES NEGATIVE NUMBERS.
R  INDICATES RECORD WAS SET OR TIED.
MM INDICATES DATA IS MISSING.
T  INDICATES TRACE AMOUNT.




$$
