000
CDUS43 KGID 110709
CLIHSI


CLIMATE REPORT
NATIONAL WEATHER SERVICE HASTINGS NE
108 AM CST THU FEB 11 2016


...................................

...THE HASTINGS NE CLIMATE SUMMARY FOR FEBRUARY 10 2016...

CLIMATE NORMAL PERIOD 1981 TO 2010
CLIMATE RECORD PERIOD 1894 TO 2016


WEATHER ITEM   OBSERVED TIME   RECORD YEAR NORMAL DEPARTURE LAST
                VALUE   (LST)  VALUE       VALUE  FROM      YEAR
                                                  NORMAL
..................................................................
TEMPERATURE (F)
 YESTERDAY
  MAXIMUM         47    244 PM  73    1999  39      8       55
  MINIMUM         25    621 AM -13    1933  18      7       33
  AVERAGE         36                        29      7       44

PRECIPITATION (IN)
  YESTERDAY        0.00          0.42 1960   0.02  -0.02     0.00
  MONTH TO DATE    1.57                      0.17   1.40     0.22
  SINCE DEC 1      4.10                      1.19   2.91     1.53
  SINCE JAN 1      1.92                      0.58   1.34     0.99

SNOWFALL (IN)
  YESTERDAY        0.0           3.0  1960   0.3   -0.3      0.0
                                      1959
                                      1898
  MONTH TO DATE   16.0                       2.6   13.4      3.6
  SINCE DEC 1     26.1                      14.7   11.4     12.7
  SINCE JUL 1     30.3                      18.5   11.8     14.4
  6AM SNOW DEPTH   5

DEGREE DAYS
 HEATING
  YESTERDAY       29                        36     -7       21
  MONTH TO DATE  374                       372      2      342
  SINCE DEC 1   2499                      2740   -241     2525
  SINCE JUL 1   3425                      4021   -596     3863

 COOLING
  YESTERDAY        0                         0      0        0
  MONTH TO DATE    0                         0      0        0
  SINCE DEC 1      0                         0      0        0
  SINCE JAN 1      0                         0      0        0
..................................................................


WIND (MPH)
  HIGHEST WIND SPEED    18   HIGHEST WIND DIRECTION    NE (40)
  HIGHEST GUST SPEED    22   HIGHEST GUST DIRECTION    NE (40)
  AVERAGE WIND SPEED     9.2


SKY COVER
  AVERAGE SKY COVER 0.2


WEATHER CONDITIONS
 THE FOLLOWING WEATHER WAS RECORDED YESTERDAY.
  NO SIGNIFICANT WEATHER WAS OBSERVED.


RELATIVE HUMIDITY (PERCENT)
 HIGHEST    85          1100 PM
 LOWEST     57          1200 PM
 AVERAGE    71

..........................................................


THE HASTINGS NE CLIMATE NORMALS FOR TODAY
                         NORMAL    RECORD    YEAR
 MAXIMUM TEMPERATURE (F)   39        75      1962
 MINIMUM TEMPERATURE (F)   19       -17      1981


SUNRISE AND SUNSET
FEBRUARY 11 2016......SUNRISE   733 AM CST   SUNSET   603 PM CST
FEBRUARY 12 2016......SUNRISE   732 AM CST   SUNSET   605 PM CST


-  INDICATES NEGATIVE NUMBERS.
R  INDICATES RECORD WAS SET OR TIED.
MM INDICATES DATA IS MISSING.
T  INDICATES TRACE AMOUNT.




$$

JMBW
