000
CDUS43 KGID 010726
CLIHSI


CLIMATE REPORT
NATIONAL WEATHER SERVICE HASTINGS NE
125 AM CST SUN MAR 1 2015


...................................

...THE HASTINGS NE CLIMATE SUMMARY FOR FEBRUARY 28 2015...

CLIMATE NORMAL PERIOD 1981 TO 2010
CLIMATE RECORD PERIOD 1894 TO 2015


WEATHER ITEM   OBSERVED TIME   RECORD YEAR NORMAL DEPARTURE LAST
                VALUE   (LST)  VALUE       VALUE  FROM      YEAR
                                                  NORMAL
..................................................................
TEMPERATURE (F)
 YESTERDAY
  MAXIMUM         22    357 PM  80    2006  44    -22       41
  MINIMUM          5    557 AM -12    1962  23    -18       18
  AVERAGE         14                        34    -20       30

PRECIPITATION (IN)
  YESTERDAY        0.01          1.06 1951   0.02  -0.01      T
  MONTH TO DATE    0.34                      0.49  -0.15     0.34
  SINCE DEC 1      1.65                      1.51   0.14     0.85
  SINCE JAN 1      1.11                      0.90   0.21     0.71

SNOWFALL (IN)
  YESTERDAY        0.1           7.0  1918   0.2   -0.1      0.0
  MONTH TO DATE    5.4                       6.5   -1.1      7.5
  SINCE DEC 1     14.5                      18.6   -4.1     17.9
  SINCE JUL 1     16.2                      22.4   -6.2     18.3
  SNOW DEPTH       0

DEGREE DAYS
 HEATING
  YESTERDAY       51                        31     20       35
  MONTH TO DATE 1102                       982    120     1158
  SINCE DEC 1   3285                      3349    -64     3615
  SINCE JUL 1   4623                      4630     -7     4880

 COOLING
  YESTERDAY        0                         0      0        0
  MONTH TO DATE    0                         0      0        0
  SINCE DEC 1      0                         0      0        0
  SINCE JAN 1      0                         0      0        0
..................................................................


WIND (MPH)
  HIGHEST WIND SPEED    13   HIGHEST WIND DIRECTION     S (200)
  HIGHEST GUST SPEED    17   HIGHEST GUST DIRECTION     S (200)
  AVERAGE WIND SPEED     7.9


SKY COVER
  AVERAGE SKY COVER 0.7


WEATHER CONDITIONS
 THE FOLLOWING WEATHER WAS RECORDED YESTERDAY.
  LIGHT SNOW
  FOG


RELATIVE HUMIDITY (PERCENT)
 HIGHEST    91           800 AM
 LOWEST     66          1200 AM
 AVERAGE    79

..........................................................


THE HASTINGS NE CLIMATE NORMALS FOR TODAY
                         NORMAL    RECORD    YEAR
 MAXIMUM TEMPERATURE (F)   45        80      1967
 MINIMUM TEMPERATURE (F)   24        -9      1980


SUNRISE AND SUNSET
MARCH  1 2015.........SUNRISE   708 AM CST   SUNSET   625 PM CST
MARCH  2 2015.........SUNRISE   706 AM CST   SUNSET   626 PM CST


-  INDICATES NEGATIVE NUMBERS.
R  INDICATES RECORD WAS SET OR TIED.
MM INDICATES DATA IS MISSING.
T  INDICATES TRACE AMOUNT.




$$
