000
CDUS43 KGID 260652
CLIHSI


CLIMATE REPORT
NATIONAL WEATHER SERVICE HASTINGS NE
1252 AM CST WED NOV 26 2014


...................................

...THE HASTINGS NE CLIMATE SUMMARY FOR NOVEMBER 25 2014...

CLIMATE NORMAL PERIOD 1981 TO 2010
CLIMATE RECORD PERIOD 1894 TO 2014


WEATHER ITEM   OBSERVED TIME   RECORD YEAR NORMAL DEPARTURE LAST
                VALUE   (LST)  VALUE       VALUE  FROM      YEAR
                                                  NORMAL
..................................................................
TEMPERATURE (F)
 YESTERDAY
  MAXIMUM         46    536 PM  76    1960  44      2       46
  MINIMUM         19    436 AM   1    1993  24     -5       21
  AVERAGE         33                        34     -1       34

PRECIPITATION (IN)
  YESTERDAY        0.00          1.26 1896   0.03  -0.03     0.00
  MONTH TO DATE    0.23                      1.16  -0.93     1.00
  SINCE SEP 1      3.77                      5.71  -1.94     7.01
  SINCE JAN 1     28.67                     26.37   2.30    25.07

SNOWFALL (IN)
  YESTERDAY        0.0           6.0  1908   0.1   -0.1      0.0
  MONTH TO DATE    1.7                       1.9   -0.2      0.4
  SINCE SEP 1      1.7                       3.1   -1.4      0.4
  SINCE JUL 1      1.7                       3.1   -1.4      0.4
  SNOW DEPTH       0

DEGREE DAYS
 HEATING
  YESTERDAY       32                        31      1       31
  MONTH TO DATE  765                       627    138      642
  SINCE SEP 1   1185                      1114     71     1084
  SINCE JUL 1   1191                      1120     71     1090

 COOLING
  YESTERDAY        0                         0      0        0
  MONTH TO DATE    0                         0      0        0
  SINCE SEP 1     98                       124    -26      200
  SINCE JAN 1   1018                      1077    -59     1158
..................................................................


WIND (MPH)
  HIGHEST WIND SPEED    17   HIGHEST WIND DIRECTION    SW (210)
  HIGHEST GUST SPEED    24   HIGHEST GUST DIRECTION    SW (210)
  AVERAGE WIND SPEED     9.1


SKY COVER
  AVERAGE SKY COVER 0.3


WEATHER CONDITIONS
 THE FOLLOWING WEATHER WAS RECORDED YESTERDAY.
  NO SIGNIFICANT WEATHER WAS OBSERVED.


RELATIVE HUMIDITY (PERCENT)
 HIGHEST    88           600 AM
 LOWEST     34           400 PM
 AVERAGE    61

..........................................................


THE HASTINGS NE CLIMATE NORMALS FOR TODAY
                         NORMAL    RECORD    YEAR
 MAXIMUM TEMPERATURE (F)   44        74      1960
 MINIMUM TEMPERATURE (F)   24         1      1993
                                             1975


SUNRISE AND SUNSET
NOVEMBER 26 2014......SUNRISE   733 AM CST   SUNSET   509 PM CST
NOVEMBER 27 2014......SUNRISE   734 AM CST   SUNSET   509 PM CST


-  INDICATES NEGATIVE NUMBERS.
R  INDICATES RECORD WAS SET OR TIED.
MM INDICATES DATA IS MISSING.
T  INDICATES TRACE AMOUNT.




$$
