000
CDUS44 KHUN 280703
CLIHSV


CLIMATE REPORT
NATIONAL WEATHER SERVICE HUNTSVILLE AL
202 AM CDT FRI AUG 28 2015


...................................

...THE HUNTSVILLE CLIMATE SUMMARY FOR AUGUST 27 2015...

CLIMATE NORMAL PERIOD 1981 TO 2010
CLIMATE RECORD PERIOD 1894 TO 2015


WEATHER ITEM   OBSERVED TIME   RECORD YEAR NORMAL DEPARTURE LAST
                VALUE   (LST)  VALUE       VALUE  FROM      YEAR
                                                  NORMAL
..................................................................
TEMPERATURE (F)
 YESTERDAY
  MAXIMUM         88    240 PM 104    1943  90     -2       93
  MINIMUM         58    409 AM  52    1945  68    -10       68
  AVERAGE         73                        79     -6       81

PRECIPITATION (IN)
  YESTERDAY        0.00          0.92 1992   0.10  -0.10     0.00
  MONTH TO DATE    6.83                      3.17   3.66     2.09
  SINCE JUN 1     15.02                     11.51   3.51    13.69
  SINCE JAN 1     40.40                     35.88   4.52    37.16

SNOWFALL (IN)
  YESTERDAY        0.0
  MONTH TO DATE    0.0
  SINCE JUN 1      0.0
  SINCE JUL 1      0.0
  SNOW DEPTH       0

DEGREE DAYS
 HEATING
  YESTERDAY        0                         0      0        0
  MONTH TO DATE    0                         0      0        0
  SINCE JUN 1      0                         1     -1        0
  SINCE JUL 1      0                         0      0        0

 COOLING
  YESTERDAY        8                        14     -6       16
  MONTH TO DATE  403                       417    -14      422
  SINCE JUN 1   1476                      1279    197     1216
  SINCE JAN 1   1801                      1542    259     1487
..................................................................


WIND (MPH)
  HIGHEST WIND SPEED    12   HIGHEST WIND DIRECTION    NE (60)
  HIGHEST GUST SPEED    14   HIGHEST GUST DIRECTION    NE (50)
  AVERAGE WIND SPEED     4.8


SKY COVER
  POSSIBLE SUNSHINE  MM
  AVERAGE SKY COVER 0.1


WEATHER CONDITIONS
 THE FOLLOWING WEATHER WAS RECORDED YESTERDAY.
  NO SIGNIFICANT WEATHER WAS OBSERVED.


RELATIVE HUMIDITY (PERCENT)
 HIGHEST    87           400 AM
 LOWEST     48           300 PM
 AVERAGE    68

..........................................................


THE HUNTSVILLE CLIMATE NORMALS FOR TODAY
                         NORMAL    RECORD    YEAR
 MAXIMUM TEMPERATURE (F)   90       103      1924
                                             1920
 MINIMUM TEMPERATURE (F)   68        56      1967
                                             1927
                                             1922


SUNRISE AND SUNSET
AUGUST 28 2015........SUNRISE   617 AM CDT   SUNSET   719 PM CDT
AUGUST 29 2015........SUNRISE   618 AM CDT   SUNSET   718 PM CDT


-  INDICATES NEGATIVE NUMBERS.
R  INDICATES RECORD WAS SET OR TIED.
MM INDICATES DATA IS MISSING.
T  INDICATES TRACE AMOUNT.




$$
