000
CDUS44 KHUN 010705
CLIHSV


CLIMATE REPORT
NATIONAL WEATHER SERVICE HUNTSVILLE AL
204 AM CDT SUN MAY 1 2016


...................................

...THE HUNTSVILLE CLIMATE SUMMARY FOR APRIL 30 2016...

CLIMATE NORMAL PERIOD 1981 TO 2010
CLIMATE RECORD PERIOD 1894 TO 2016


WEATHER ITEM   OBSERVED TIME   RECORD YEAR NORMAL DEPARTURE LAST
                VALUE   (LST)  VALUE       VALUE  FROM      YEAR
                                                  NORMAL
..................................................................
TEMPERATURE (F)
 YESTERDAY
  MAXIMUM         81    142 PM  92    1942  77      4       76
  MINIMUM         63    500 AM  39    1969  55      8       48
                                      1945
                                      1939
  AVERAGE         72                        66      6       62

PRECIPITATION (IN)
  YESTERDAY        0.01          2.62 1924   0.15  -0.14     0.00
  MONTH TO DATE    2.24                      4.32  -2.08     6.94
  SINCE MAR 1      6.73                      9.53  -2.80    12.56
  SINCE JAN 1     16.68                     19.26  -2.58    20.30

SNOWFALL (IN)
  YESTERDAY        0.0
  MONTH TO DATE    0.0
  SINCE MAR 1      T
  SINCE JUL 1      0.4
  SNOW DEPTH       0

DEGREE DAYS
 HEATING
  YESTERDAY        0                         2     -2        3
  MONTH TO DATE  104                       154    -50       68
  SINCE MAR 1    337                       522   -185      375
  SINCE JUL 1   2233                      2974   -741     3016

 COOLING
  YESTERDAY        7                         3      4        0
  MONTH TO DATE   66                        58      8       58
  SINCE MAR 1     90                        71     19       63
  SINCE JAN 1     91                        72     19       63
..................................................................


WIND (MPH)
  HIGHEST WIND SPEED    13   HIGHEST WIND DIRECTION    NW (300)
  HIGHEST GUST SPEED    17   HIGHEST GUST DIRECTION     W (290)
  AVERAGE WIND SPEED     4.0


SKY COVER
  POSSIBLE SUNSHINE  MM
  AVERAGE SKY COVER 0.7


WEATHER CONDITIONS
 THE FOLLOWING WEATHER WAS RECORDED YESTERDAY.
  THUNDERSTORM


RELATIVE HUMIDITY (PERCENT)
 HIGHEST   100          1200 AM
 LOWEST     58          1200 PM
 AVERAGE    79

..........................................................


THE HUNTSVILLE CLIMATE NORMALS FOR TODAY
                         NORMAL    RECORD    YEAR
 MAXIMUM TEMPERATURE (F)   78        91      2012
                                             1959
 MINIMUM TEMPERATURE (F)   55        34      1908


SUNRISE AND SUNSET
MAY  1 2016...........SUNRISE   556 AM CDT   SUNSET   732 PM CDT
MAY  2 2016...........SUNRISE   555 AM CDT   SUNSET   733 PM CDT


-  INDICATES NEGATIVE NUMBERS.
R  INDICATES RECORD WAS SET OR TIED.
MM INDICATES DATA IS MISSING.
T  INDICATES TRACE AMOUNT.




$$
