000
CDUS44 KHUN 190809
CLIHSV


CLIMATE REPORT
NATIONAL WEATHER SERVICE HUNTSVILLE AL
208 AM CST SUN NOV 19 2017


...................................

...THE HUNTSVILLE CLIMATE SUMMARY FOR NOVEMBER 18 2017...

CLIMATE NORMAL PERIOD 1981 TO 2010
CLIMATE RECORD PERIOD 1894 TO 2017


WEATHER ITEM   OBSERVED TIME   RECORD YEAR NORMAL DEPARTURE LAST
                VALUE   (LST)  VALUE       VALUE  FROM      YEAR
                                                  NORMAL
..................................................................
TEMPERATURE (F)
 YESTERDAY
  MAXIMUM         73    545 PM  80    1985  63     10       79
                                      1930
  MINIMUM         48   1159 PM  18    1959  41      7       48
  AVERAGE         61                        52      9       64

PRECIPITATION (IN)
  YESTERDAY       MM             3.87 2015   0.17  MM        0.00
  MONTH TO DATE    0.78                      2.71  -1.93     0.01
  SINCE SEP 1      8.80                     10.02  -1.22     1.25
  SINCE JAN 1     49.01                     46.34   2.67    33.76

SNOWFALL (IN)
  YESTERDAY        0.0
  MONTH TO DATE    0.0
  SINCE SEP 1      0.0
  SINCE JUL 1      0.0
  SNOW DEPTH       0

DEGREE DAYS
 HEATING
  YESTERDAY        4                        13     -9        1
  MONTH TO DATE  144                       190    -46       85
  SINCE SEP 1    286                       341    -55      109
  SINCE JUL 1    286                       341    -55      109

 COOLING
  YESTERDAY        0                         0      0        0
  MONTH TO DATE   29                         7     22       28
  SINCE SEP 1    386                       352     34      643
  SINCE JAN 1   2114                      1947    167     2548
..................................................................


WIND (MPH)
  HIGHEST WIND SPEED    39   HIGHEST WIND DIRECTION     W (280)
  HIGHEST GUST SPEED    57   HIGHEST GUST DIRECTION     W (250)
  AVERAGE WIND SPEED    15.9


SKY COVER
  POSSIBLE SUNSHINE  MM
  AVERAGE SKY COVER 0.9


WEATHER CONDITIONS
 THE FOLLOWING WEATHER WAS RECORDED YESTERDAY.
  THUNDERSTORM
  HEAVY RAIN
  LIGHT RAIN
  FOG


RELATIVE HUMIDITY (PERCENT)
 HIGHEST    93           800 AM
 LOWEST     57          1200 AM
 AVERAGE    75

..........................................................


THE HUNTSVILLE CLIMATE NORMALS FOR TODAY
                         NORMAL    RECORD    YEAR
 MAXIMUM TEMPERATURE (F)   62        81      1942
 MINIMUM TEMPERATURE (F)   41        21      2014
                                             1951


SUNRISE AND SUNSET
NOVEMBER 19 2017......SUNRISE   625 AM CST   SUNSET   440 PM CST
NOVEMBER 20 2017......SUNRISE   626 AM CST   SUNSET   439 PM CST


-  INDICATES NEGATIVE NUMBERS.
R  INDICATES RECORD WAS SET OR TIED.
MM INDICATES DATA IS MISSING.
T  INDICATES TRACE AMOUNT.




$$
