534
CDUS44 KHUN 222141 CCA
CLIHSV

CLIMATE REPORT...CORRECTED
NATIONAL WEATHER SERVICE HUNTSVILLE AL
440 PM CDT SAT JUL 22 2017


...................................

...THE HUNTSVILLE CLIMATE SUMMARY FOR JULY 22 2017...
VALID TODAY AS OF 0400 PM LOCAL TIME.

CLIMATE NORMAL PERIOD 1981 TO 2010
CLIMATE RECORD PERIOD 1894 TO 2017


WEATHER ITEM   OBSERVED TIME   RECORD YEAR NORMAL DEPARTURE LAST
                VALUE   (LST)  VALUE       VALUE  FROM      YEAR
                                                  NORMAL
..................................................................
TEMPERATURE (F)
 TODAY
  MAXIMUM         96    124 PM 103    1952  91      5       96
                                      1924
  MINIMUM         76    524 AM  49    1944  71      5       75
  AVERAGE         86                        81      5       86

PRECIPITATION (IN)
  TODAY            0.00          2.64 1958   0.11  -0.11     0.07
  MONTH TO DATE    4.07                      2.98   1.09     4.33
  SINCE JUN 1     10.83                      7.27   3.56     8.73
  SINCE JAN 1     33.55                     31.64   1.91    27.03

SNOWFALL (IN)
  TODAY            0.0
  MONTH TO DATE    0.0
  SINCE JUN 1      0.0
  SINCE JUL 1      0.0
  SNOW DEPTH       0

DEGREE DAYS
 HEATING
  TODAY            0                         0      0        0
  MONTH TO DATE    0                         0      0        0
  SINCE JUN 1      0                         1     -1        0
  SINCE JUL 1      0                         0      0        0

 COOLING
  TODAY           21                        16      5       21
  MONTH TO DATE  386                       344     42      406
  SINCE JUN 1    751                       724     27      886
  SINCE JAN 1   1140                       987    153     1173
..................................................................


WIND (MPH)
  HIGHEST WIND SPEED    MM   HIGHEST WIND DIRECTION     MM
  HIGHEST GUST SPEED    MM   HIGHEST GUST DIRECTION     MM
  AVERAGE WIND SPEED     MM


SKY COVER
  POSSIBLE SUNSHINE  MM
  AVERAGE SKY COVER 0.2


WEATHER CONDITIONS
 THE FOLLOWING WEATHER WAS RECORDED TODAY.
  THUNDERSTORM
  FOG


RELATIVE HUMIDITY (PERCENT)
 HIGHEST   100           300 AM
 LOWEST     56          1100 AM
 AVERAGE    78

..........................................................


THE HUNTSVILLE CLIMATE NORMALS FOR TOMORROW
                         NORMAL    RECORD    YEAR
 MAXIMUM TEMPERATURE (F)   91       105      1952
 MINIMUM TEMPERATURE (F)   71        53      1947


SUNRISE AND SUNSET
JULY 22 2017..........SUNRISE   550 AM CDT   SUNSET   757 PM CDT
JULY 23 2017..........SUNRISE   551 AM CDT   SUNSET   756 PM CDT


-  INDICATES NEGATIVE NUMBERS.
R  INDICATES RECORD WAS SET OR TIED.
MM INDICATES DATA IS MISSING.
T  INDICATES TRACE AMOUNT.




$$
