000
CDUS43 KAPX 280528
CLIHTL


CLIMATE REPORT
NATIONAL WEATHER SERVICE GAYLORD MI
1228 AM EST TUE FEB 28 2017


...................................

...THE HOUGHTON LAKE MI CLIMATE SUMMARY FOR FEBRUARY 27 2017...

CLIMATE NORMAL PERIOD 1981 TO 2010
CLIMATE RECORD PERIOD 1913 TO 2017


WEATHER ITEM   OBSERVED TIME   RECORD YEAR NORMAL DEPARTURE LAST
                VALUE   (LST)  VALUE       VALUE  FROM      YEAR
                                                  NORMAL
..................................................................
TEMPERATURE (F)
 YESTERDAY
  MAXIMUM         44    442 PM  50    2000  33     11       46
  MINIMUM         20    735 AM -27    1934  13      7       24
  AVERAGE         32                        23      9       35

PRECIPITATION (IN)
  YESTERDAY        0.00          0.68 1981   0.06  -0.06     0.00
  MONTH TO DATE    1.98                      1.16   0.82     1.35
  SINCE DEC 1      7.17                      4.32   2.85     6.68
  SINCE JAN 1      4.95                      2.67   2.28     3.11

SNOWFALL (IN)
  YESTERDAY        0.0           5.3  1971   0.3   -0.3      0.0
  MONTH TO DATE    4.0                      12.0   -8.0     10.5
  SINCE OCT 1     66.4                      54.1   12.3     33.4
  SINCE JUL 1     66.4                      54.1   12.3     33.4
  SNOW DEPTH       T

DEGREE DAYS
 HEATING
  YESTERDAY       33                        42     -9       30
  MONTH TO DATE 1000                      1219   -219     1126
  SINCE DEC 1   3502                      3948   -446     3366
  SINCE JUL 1   4822                      5831  -1009     4845
..................................................................


WIND (MPH)
  HIGHEST WIND SPEED    14   HIGHEST WIND DIRECTION     S (180)
  HIGHEST GUST SPEED    17   HIGHEST GUST DIRECTION     S (180)
  AVERAGE WIND SPEED     5.7




RELATIVE HUMIDITY (PERCENT)
 HIGHEST    84
 LOWEST     39
 AVERAGE    62

..........................................................


THE HOUGHTON LAKE MI CLIMATE NORMALS FOR TODAY
                         NORMAL    RECORD    YEAR
 MAXIMUM TEMPERATURE (F)   33        52      2016
                                             1998
                                             1983
 MINIMUM TEMPERATURE (F)   13       -29      2014


SUNRISE AND SUNSET
FEBRUARY 28 2017......SUNRISE   717 AM EST   SUNSET   626 PM EST
MARCH  1 2017.........SUNRISE   715 AM EST   SUNSET   627 PM EST


-  INDICATES NEGATIVE NUMBERS.
R  INDICATES RECORD WAS SET OR TIED.
MM INDICATES DATA IS MISSING.
T  INDICATES TRACE AMOUNT.




$$
