000
CDUS43 KAPX 180528
CLIHTL


CLIMATE REPORT
NATIONAL WEATHER SERVICE GAYLORD MI
1228 AM EST MON DEC 18 2017


...................................

...THE HOUGHTON LAKE MI CLIMATE SUMMARY FOR DECEMBER 17 2017...

CLIMATE NORMAL PERIOD 1981 TO 2010
CLIMATE RECORD PERIOD 1913 TO 2017


WEATHER ITEM   OBSERVED TIME   RECORD YEAR NORMAL DEPARTURE LAST
                VALUE   (LST)  VALUE       VALUE  FROM      YEAR
                                                  NORMAL
..................................................................
TEMPERATURE (F)
 YESTERDAY
  MAXIMUM         25   1159 PM  48    1918  30     -5       20
  MINIMUM         14    254 AM -17    1919  17     -3        8
  AVERAGE         20                        23     -3       14

PRECIPITATION (IN)
  YESTERDAY        0.00          0.43 1921   0.05  -0.05     0.27
  MONTH TO DATE    1.06                      0.98   0.08     1.51
  SINCE DEC 1      1.06                      0.98   0.08     1.51
  SINCE JAN 1     36.66                     28.08   8.58    32.56

SNOWFALL (IN)
  YESTERDAY        0.0           3.7  2016   0.5   -0.5      3.7
  MONTH TO DATE    9.5                       8.7    0.8     23.5
  SINCE OCT 1     14.9                      17.8   -2.9     34.5
  SINCE JUL 1     14.9                      17.8   -2.9     34.5
  SNOW DEPTH       0

DEGREE DAYS
 HEATING
  YESTERDAY       45                        42      3       51
  MONTH TO DATE  686                       663     23      694
  SINCE DEC 1    686                       663     23      694
  SINCE JUL 1   2287                      2546   -259     2014
..................................................................


WIND (MPH)
  HIGHEST WIND SPEED    13   HIGHEST WIND DIRECTION    SE (120)
  HIGHEST GUST SPEED    16   HIGHEST GUST DIRECTION    SE (130)
  AVERAGE WIND SPEED     6.7




RELATIVE HUMIDITY (PERCENT)
 HIGHEST    96
 LOWEST     80
 AVERAGE    88

..........................................................


THE HOUGHTON LAKE MI CLIMATE NORMALS FOR TODAY
                         NORMAL    RECORD    YEAR
 MAXIMUM TEMPERATURE (F)   30        51      1931
 MINIMUM TEMPERATURE (F)   17       -28      1926


SUNRISE AND SUNSET
DECEMBER 18 2017......SUNRISE   810 AM EST   SUNSET   501 PM EST
DECEMBER 19 2017......SUNRISE   811 AM EST   SUNSET   501 PM EST


-  INDICATES NEGATIVE NUMBERS.
R  INDICATES RECORD WAS SET OR TIED.
MM INDICATES DATA IS MISSING.
T  INDICATES TRACE AMOUNT.




$$
