000
CDUS43 KAPX 200531
CLIHTL


CLIMATE REPORT
NATIONAL WEATHER SERVICE GAYLORD MI
130 AM EDT SUN AUG 20 2017


...................................

...THE HOUGHTON LAKE MI CLIMATE SUMMARY FOR AUGUST 19 2017...

CLIMATE NORMAL PERIOD 1981 TO 2010
CLIMATE RECORD PERIOD 1913 TO 2017


WEATHER ITEM   OBSERVED TIME   RECORD YEAR NORMAL DEPARTURE LAST
                VALUE   (LST)  VALUE       VALUE  FROM      YEAR
                                                  NORMAL
..................................................................
TEMPERATURE (F)
 YESTERDAY
  MAXIMUM         77    459 PM  97    1955  77      0       81
  MINIMUM         59    539 AM  32    1933  53      6       68
  AVERAGE         68                        65      3       75

PRECIPITATION (IN)
  YESTERDAY        0.00          2.31 1994   0.11  -0.11     0.00
  MONTH TO DATE    2.58                      2.16   0.42     2.32
  SINCE JUN 1      9.57                      8.02   1.55     8.10
  SINCE JAN 1     25.48                     17.88   7.60    22.17

DEGREE DAYS
 HEATING
  YESTERDAY        0                         3     -3        0
  MONTH TO DATE   22                        40    -18        0
  SINCE JUN 1    102                       211   -109      132
  SINCE JUL 1     34                        87    -53       27

 COOLING
  YESTERDAY        3                         2      1       10
  MONTH TO DATE   30                        54    -24      127
  SINCE JUN 1    214                       225    -11      337
  SINCE JAN 1    228                       241    -13      366
..................................................................


WIND (MPH)
  HIGHEST WIND SPEED    15   HIGHEST WIND DIRECTION     W (280)
  HIGHEST GUST SPEED    21   HIGHEST GUST DIRECTION    NW (300)
  AVERAGE WIND SPEED     8.1




RELATIVE HUMIDITY (PERCENT)
 HIGHEST    90
 LOWEST     50
 AVERAGE    70

..........................................................


THE HOUGHTON LAKE MI CLIMATE NORMALS FOR TODAY
                         NORMAL    RECORD    YEAR
 MAXIMUM TEMPERATURE (F)   77        98      1955
 MINIMUM TEMPERATURE (F)   52        32      1929
                                             1923


SUNRISE AND SUNSET
AUGUST 20 2017........SUNRISE   648 AM EDT   SUNSET   835 PM EDT
AUGUST 21 2017........SUNRISE   649 AM EDT   SUNSET   834 PM EDT


-  INDICATES NEGATIVE NUMBERS.
R  INDICATES RECORD WAS SET OR TIED.
MM INDICATES DATA IS MISSING.
T  INDICATES TRACE AMOUNT.




$$
