000
CDUS43 KAPX 260546
CLIHTL


CLIMATE REPORT
NATIONAL WEATHER SERVICE GAYLORD MI
1245 AM EST MON JAN 26 2015


...................................

...THE HOUGHTON LAKE MI CLIMATE SUMMARY FOR JANUARY 25 2015...

CLIMATE NORMAL PERIOD 1981 TO 2010
CLIMATE RECORD PERIOD 1913 TO 2015


WEATHER ITEM   OBSERVED TIME   RECORD YEAR NORMAL DEPARTURE LAST
                VALUE   (LST)  VALUE       VALUE  FROM      YEAR
                                                  NORMAL
..................................................................
TEMPERATURE (F)
 YESTERDAY
  MAXIMUM         22   1205 AM  50    1967  26     -4       24
                                      1944
  MINIMUM          2   1137 PM -30    1920   9     -7       -4
  AVERAGE         12                        18     -6       10

PRECIPITATION (IN)
  YESTERDAY        0.00          1.03 1950   0.04  -0.04     0.18
  MONTH TO DATE    0.95                      1.25  -0.30     1.35
  SINCE DEC 1      2.38                      2.90  -0.52     3.55
  SINCE JAN 1      0.95                      1.25  -0.30     1.35

SNOWFALL (IN)
  YESTERDAY        0.0           7.3  1990   0.5   -0.5      2.4
  MONTH TO DATE    9.2                      13.7   -4.5     12.0
  SINCE OCT 1     28.1                      38.7  -10.6     36.9
  SINCE JUL 1     28.1                      38.7  -10.6     36.9
  SNOW DEPTH       6

DEGREE DAYS
 HEATING
  YESTERDAY       53                        48      5       55
  MONTH TO DATE 1235                      1171     64     1285
  SINCE DEC 1   2406                      2445    -39     2724
  SINCE JUL 1   4409                      4328     81     4589
..................................................................


WIND (MPH)
  HIGHEST WIND SPEED    16   HIGHEST WIND DIRECTION    NE (50)
  HIGHEST GUST SPEED    21   HIGHEST GUST DIRECTION    NE (60)
  AVERAGE WIND SPEED     7.3




RELATIVE HUMIDITY (PERCENT)
 HIGHEST    88
 LOWEST     49
 AVERAGE    69

..........................................................


THE HOUGHTON LAKE MI CLIMATE NORMALS FOR TODAY
                         NORMAL    RECORD    YEAR
 MAXIMUM TEMPERATURE (F)   26        57      1944
 MINIMUM TEMPERATURE (F)    9       -25      1917


SUNRISE AND SUNSET
JANUARY 26 2015.......SUNRISE   803 AM EST   SUNSET   540 PM EST
JANUARY 27 2015.......SUNRISE   802 AM EST   SUNSET   541 PM EST


-  INDICATES NEGATIVE NUMBERS.
R  INDICATES RECORD WAS SET OR TIED.
MM INDICATES DATA IS MISSING.
T  INDICATES TRACE AMOUNT.




$$
