000
CDUS43 KAPX 240538
CLIHTL


CLIMATE REPORT
NATIONAL WEATHER SERVICE GAYLORD MI
137 AM EDT TUE MAY 24 2016


...................................

...THE HOUGHTON LAKE MI CLIMATE SUMMARY FOR MAY 23 2016...

CLIMATE NORMAL PERIOD 1981 TO 2010
CLIMATE RECORD PERIOD 1913 TO 2016


WEATHER ITEM   OBSERVED TIME   RECORD YEAR NORMAL DEPARTURE LAST
                VALUE   (LST)  VALUE       VALUE  FROM      YEAR
                                                  NORMAL
..................................................................
TEMPERATURE (F)
 YESTERDAY
  MAXIMUM         81    421 PM  87    1936  69     12       75
  MINIMUM         37    548 AM  23    1926  44     -7       30
  AVERAGE         59                        56      3       53

PRECIPITATION (IN)
  YESTERDAY        0.00          1.26 2004   0.10  -0.10     0.00
  MONTH TO DATE    1.22                      2.03  -0.81     1.66
  SINCE MAR 1      8.09                      6.35   1.74     4.39
  SINCE JAN 1     11.21                      9.07   2.14     6.20

DEGREE DAYS
 HEATING
  YESTERDAY        6                        10     -4       12
  MONTH TO DATE  306                       291     15      227
  SINCE MAR 1   1989                      2080    -91     2081
  SINCE JUL 1   6902                      7952  -1050     8448

 COOLING
  YESTERDAY        0                         1     -1        0
  MONTH TO DATE    0                         4     -4       10
  SINCE MAR 1      0                         6     -6       10
  SINCE JAN 1      0                         6     -6       10
..................................................................


WIND (MPH)
  HIGHEST WIND SPEED     9   HIGHEST WIND DIRECTION    SW (240)
  HIGHEST GUST SPEED    12   HIGHEST GUST DIRECTION    SW (240)
  AVERAGE WIND SPEED     3.5




RELATIVE HUMIDITY (PERCENT)
 HIGHEST   100
 LOWEST     20
 AVERAGE    60

..........................................................


THE HOUGHTON LAKE MI CLIMATE NORMALS FOR TODAY
                         NORMAL    RECORD    YEAR
 MAXIMUM TEMPERATURE (F)   69        87      2010
                                             1972
                                             1933
 MINIMUM TEMPERATURE (F)   44        21      1956


SUNRISE AND SUNSET
MAY 24 2016...........SUNRISE   603 AM EDT   SUNSET   909 PM EDT
MAY 25 2016...........SUNRISE   602 AM EDT   SUNSET   910 PM EDT


-  INDICATES NEGATIVE NUMBERS.
R  INDICATES RECORD WAS SET OR TIED.
MM INDICATES DATA IS MISSING.
T  INDICATES TRACE AMOUNT.




$$
