000
CDUS43 KAPX 300527
CLIHTL


CLIMATE REPORT
NATIONAL WEATHER SERVICE GAYLORD MI
127 AM EDT SAT AUG 30 2014


...................................

...THE HOUGHTON LAKE MI CLIMATE SUMMARY FOR AUGUST 29 2014...

CLIMATE NORMAL PERIOD 1981 TO 2010
CLIMATE RECORD PERIOD 1913 TO 2014


WEATHER ITEM   OBSERVED TIME   RECORD YEAR NORMAL DEPARTURE LAST
                VALUE   (LST)  VALUE       VALUE  FROM      YEAR
                                                  NORMAL
..................................................................
TEMPERATURE (F)
 YESTERDAY
  MAXIMUM         72    221 PM  94    1925  75     -3       88
  MINIMUM         54    407 AM  29    1982  51      3       58
  AVERAGE         63                        63      0       73

PRECIPITATION (IN)
  YESTERDAY        0.08          1.44 1932   0.10  -0.02     0.00
  MONTH TO DATE    2.07                      3.19  -1.12     1.35
  SINCE JUN 1      7.36                      9.05  -1.69     3.78
  SINCE JAN 1     19.84                     18.91   0.93    19.72

DEGREE DAYS
 HEATING
  YESTERDAY        2                         4     -2        0
  MONTH TO DATE   52                        72    -20       80
  SINCE JUN 1    230                       243    -13      227
  SINCE JUL 1    156                       119     37      125

 COOLING
  YESTERDAY        0                         2     -2        8
  MONTH TO DATE   47                        74    -27       73
  SINCE JUN 1    167                       245    -78      298
  SINCE JAN 1    182                       261    -79      338
..................................................................


WIND (MPH)
  HIGHEST WIND SPEED    17   HIGHEST WIND DIRECTION     S (160)
  HIGHEST GUST SPEED    22   HIGHEST GUST DIRECTION     S (170)
  AVERAGE WIND SPEED     8.9




RELATIVE HUMIDITY (PERCENT)
 HIGHEST    93
 LOWEST     73
 AVERAGE    83

..........................................................


THE HOUGHTON LAKE MI CLIMATE NORMALS FOR TODAY
                         NORMAL    RECORD    YEAR
 MAXIMUM TEMPERATURE (F)   75        97      1925
 MINIMUM TEMPERATURE (F)   50        29      1931


SUNRISE AND SUNSET
AUGUST 30 2014........SUNRISE   659 AM EDT   SUNSET   819 PM EDT
AUGUST 31 2014........SUNRISE   700 AM EDT   SUNSET   817 PM EDT


-  INDICATES NEGATIVE NUMBERS.
R  INDICATES RECORD WAS SET OR TIED.
MM INDICATES DATA IS MISSING.
T  INDICATES TRACE AMOUNT.




$$
