000
CDUS43 KAPX 190547
CLIHTL


CLIMATE REPORT
NATIONAL WEATHER SERVICE GAYLORD MI
1247 AM EST THU JAN 19 2017


...................................

...THE HOUGHTON LAKE MI CLIMATE SUMMARY FOR JANUARY 18 2017...

CLIMATE NORMAL PERIOD 1981 TO 2010
CLIMATE RECORD PERIOD 1913 TO 2017


WEATHER ITEM   OBSERVED TIME   RECORD YEAR NORMAL DEPARTURE LAST
                VALUE   (LST)  VALUE       VALUE  FROM      YEAR
                                                  NORMAL
..................................................................
TEMPERATURE (F)
 YESTERDAY
  MAXIMUM         38    318 PM  54    1996  26     12       14
  MINIMUM         32   1018 AM -28    1948   9     23        6
  AVERAGE         35                        18     17       10

PRECIPITATION (IN)
  YESTERDAY        0.00          0.41 1953   0.05  -0.05      T
  MONTH TO DATE    1.87                      0.95   0.92     1.16
  SINCE DEC 1      4.09                      2.60   1.49     4.73
  SINCE JAN 1      1.87                      0.95   0.92     1.16

SNOWFALL (IN)
  YESTERDAY        0.0           4.7  2000   0.6   -0.6       T
  MONTH TO DATE   10.3                       9.9    0.4     11.9
  SINCE OCT 1     52.5                      34.9   17.6     19.8
  SINCE JUL 1     52.5                      34.9   17.6     19.8
  SNOW DEPTH       9

DEGREE DAYS
 HEATING
  YESTERDAY       30                        47    -17       55
  MONTH TO DATE  799                       837    -38      791
  SINCE DEC 1   2041                      2111    -70     1705
  SINCE JUL 1   3361                      3994   -633     3184
..................................................................


WIND (MPH)
  HIGHEST WIND SPEED    17   HIGHEST WIND DIRECTION    SW (230)
  HIGHEST GUST SPEED    23   HIGHEST GUST DIRECTION    SW (220)
  AVERAGE WIND SPEED     8.6




RELATIVE HUMIDITY (PERCENT)
 HIGHEST   100
 LOWEST     82
 AVERAGE    91

..........................................................


THE HOUGHTON LAKE MI CLIMATE NORMALS FOR TODAY
                         NORMAL    RECORD    YEAR
 MAXIMUM TEMPERATURE (F)   26        47      1973
 MINIMUM TEMPERATURE (F)    9       -22      1994


SUNRISE AND SUNSET
JANUARY 19 2017.......SUNRISE   809 AM EST   SUNSET   531 PM EST
JANUARY 20 2017.......SUNRISE   808 AM EST   SUNSET   532 PM EST


-  INDICATES NEGATIVE NUMBERS.
R  INDICATES RECORD WAS SET OR TIED.
MM INDICATES DATA IS MISSING.
T  INDICATES TRACE AMOUNT.




$$
