000
CDUS41 KRLX 290805
CLIHTS


CLIMATE REPORT
NATIONAL WEATHER SERVICE CHARLESTON WV
346 AM EDT FRI AUG 29 2014


...................................

...THE HUNTINGTON WV CLIMATE SUMMARY FOR AUGUST 28 2014...

CLIMATE NORMAL PERIOD 1981 TO 2010
CLIMATE RECORD PERIOD 1897 TO 2014


WEATHER ITEM   OBSERVED TIME   RECORD YEAR NORMAL DEPARTURE LAST
                VALUE   (LST)  VALUE       VALUE  FROM      YEAR
                                                  NORMAL
..................................................................
TEMPERATURE (F)
 YESTERDAY
  MAXIMUM         83    401 PM 103    1948  85     -2       90
  MINIMUM         66   1002 PM  49    1986  63      3       73
  AVERAGE         75                        74      1       82

PRECIPITATION (IN)
  YESTERDAY        0.00          2.15 1893   0.11  -0.11     2.02
  MONTH TO DATE    5.97                      3.41   2.56     5.07
  SINCE JAN 1     34.03                     29.92   4.11    32.31

SNOWFALL (IN)
  YESTERDAY        0.0
  MONTH TO DATE    0.0
  SINCE SEP 1     36.8
  SNOW DEPTH       0

DEGREE DAYS
 HEATING
  YESTERDAY        0                         0      0        0
  MONTH TO DATE    0                         0      0        4
  SINCE JUN 1      3                        12     -9        4
  SINCE JUL 1      3                         0      3        4

 COOLING
  YESTERDAY       10                         9      1       17
  MONTH TO DATE  213                       284    -71      232
  SINCE JUN 1    694                       841   -147      826
  SINCE JAN 1    808                       954   -146      996
..................................................................


WIND (MPH)
  HIGHEST WIND SPEED     9   HIGHEST WIND DIRECTION     N (360)
  HIGHEST GUST SPEED    12   HIGHEST GUST DIRECTION     N (20)
  AVERAGE WIND SPEED     4.2


SKY COVER
  POSSIBLE SUNSHINE  MM


WEATHER CONDITIONS
 THE FOLLOWING WEATHER WAS RECORDED YESTERDAY.
  FOG
  FOG W/VISIBILITY <= 1/4 MILE
  HAZE


RELATIVE HUMIDITY (PERCENT)
 HIGHEST   100           100 AM
 LOWEST     51           400 PM
 AVERAGE    76

..........................................................


THE HUNTINGTON WV CLIMATE NORMALS FOR TODAY
                         NORMAL    RECORD    YEAR
 MAXIMUM TEMPERATURE (F)   84       102      1948
 MINIMUM TEMPERATURE (F)   63        43      1986
                                             1965


SUNRISE AND SUNSET
AUGUST 29 2014........SUNRISE   657 AM EDT   SUNSET   804 PM EDT
AUGUST 30 2014........SUNRISE   658 AM EDT   SUNSET   803 PM EDT


-  INDICATES NEGATIVE NUMBERS.
R  INDICATES RECORD WAS SET OR TIED.
MM INDICATES DATA IS MISSING.
T  INDICATES TRACE AMOUNT.




$$
