000
CDUS41 KRLX 020718
CLIHTS


CLIMATE REPORT
NATIONAL WEATHER SERVICE CHARLESTON WV
317 AM EDT TUE JUN 2 2015


...................................

...THE HUNTINGTON WV CLIMATE SUMMARY FOR JUNE 1 2015...

CLIMATE NORMAL PERIOD 1981 TO 2010
CLIMATE RECORD PERIOD 1897 TO 2015


WEATHER ITEM   OBSERVED TIME   RECORD YEAR NORMAL DEPARTURE LAST
                VALUE   (LST)  VALUE       VALUE  FROM      YEAR
                                                  NORMAL
..................................................................
TEMPERATURE (F)
 YESTERDAY
  MAXIMUM         65   1208 AM  98    1919  79    -14       83
  MINIMUM         53   1159 PM  40    1972  57     -4       56
                                      1966
  AVERAGE         59                        68     -9       70

PRECIPITATION (IN)
  YESTERDAY        0.08          2.48 1946   0.16  -0.08     0.03
  MONTH TO DATE    0.08                      0.16  -0.08     0.03
  SINCE JAN 1     20.51                     18.24   2.27    19.57

SNOWFALL (IN)
  YESTERDAY        0.0
  MONTH TO DATE    0.0
  SINCE SEP 1     36.6
  SNOW DEPTH       0

DEGREE DAYS
 HEATING
  YESTERDAY        6                         1      5        0
  MONTH TO DATE    6                         1      5        0
  SINCE JUN 1      6                         1      5        0
  SINCE JUL 1   4988                      4501    487     4817

 COOLING
  YESTERDAY        0                         5     -5        5
  MONTH TO DATE    0                         5     -5        5
  SINCE JUN 1      0                         5     -5        5
  SINCE JAN 1    166                       118     48      119
..................................................................


WIND (MPH)
  HIGHEST WIND SPEED    12   HIGHEST WIND DIRECTION     N (340)
  HIGHEST GUST SPEED    15   HIGHEST GUST DIRECTION     N (350)
  AVERAGE WIND SPEED     5.9


SKY COVER
  POSSIBLE SUNSHINE  MM


WEATHER CONDITIONS
 THE FOLLOWING WEATHER WAS RECORDED YESTERDAY.
  RAIN
  LIGHT RAIN
  FOG


RELATIVE HUMIDITY (PERCENT)
 HIGHEST   100          1000 PM
 LOWEST     72           300 PM
 AVERAGE    86

..........................................................


THE HUNTINGTON WV CLIMATE NORMALS FOR TODAY
                         NORMAL    RECORD    YEAR
 MAXIMUM TEMPERATURE (F)   79        98      1919
 MINIMUM TEMPERATURE (F)   58        41      1966


SUNRISE AND SUNSET
JUNE  2 2015..........SUNRISE   608 AM EDT   SUNSET   849 PM EDT
JUNE  3 2015..........SUNRISE   608 AM EDT   SUNSET   849 PM EDT


-  INDICATES NEGATIVE NUMBERS.
R  INDICATES RECORD WAS SET OR TIED.
MM INDICATES DATA IS MISSING.
T  INDICATES TRACE AMOUNT.




$$
