000
CDUS41 KRLX 180746
CLIHTS


CLIMATE REPORT
NATIONAL WEATHER SERVICE CHARLESTON WV
343 AM EDT THU SEP 18 2014


...................................

...THE HUNTINGTON WV CLIMATE SUMMARY FOR SEPTEMBER 17 2014...

CLIMATE NORMAL PERIOD 1981 TO 2010
CLIMATE RECORD PERIOD 1897 TO 2014


WEATHER ITEM   OBSERVED TIME   RECORD YEAR NORMAL DEPARTURE LAST
                VALUE   (LST)  VALUE       VALUE  FROM      YEAR
                                                  NORMAL
..................................................................
TEMPERATURE (F)
 YESTERDAY
  MAXIMUM         73    323 PM  96    1931  78     -5       77
  MINIMUM         48    356 AM  38    2000  56     -8       53
  AVERAGE         61                        67     -6       65

PRECIPITATION (IN)
  YESTERDAY        0.00          3.89 2004   0.09  -0.09     0.00
  MONTH TO DATE    3.22                      1.66   1.56     0.54
  SINCE JAN 1     37.56                     31.91   5.65    32.96

SNOWFALL (IN)
  YESTERDAY        0.0
  MONTH TO DATE    0.0
  SINCE SEP 1      0.0
  SNOW DEPTH       0

DEGREE DAYS
 HEATING
  YESTERDAY        4                         2      2        0
  MONTH TO DATE   32                        11     21       12
  SINCE SEP 1     32                        11     21       12
  SINCE JUL 1     35                        13     22       16

 COOLING
  YESTERDAY        0                         4     -4        0
  MONTH TO DATE   99                        99      0      111
  SINCE SEP 1     99                        99      0      111
  SINCE JAN 1    940                      1076   -136     1143
..................................................................


WIND (MPH)
  HIGHEST WIND SPEED     7   HIGHEST WIND DIRECTION     N (360)
  HIGHEST GUST SPEED     9   HIGHEST GUST DIRECTION     N (360)
  AVERAGE WIND SPEED     1.5


SKY COVER
  POSSIBLE SUNSHINE  MM


WEATHER CONDITIONS
 THE FOLLOWING WEATHER WAS RECORDED YESTERDAY.
  FOG
  FOG W/VISIBILITY <= 1/4 MILE
  HAZE


RELATIVE HUMIDITY (PERCENT)
 HIGHEST   100           300 AM
 LOWEST     57           300 PM
 AVERAGE    79

..........................................................


THE HUNTINGTON WV CLIMATE NORMALS FOR TODAY
                         NORMAL    RECORD    YEAR
 MAXIMUM TEMPERATURE (F)   78        93      1953
 MINIMUM TEMPERATURE (F)   56        38      1903


SUNRISE AND SUNSET
SEPTEMBER 18 2014.....SUNRISE   714 AM EDT   SUNSET   734 PM EDT
SEPTEMBER 19 2014.....SUNRISE   715 AM EDT   SUNSET   732 PM EDT


-  INDICATES NEGATIVE NUMBERS.
R  INDICATES RECORD WAS SET OR TIED.
MM INDICATES DATA IS MISSING.
T  INDICATES TRACE AMOUNT.




$$
