000
CDUS41 KRLX 190732
CLIHTS


CLIMATE REPORT
NATIONAL WEATHER SERVICE CHARLESTON WV
331 AM EDT THU OCT 19 2017


...................................

...THE HUNTINGTON WV CLIMATE SUMMARY FOR OCTOBER 18 2017...

CLIMATE NORMAL PERIOD 1981 TO 2010
CLIMATE RECORD PERIOD 1897 TO 2017


WEATHER ITEM   OBSERVED TIME   RECORD YEAR NORMAL DEPARTURE LAST
                VALUE   (LST)  VALUE       VALUE  FROM      YEAR
                                                  NORMAL
..................................................................
TEMPERATURE (F)
 YESTERDAY
  MAXIMUM         71    313 PM  87    1938  68      3       86
  MINIMUM         37    643 AM  27    1969  44     -7       63
  AVERAGE         54                        56     -2       75

PRECIPITATION (IN)
  YESTERDAY        0.00          1.42 1911   0.09  -0.09     0.00
  MONTH TO DATE    3.22                      1.57   1.65     0.06
  SINCE JAN 1     39.35                     34.60   4.75    38.00

SNOWFALL (IN)
  YESTERDAY        0.0           T    1992   0.0    0.0      0.0
  MONTH TO DATE    0.0                       0.0    0.0      0.0
  SINCE SEP 1      0.0                       0.0    0.0      0.0
  SNOW DEPTH       0

DEGREE DAYS
 HEATING
  YESTERDAY       11                        10      1        0
  MONTH TO DATE   51                       132    -81       48
  SINCE SEP 1     83                       188   -105       58
  SINCE JUL 1     83                       190   -107       58

 COOLING
  YESTERDAY        0                         0      0       10
  MONTH TO DATE   54                        16     38       33
  SINCE SEP 1    186                       150     36      308
  SINCE JAN 1   1188                      1127     61     1558
..................................................................


WIND (MPH)
  HIGHEST WIND SPEED     9   HIGHEST WIND DIRECTION     S (190)
  HIGHEST GUST SPEED    13   HIGHEST GUST DIRECTION    SW (220)
  AVERAGE WIND SPEED     2.7


SKY COVER
  POSSIBLE SUNSHINE  MM
  AVERAGE SKY COVER 0.0


WEATHER CONDITIONS
 THE FOLLOWING WEATHER WAS RECORDED YESTERDAY.
  FOG
  HAZE


RELATIVE HUMIDITY (PERCENT)
 HIGHEST    92           400 AM
 LOWEST     33           400 PM
 AVERAGE    63

..........................................................


THE HUNTINGTON WV CLIMATE NORMALS FOR TODAY
                         NORMAL    RECORD    YEAR
 MAXIMUM TEMPERATURE (F)   67        88      2016
 MINIMUM TEMPERATURE (F)   44        26      1948


SUNRISE AND SUNSET
OCTOBER 19 2017.......SUNRISE   743 AM EDT   SUNSET   646 PM EDT
OCTOBER 20 2017.......SUNRISE   744 AM EDT   SUNSET   645 PM EDT


-  INDICATES NEGATIVE NUMBERS.
R  INDICATES RECORD WAS SET OR TIED.
MM INDICATES DATA IS MISSING.
T  INDICATES TRACE AMOUNT.




$$
