000
CDUS41 KRLX 042118
CLIHTS


CLIMATE REPORT
NATIONAL WEATHER SERVICE CHARLESTON WV
516 PM EDT TUE AUG 4 2015


...................................

...THE HUNTINGTON WV CLIMATE SUMMARY FOR AUGUST 4 2015...
VALID TODAY AS OF 0500 PM LOCAL TIME.

CLIMATE NORMAL PERIOD 1981 TO 2010
CLIMATE RECORD PERIOD 1897 TO 2015


WEATHER ITEM   OBSERVED TIME   RECORD YEAR NORMAL DEPARTURE LAST
                VALUE   (LST)  VALUE       VALUE  FROM      YEAR
                                                  NORMAL
..................................................................
TEMPERATURE (F)
 TODAY
  MAXIMUM         86    254 PM 107    1930  86      0       84
  MINIMUM         63    620 AM  50    1965  65     -2       58
  AVERAGE         75                        76     -1       71

PRECIPITATION (IN)
  TODAY            0.00          3.14 1933   0.13  -0.13     0.00
  MONTH TO DATE    0.12                      0.53  -0.41     0.53
  SINCE JUN 1     13.29                      8.96   4.33     9.05
  SINCE JAN 1     33.72                     27.04   6.68    28.59

DEGREE DAYS
 HEATING
  TODAY            0                         0      0        0
  MONTH TO DATE    0                         0      0        0
  SINCE JUN 1     14                        12      2        3
  SINCE JUL 1      0                         0      0        3

 COOLING
  TODAY           10                        11     -1        6
  MONTH TO DATE   36                        44     -8       21
  SINCE JUN 1    606                       601      5      502
  SINCE JAN 1    772                       714     58      616
..................................................................


WIND (MPH)
  HIGHEST WIND SPEED    12   HIGHEST WIND DIRECTION     W (250)
  HIGHEST GUST SPEED    19   HIGHEST GUST DIRECTION    SW (240)
  AVERAGE WIND SPEED     3.1


SKY COVER
  POSSIBLE SUNSHINE  MM
  AVERAGE SKY COVER 0.3


WEATHER CONDITIONS
 THE FOLLOWING WEATHER WAS RECORDED TODAY.
  FOG


RELATIVE HUMIDITY (PERCENT)
 HIGHEST   100           600 AM
 LOWEST     51           300 PM
 AVERAGE    76

..........................................................


THE HUNTINGTON WV CLIMATE NORMALS FOR TOMORROW
                         NORMAL    RECORD    YEAR
 MAXIMUM TEMPERATURE (F)   86       101      1930
 MINIMUM TEMPERATURE (F)   65        50      1951
                                             1912


SUNRISE AND SUNSET
AUGUST  4 2015........SUNRISE   635 AM EDT   SUNSET   837 PM EDT
AUGUST  5 2015........SUNRISE   636 AM EDT   SUNSET   836 PM EDT


-  INDICATES NEGATIVE NUMBERS.
R  INDICATES RECORD WAS SET OR TIED.
MM INDICATES DATA IS MISSING.
T  INDICATES TRACE AMOUNT.




$$
