000
CDUS43 KIND 250532
CLIHUF


CLIMATE REPORT
NATIONAL WEATHER SERVICE INDIANAPOLIS IN
131 AM EDT WED MAY 25 2016


...................................

...THE TERRE HAUTE IN CLIMATE SUMMARY FOR MAY 24 2016...

CLIMATE NORMAL PERIOD 1981 TO 2010
CLIMATE RECORD PERIOD 9999 TO 9999


WEATHER ITEM   OBSERVED TIME   NORMAL DEPARTURE LAST
                VALUE   (LST)  VALUE  FROM      YEAR
                                      NORMAL
......................................................
TEMPERATURE (F)
 YESTERDAY
  MAXIMUM         84    336 PM  77      7       83
  MINIMUM         51    514 AM  55     -4       61
  AVERAGE         68            66      2       72

PRECIPITATION (IN)
  YESTERDAY        0.00          0.21  -0.21     0.00
  MONTH TO DATE    1.78          5.51  -3.73     2.44
  SINCE MAR 1     11.20         13.03  -1.83    10.46
  SINCE JAN 1     13.65         17.32  -3.67    13.36

DEGREE DAYS
 HEATING
  YESTERDAY        0             3     -3        0
  MONTH TO DATE  138           120     18       77
  SINCE MAR 1    955          1177   -222     1196
  SINCE JUL 1   4417          5340   -923     5830

 COOLING
  YESTERDAY        3             3      0        7
  MONTH TO DATE   14            45    -31       90
  SINCE MAR 1     23            60    -37       96
  SINCE JAN 1     23            60    -37       96
......................................................


WIND (MPH)
  HIGHEST WIND SPEED    21   HIGHEST WIND DIRECTION     S (180)
  HIGHEST GUST SPEED    25   HIGHEST GUST DIRECTION     S (190)
  AVERAGE WIND SPEED     6.4


SKY COVER
  AVERAGE SKY COVER 0.1


WEATHER CONDITIONS
 THE FOLLOWING WEATHER WAS RECORDED YESTERDAY.
  NO SIGNIFICANT WEATHER WAS OBSERVED.


RELATIVE HUMIDITY (PERCENT)
 HIGHEST    83           200 AM
 LOWEST     37           100 PM
 AVERAGE    60

..........................................................


THE TERRE HAUTE IN CLIMATE NORMALS FOR TODAY
                         NORMAL
 MAXIMUM TEMPERATURE (F)   77
 MINIMUM TEMPERATURE (F)   55


SUNRISE AND SUNSET
MAY 25 2016...........SUNRISE   627 AM EDT   SUNSET   905 PM EDT
MAY 26 2016...........SUNRISE   627 AM EDT   SUNSET   906 PM EDT


-  INDICATES NEGATIVE NUMBERS.
R  INDICATES RECORD WAS SET OR TIED.
MM INDICATES DATA IS MISSING.
T  INDICATES TRACE AMOUNT.




$$
