000
CDUS43 KIND 010530
CLIHUF


CLIMATE REPORT
NATIONAL WEATHER SERVICE INDIANAPOLIS IN
1230 AM EST WED MAR 1 2017


...................................

...THE TERRE HAUTE IN CLIMATE SUMMARY FOR FEBRUARY 28 2017...

CLIMATE NORMAL PERIOD 1981 TO 2010
CLIMATE RECORD PERIOD 9999 TO 9999


WEATHER ITEM   OBSERVED TIME   NORMAL DEPARTURE LAST
                VALUE   (LST)  VALUE  FROM      YEAR
                                      NORMAL
......................................................
TEMPERATURE (F)
 YESTERDAY
  MAXIMUM         65    930 PM  46     19       66
  MINIMUM         48    134 AM  27     21       42
  AVERAGE         57            37     20       54

PRECIPITATION (IN)
  YESTERDAY        0.45          0.06   0.39    MM
  MONTH TO DATE    0.86          1.93  -1.07     1.77
  SINCE DEC 1      5.98          7.34  -1.36     8.94
  SINCE JAN 1      4.34          4.29   0.05     2.45

DEGREE DAYS
 HEATING
  YESTERDAY        8            28    -20       11
  MONTH TO DATE  619           913   -294      848
  SINCE DEC 1   2609          3085   -476     2614
  SINCE JUL 1   3335          4163   -828     3442

 COOLING
  YESTERDAY        0             0      0        0
  MONTH TO DATE    0             0      0        0
  SINCE DEC 1      0             0      0        0
  SINCE JAN 1      0             0      0        0
......................................................


WIND (MPH)
  HIGHEST WIND SPEED    25   HIGHEST WIND DIRECTION     W (250)
  HIGHEST GUST SPEED    34   HIGHEST GUST DIRECTION     W (260)
  AVERAGE WIND SPEED    12.7


SKY COVER
  AVERAGE SKY COVER 0.9


WEATHER CONDITIONS
 THE FOLLOWING WEATHER WAS RECORDED YESTERDAY.
  THUNDERSTORM
  HEAVY RAIN
  RAIN
  LIGHT RAIN
  FOG


RELATIVE HUMIDITY (PERCENT)
 HIGHEST    96          1000 AM
 LOWEST     71           200 AM
 AVERAGE    84

..........................................................


THE TERRE HAUTE IN CLIMATE NORMALS FOR TODAY
                         NORMAL
 MAXIMUM TEMPERATURE (F)   47
 MINIMUM TEMPERATURE (F)   27


SUNRISE AND SUNSET
MARCH  1 2017.........SUNRISE   722 AM EST   SUNSET   642 PM EST
MARCH  2 2017.........SUNRISE   720 AM EST   SUNSET   643 PM EST


-  INDICATES NEGATIVE NUMBERS.
R  INDICATES RECORD WAS SET OR TIED.
MM INDICATES DATA IS MISSING.
T  INDICATES TRACE AMOUNT.




$$
