000
CDUS41 KCAR 272031
CLIHUL


CLIMATE REPORT
NATIONAL WEATHER SERVICE CARIBOU, ME
430 PM EDT MON MAR 27 2017


...................................

...THE HOULTON ME CLIMATE SUMMARY FOR MARCH 27 2017...
VALID TODAY AS OF 0400 PM LOCAL TIME.

CLIMATE NORMAL PERIOD 1981 TO 2010
CLIMATE RECORD PERIOD 1948 TO 2017


WEATHER ITEM   OBSERVED TIME   RECORD YEAR NORMAL DEPARTURE LAST
                VALUE   (LST)  VALUE       VALUE  FROM      YEAR
                                                  NORMAL
..................................................................
TEMPERATURE (F)
 TODAY
  MAXIMUM         28    253 AM  68    1993  40    -12       44
  MINIMUM         24    909 AM   0    1990  20      4       25
  AVERAGE         26                        30     -4       35

PRECIPITATION (IN)
  TODAY            0.08          0.95 2002   0.08   0.00     0.00
  MONTH TO DATE    1.37                      2.25  -0.88     2.07
  SINCE MAR 1      1.37                      2.25  -0.88     2.07
  SINCE JAN 1      5.82                      7.11  -1.29     7.03

SNOWFALL (IN)
  TODAY           MM             5.0  1955   0.5   MM       MM
  MONTH TO DATE   MM                        16.3   MM       MM
  SINCE MAR 1     MM                        16.3   MM       MM
  SINCE JUL 1     MM                        81.9   MM       MM
  SNOW DEPTH      MM

DEGREE DAYS
 HEATING
  TODAY           39                        35      4       30
  MONTH TO DATE 1188                      1088    100     1059
  SINCE MAR 1   1188                      1088    100     1059
  SINCE JUL 1   7149                      7661   -512     6677

 COOLING
  TODAY            0                         0      0        0
  MONTH TO DATE    0                         0      0        0
  SINCE MAR 1      0                         0      0        0
  SINCE JAN 1      0                         0      0        0
..................................................................


WIND (MPH)
  HIGHEST WIND SPEED    13   HIGHEST WIND DIRECTION     E (110)
  HIGHEST GUST SPEED    19   HIGHEST GUST DIRECTION    SE (120)
  AVERAGE WIND SPEED     6.7


SKY COVER
  POSSIBLE SUNSHINE  MM
  AVERAGE SKY COVER 0.8


WEATHER CONDITIONS
 THE FOLLOWING WEATHER WAS RECORDED TODAY.
  SNOW
  LIGHT SNOW
  FOG
  HAZE


RELATIVE HUMIDITY (PERCENT)
 HIGHEST    92           200 PM
 LOWEST     31           200 AM
 AVERAGE    62

..........................................................


THE HOULTON ME CLIMATE NORMALS FOR TOMORROW
                         NORMAL    RECORD    YEAR
 MAXIMUM TEMPERATURE (F)   40        69      1993
 MINIMUM TEMPERATURE (F)   20        -3      1974


SUNRISE AND SUNSET
MARCH 27 2017.........SUNRISE   620 AM EDT   SUNSET   653 PM EDT
MARCH 28 2017.........SUNRISE   618 AM EDT   SUNSET   655 PM EDT


-  INDICATES NEGATIVE NUMBERS.
R  INDICATES RECORD WAS SET OR TIED.
MM INDICATES DATA IS MISSING.
T  INDICATES TRACE AMOUNT.




$$
