000
CDUS41 KCAR 240526
CLIHUL


CLIMATE REPORT
NATIONAL WEATHER SERVICE CARIBOU, ME
1226 AM EST FRI NOV 24 2017


...................................

...THE HOULTON ME CLIMATE SUMMARY FOR NOVEMBER 23 2017...

CLIMATE NORMAL PERIOD 1981 TO 2010
CLIMATE RECORD PERIOD 1948 TO 2017


WEATHER ITEM   OBSERVED TIME   RECORD YEAR NORMAL DEPARTURE LAST
                VALUE   (LST)  VALUE       VALUE  FROM      YEAR
                                                  NORMAL
..................................................................
TEMPERATURE (F)
 YESTERDAY
  MAXIMUM         34   1241 AM  60    1953  37     -3       38
  MINIMUM         23    555 PM  -8    1989  22      1       30
  AVERAGE         29                        30     -1       34

PRECIPITATION (IN)
  YESTERDAY        0.00          1.19 1953   0.14  -0.14     0.00
  MONTH TO DATE    3.77                      3.11   0.66     1.29
  SINCE SEP 1     12.05                     10.17   1.88     4.72
  SINCE JAN 1     34.39                     35.79  -1.40    31.58

SNOWFALL (IN)
  YESTERDAY       MM             4.0  1965   0.4   MM       MM
  MONTH TO DATE   MM                         4.4   MM       MM
  SINCE SEP 1     MM                         5.1   MM       MM
  SINCE JUL 1     MM                         5.1   MM       MM
  SNOW DEPTH      MM

DEGREE DAYS
 HEATING
  YESTERDAY       36                        35      1       31
  MONTH TO DATE  740                       711     29      597
  SINCE SEP 1   1318                      1691   -373     1413
  SINCE JUL 1   1466                      1847   -381     1507

 COOLING
  YESTERDAY        0                         0      0        0
  MONTH TO DATE    0                         0      0        0
  SINCE SEP 1     35                        13     22       23
  SINCE JAN 1    211                       191     20      229
..................................................................


WIND (MPH)
  HIGHEST WIND SPEED    22   HIGHEST WIND DIRECTION     N (340)
  HIGHEST GUST SPEED    31   HIGHEST GUST DIRECTION     N (340)
  AVERAGE WIND SPEED     9.7


SKY COVER
  POSSIBLE SUNSHINE  MM
  AVERAGE SKY COVER 0.8


WEATHER CONDITIONS
 THE FOLLOWING WEATHER WAS RECORDED YESTERDAY.
  NO SIGNIFICANT WEATHER WAS OBSERVED.


RELATIVE HUMIDITY (PERCENT)
 HIGHEST   100          1200 AM
 LOWEST     68           200 PM
 AVERAGE    84

..........................................................


THE HOULTON ME CLIMATE NORMALS FOR TODAY
                         NORMAL    RECORD    YEAR
 MAXIMUM TEMPERATURE (F)   37        59      2014
 MINIMUM TEMPERATURE (F)   21       -14      1989


SUNRISE AND SUNSET
NOVEMBER 24 2017......SUNRISE   645 AM EST   SUNSET   351 PM EST
NOVEMBER 25 2017......SUNRISE   646 AM EST   SUNSET   350 PM EST


-  INDICATES NEGATIVE NUMBERS.
R  INDICATES RECORD WAS SET OR TIED.
MM INDICATES DATA IS MISSING.
T  INDICATES TRACE AMOUNT.




$$
