000
CDUS41 KCAR 140526
CLIHUL


CLIMATE REPORT
NATIONAL WEATHER SERVICE CARIBOU, ME
1226 AM EST SUN FEB 14 2016


...................................

...THE HOULTON ME CLIMATE SUMMARY FOR FEBRUARY 13 2016...

CLIMATE NORMAL PERIOD 1981 TO 2010
CLIMATE RECORD PERIOD 1948 TO 2016


WEATHER ITEM   OBSERVED TIME   RECORD YEAR NORMAL DEPARTURE LAST
                VALUE   (LST)  VALUE       VALUE  FROM      YEAR
                                                  NORMAL
..................................................................
TEMPERATURE (F)
 YESTERDAY
  MAXIMUM         14    243 PM  46    1984  26    -12        8
  MINIMUM        -24R   619 AM -23    1975   3    -27       -9
  AVERAGE         -5                        14    -19        0

PRECIPITATION (IN)
  YESTERDAY        T             1.21 2008   0.07  -0.07     0.00
  MONTH TO DATE    0.56                      0.94  -0.38     0.12
  SINCE DEC 1      6.17                      7.09  -0.92     7.06
  SINCE JAN 1      1.98                      3.80  -1.82     1.56

SNOWFALL (IN)
  YESTERDAY       MM             5.4  1993   0.6   MM       MM
  MONTH TO DATE   MM                         8.5   MM       MM
  SINCE DEC 1     MM                        48.2   MM       MM
  SINCE JUL 1     MM                        56.3   MM       MM
  SNOW DEPTH      MM

DEGREE DAYS
 HEATING
  YESTERDAY       70                        51     19       65
  MONTH TO DATE  627                       677    -50      853
  SINCE DEC 1   3150                      3744   -594     3790
  SINCE JUL 1   4945                      5852   -907     5687

 COOLING
  YESTERDAY        0                         0      0        0
  MONTH TO DATE    0                         0      0        0
  SINCE DEC 1      0                         0      0        0
  SINCE JAN 1      0                         0      0        0
..................................................................


WIND (MPH)
  HIGHEST WIND SPEED    22   HIGHEST WIND DIRECTION     N (350)
  HIGHEST GUST SPEED    29   HIGHEST GUST DIRECTION     N (360)
  AVERAGE WIND SPEED     4.5


SKY COVER
  POSSIBLE SUNSHINE  MM
  AVERAGE SKY COVER 0.5


WEATHER CONDITIONS
 THE FOLLOWING WEATHER WAS RECORDED YESTERDAY.
  LIGHT SNOW
  HAZE


RELATIVE HUMIDITY (PERCENT)
 HIGHEST    86           400 AM
 LOWEST     46          1200 PM
 AVERAGE    66

..........................................................


THE HOULTON ME CLIMATE NORMALS FOR TODAY
                         NORMAL    RECORD    YEAR
 MAXIMUM TEMPERATURE (F)   26        46      1946
 MINIMUM TEMPERATURE (F)    3       -28      1967


SUNRISE AND SUNSET
FEBRUARY 14 2016......SUNRISE   636 AM EST   SUNSET   455 PM EST
FEBRUARY 15 2016......SUNRISE   635 AM EST   SUNSET   456 PM EST


-  INDICATES NEGATIVE NUMBERS.
R  INDICATES RECORD WAS SET OR TIED.
MM INDICATES DATA IS MISSING.
T  INDICATES TRACE AMOUNT.




$$
