000
CDUS41 KCAR 222026
CLIHUL


CLIMATE REPORT
NATIONAL WEATHER SERVICE CARIBOU, ME
426 PM EDT FRI MAY 22 2015


...................................

...THE HOULTON ME CLIMATE SUMMARY FOR MAY 22 2015...
VALID TODAY AS OF 0400 PM LOCAL TIME.

CLIMATE NORMAL PERIOD 1981 TO 2010
CLIMATE RECORD PERIOD 1948 TO 2015


WEATHER ITEM   OBSERVED TIME   RECORD YEAR NORMAL DEPARTURE LAST
                VALUE   (LST)  VALUE       VALUE  FROM      YEAR
                                                  NORMAL
..................................................................
TEMPERATURE (F)
 TODAY
  MAXIMUM         62   1157 AM  94    1992  66     -4       70
  MINIMUM         49    135 PM  23    1982  40      9       49
  AVERAGE         56                        53      3       60

PRECIPITATION (IN)
  TODAY            0.50          1.30 1998   0.11   0.39      T
  MONTH TO DATE    1.69                      2.32  -0.63     2.61
  SINCE MAR 1      5.03                      8.79  -3.76     8.70
  SINCE JAN 1      7.13                     13.65  -6.52    14.28

SNOWFALL (IN)
  TODAY           MM             2.0  1990   0.0   MM       MM
  MONTH TO DATE   MM                         0.1   MM       MM
  SINCE MAR 1     MM                        23.9   MM       MM
  SINCE JUL 1     MM                        89.5   MM       MM
  SNOW DEPTH      MM

DEGREE DAYS
 HEATING
  TODAY            9                        12     -3        5
  MONTH TO DATE  264                       337    -73      308
  SINCE MAR 1   2499                      2337    162     2610
  SINCE JUL 1   9067                      8910    157     9200

 COOLING
  TODAY            0                         0      0        0
  MONTH TO DATE    0                         0      0        1
  SINCE MAR 1      0                         0      0        1
  SINCE JAN 1      0                         0      0        1
..................................................................


WIND (MPH)
  HIGHEST WIND SPEED    15   HIGHEST WIND DIRECTION     N (340)
  HIGHEST GUST SPEED    20   HIGHEST GUST DIRECTION     N (340)
  AVERAGE WIND SPEED     6.3


SKY COVER
  POSSIBLE SUNSHINE  MM
  AVERAGE SKY COVER 0.8


WEATHER CONDITIONS
 THE FOLLOWING WEATHER WAS RECORDED TODAY.
  THUNDERSTORM
  HEAVY RAIN
  RAIN
  LIGHT RAIN
  FOG


RELATIVE HUMIDITY (PERCENT)
 HIGHEST    71           800 AM
 LOWEST     44           100 AM
 AVERAGE    58

..........................................................


THE HOULTON ME CLIMATE NORMALS FOR TOMORROW
                         NORMAL    RECORD    YEAR
 MAXIMUM TEMPERATURE (F)   66        92      1977
 MINIMUM TEMPERATURE (F)   41        25      1982


SUNRISE AND SUNSET
MAY 22 2015...........SUNRISE   452 AM EDT   SUNSET   805 PM EDT
MAY 23 2015...........SUNRISE   451 AM EDT   SUNSET   806 PM EDT


-  INDICATES NEGATIVE NUMBERS.
R  INDICATES RECORD WAS SET OR TIED.
MM INDICATES DATA IS MISSING.
T  INDICATES TRACE AMOUNT.




$$
