000
CDUS41 KCAR 170539
CLIHUL


CLIMATE REPORT
NATIONAL WEATHER SERVICE CARIBOU, ME
1228 AM EST TUE JAN 17 2017


...................................

...THE HOULTON ME CLIMATE SUMMARY FOR JANUARY 16 2017...

CLIMATE NORMAL PERIOD 1981 TO 2010
CLIMATE RECORD PERIOD 1948 TO 2017


WEATHER ITEM   OBSERVED TIME   RECORD YEAR NORMAL DEPARTURE LAST
                VALUE   (LST)  VALUE       VALUE  FROM      YEAR
                                                  NORMAL
..................................................................
TEMPERATURE (F)
 YESTERDAY
  MAXIMUM         28   1117 PM  51    1995  22      6       20
  MINIMUM         -9    402 AM -36    2009   0     -9       10
  AVERAGE         10                        11     -1       15

PRECIPITATION (IN)
  YESTERDAY        0.00          0.84 1960   0.10  -0.10     0.01
  MONTH TO DATE    1.41                      1.47  -0.06     1.35
  SINCE DEC 1      4.33                      4.76  -0.43     5.54
  SINCE JAN 1      1.41                      1.47  -0.06     1.35

SNOWFALL (IN)
  YESTERDAY       MM            13.0  1960   0.7   MM       MM
  MONTH TO DATE   MM                        12.0   MM       MM
  SINCE DEC 1     MM                        28.4   MM       MM
  SINCE JUL 1     MM                        36.5   MM       MM
  SNOW DEPTH      MM

DEGREE DAYS
 HEATING
  YESTERDAY       55                        54      1       50
  MONTH TO DATE  797                       846    -49      746
  SINCE DEC 1   2241                      2258    -17     1833
  SINCE JUL 1   3984                      4366   -382     3628

 COOLING
  YESTERDAY        0                         0      0        0
  MONTH TO DATE    0                         0      0        0
  SINCE DEC 1      0                         0      0        0
  SINCE JAN 1      0                         0      0        0
..................................................................


WIND (MPH)
  HIGHEST WIND SPEED    17   HIGHEST WIND DIRECTION    SW (210)
  HIGHEST GUST SPEED    25   HIGHEST GUST DIRECTION    SW (210)
  AVERAGE WIND SPEED     7.4


SKY COVER
  POSSIBLE SUNSHINE  MM
  AVERAGE SKY COVER 0.8


WEATHER CONDITIONS
 THE FOLLOWING WEATHER WAS RECORDED YESTERDAY.
  NO SIGNIFICANT WEATHER WAS OBSERVED.


RELATIVE HUMIDITY (PERCENT)
 HIGHEST    87           100 AM
 LOWEST     50           700 PM
 AVERAGE    69

..........................................................


THE HOULTON ME CLIMATE NORMALS FOR TODAY
                         NORMAL    RECORD    YEAR
 MAXIMUM TEMPERATURE (F)   22        49      1959
 MINIMUM TEMPERATURE (F)    0       -33      2009


SUNRISE AND SUNSET
JANUARY 17 2017.......SUNRISE   708 AM EST   SUNSET   415 PM EST
JANUARY 18 2017.......SUNRISE   707 AM EST   SUNSET   416 PM EST


-  INDICATES NEGATIVE NUMBERS.
R  INDICATES RECORD WAS SET OR TIED.
MM INDICATES DATA IS MISSING.
T  INDICATES TRACE AMOUNT.




$$
