000
CDUS41 KCAR 090528
CLIHUL


CLIMATE REPORT
NATIONAL WEATHER SERVICE CARIBOU, ME
1228 AM EST FRI DEC 9 2016


...................................

...THE HOULTON ME CLIMATE SUMMARY FOR DECEMBER 8 2016...

CLIMATE NORMAL PERIOD 1981 TO 2010
CLIMATE RECORD PERIOD 1948 TO 2016


WEATHER ITEM   OBSERVED TIME   RECORD YEAR NORMAL DEPARTURE LAST
                VALUE   (LST)  VALUE       VALUE  FROM      YEAR
                                                  NORMAL
..................................................................
TEMPERATURE (F)
 YESTERDAY
  MAXIMUM         33    111 PM  50    1951  31      2       34
  MINIMUM         24   1159 PM -17    1964  14     10       16
  AVERAGE         29                        23      6       25

PRECIPITATION (IN)
  YESTERDAY        0.03          0.51 2011   0.12  -0.09     0.00
  MONTH TO DATE    1.03                      0.96   0.07     0.98
  SINCE DEC 1      1.03                      0.96   0.07     0.98
  SINCE JAN 1     33.85                     37.65  -3.80    34.72

SNOWFALL (IN)
  YESTERDAY       MM             3.3  1996   0.5   MM       MM
  MONTH TO DATE   MM                         3.8   MM       MM
  SINCE DEC 1     MM                         3.8   MM       MM
  SINCE JUL 1     MM                        11.9   MM       MM
  SNOW DEPTH      MM

DEGREE DAYS
 HEATING
  YESTERDAY       36                        42     -6       40
  MONTH TO DATE  336                       326     10      274
  SINCE DEC 1    336                       326     10      274
  SINCE JUL 1   2079                      2434   -355     2069

 COOLING
  YESTERDAY        0                         0      0        0
  MONTH TO DATE    0                         0      0        0
  SINCE DEC 1      0                         0      0        0
  SINCE JAN 1    229                       191     38      236
..................................................................


WIND (MPH)
  HIGHEST WIND SPEED     9   HIGHEST WIND DIRECTION    SW (220)
  HIGHEST GUST SPEED    12   HIGHEST GUST DIRECTION     S (200)
  AVERAGE WIND SPEED     5.6


SKY COVER
  POSSIBLE SUNSHINE  MM
  AVERAGE SKY COVER 0.7


WEATHER CONDITIONS
 THE FOLLOWING WEATHER WAS RECORDED YESTERDAY.
  LIGHT SNOW
  FOG


RELATIVE HUMIDITY (PERCENT)
 HIGHEST   100          1200 AM
 LOWEST     81          1100 PM
 AVERAGE    91

..........................................................


THE HOULTON ME CLIMATE NORMALS FOR TODAY
                         NORMAL    RECORD    YEAR
 MAXIMUM TEMPERATURE (F)   31        50      1974
 MINIMUM TEMPERATURE (F)   14       -16      1970


SUNRISE AND SUNSET
DECEMBER  9 2016......SUNRISE   702 AM EST   SUNSET   345 PM EST
DECEMBER 10 2016......SUNRISE   703 AM EST   SUNSET   345 PM EST


-  INDICATES NEGATIVE NUMBERS.
R  INDICATES RECORD WAS SET OR TIED.
MM INDICATES DATA IS MISSING.
T  INDICATES TRACE AMOUNT.




$$
