000
CDUS41 KCAR 230528
CLIHUL


CLIMATE REPORT
NATIONAL WEATHER SERVICE CARIBOU, ME
127 AM EDT WED JUL 23 2014


...................................

...THE HOULTON ME CLIMATE SUMMARY FOR JULY 22 2014...

CLIMATE NORMAL PERIOD 1981 TO 2010
CLIMATE RECORD PERIOD 1948 TO 2014


WEATHER ITEM   OBSERVED TIME   RECORD YEAR NORMAL DEPARTURE LAST
                VALUE   (LST)  VALUE       VALUE  FROM      YEAR
                                                  NORMAL
..................................................................
TEMPERATURE (F)
 YESTERDAY
  MAXIMUM         86    317 PM  90    1998  78      8       77
  MINIMUM         61    455 AM  37    1992  54      7       39
  AVERAGE         74                        66      8       58

PRECIPITATION (IN)
  YESTERDAY        0.00          1.52 1978   0.12  -0.12     0.00
  MONTH TO DATE    5.73                      2.58   3.15     3.63
  SINCE JUN 1      9.99                      6.23   3.76     8.71
  SINCE JAN 1     24.69                     20.86   3.83    19.94

SNOWFALL (IN)
  YESTERDAY       MM             0.0  2003   0.0   MM       MM
  MONTH TO DATE   MM                         0.0   MM       MM
  SINCE JUN 1     MM                         0.0   MM       MM
  SINCE JUL 1     MM                         0.0   MM       MM
  SNOW DEPTH      MM

DEGREE DAYS
 HEATING
  YESTERDAY        0                         2     -2        7
  MONTH TO DATE   23                        47    -24       25
  SINCE JUN 1    152                       228    -76      222
  SINCE JUL 1     23                        47    -24       25

 COOLING
  YESTERDAY        9                         3      6        0
  MONTH TO DATE  106                        64     42      105
  SINCE JUN 1    131                        99     32      141
  SINCE JAN 1    132                       103     29      145
..................................................................


WIND (MPH)
  HIGHEST WIND SPEED    16   HIGHEST WIND DIRECTION    SW (220)
  HIGHEST GUST SPEED    22   HIGHEST GUST DIRECTION    SW (230)
  AVERAGE WIND SPEED     7.4


SKY COVER
  POSSIBLE SUNSHINE  MM
  AVERAGE SKY COVER 0.1


WEATHER CONDITIONS
 THE FOLLOWING WEATHER WAS RECORDED YESTERDAY.
  NO SIGNIFICANT WEATHER WAS OBSERVED.


RELATIVE HUMIDITY (PERCENT)
 HIGHEST    90           400 AM
 LOWEST     45           300 PM
 AVERAGE    68

..........................................................


THE HOULTON ME CLIMATE NORMALS FOR TODAY
                         NORMAL    RECORD    YEAR
 MAXIMUM TEMPERATURE (F)   78        97      1952
 MINIMUM TEMPERATURE (F)   54        42      1962


SUNRISE AND SUNSET
JULY 23 2014..........SUNRISE   503 AM EDT   SUNSET   812 PM EDT
JULY 24 2014..........SUNRISE   504 AM EDT   SUNSET   811 PM EDT


-  INDICATES NEGATIVE NUMBERS.
R  INDICATES RECORD WAS SET OR TIED.
MM INDICATES DATA IS MISSING.
T  INDICATES TRACE AMOUNT.




$$
