000
CDUS45 KTFX 232230
CLIHVR


CLIMATE REPORT
NATIONAL WEATHER SERVICE GREAT FALLS MT
430 PM MDT WED AUG 23 2017


...................................

...THE HAVRE MT CLIMATE SUMMARY FOR AUGUST 23 2017...
VALID TODAY AS OF 0400 PM LOCAL TIME.

CLIMATE NORMAL PERIOD 1981 TO 2010
CLIMATE RECORD PERIOD 1880 TO 2017


WEATHER ITEM   OBSERVED TIME   RECORD YEAR NORMAL DEPARTURE LAST
                VALUE   (LST)  VALUE       VALUE  FROM      YEAR
                                                  NORMAL
..................................................................
TEMPERATURE (F)
 TODAY
  MAXIMUM         94    255 PM 106    1969  82     12       69
  MINIMUM         48    534 AM  33    2015  50     -2       47
  AVERAGE         71                        66      5       58

PRECIPITATION (IN)
  TODAY            0.00          1.77 1965   0.03  -0.03     0.01
  MONTH TO DATE    0.15                      0.82  -0.67     1.00
  SINCE OCT 1      7.58                      9.79  -2.21    15.18
  SINCE JAN 1      3.59                      8.38  -4.79    13.25

SNOWFALL (IN)
  TODAY            0.0           0.0  1999   0.0    0.0      0.0
                                      2001
                                      1998
  MONTH TO DATE    0.0                       0.0    0.0      0.0
  SINCE JUN 1      0.0                       0.0    0.0      0.0
  SINCE JUL 1      0.0                       0.0    0.0      0.0

DEGREE DAYS
 HEATING
  TODAY            0                         2     -2        7
  MONTH TO DATE   11                        27    -16       19
  SINCE JUN 1     95                       190    -95      123
  SINCE JUL 1     12                        57    -45       38

 COOLING
  TODAY            6                         3      3        0
  MONTH TO DATE   53                       127    -74       90
  SINCE JUN 1    423                       337     86      295
  SINCE JAN 1    434                       348     86      296
..................................................................


WIND (MPH)
  HIGHEST WIND SPEED    10   HIGHEST WIND DIRECTION     S (190)
  HIGHEST GUST SPEED    14   HIGHEST GUST DIRECTION     S (160)
  AVERAGE WIND SPEED     5.0


SKY COVER
  AVERAGE SKY COVER 0.0


WEATHER CONDITIONS
 THE FOLLOWING WEATHER WAS RECORDED TODAY.
  NO SIGNIFICANT WEATHER WAS OBSERVED.


RELATIVE HUMIDITY (PERCENT)
 HIGHEST    66           500 AM
 LOWEST     13           300 PM
 AVERAGE    40

..........................................................


THE HAVRE MT CLIMATE NORMALS FOR TOMORROW
                         NORMAL    RECORD    YEAR
 MAXIMUM TEMPERATURE (F)   82       110      1969
 MINIMUM TEMPERATURE (F)   50        35      1910


SUNRISE AND SUNSET
AUGUST 23 2017........SUNRISE   624 AM MDT   SUNSET   818 PM MDT
AUGUST 24 2017........SUNRISE   626 AM MDT   SUNSET   816 PM MDT


-  INDICATES NEGATIVE NUMBERS.
R  INDICATES RECORD WAS SET OR TIED.
MM INDICATES DATA IS MISSING.
T  INDICATES TRACE AMOUNT.




$$
