000
CDUS45 KTFX 260817
CLIHVR


CLIMATE REPORT
NATIONAL WEATHER SERVICE GREAT FALLS MT
216 AM MDT MON JUN 26 2017


...................................

...THE HAVRE MT CLIMATE SUMMARY FOR JUNE 25 2017...

CLIMATE NORMAL PERIOD 1981 TO 2010
CLIMATE RECORD PERIOD 1880 TO 2017


WEATHER ITEM   OBSERVED TIME   RECORD YEAR NORMAL DEPARTURE LAST
                VALUE   (LST)  VALUE       VALUE  FROM      YEAR
                                                  NORMAL
..................................................................
TEMPERATURE (F)
 YESTERDAY
  MAXIMUM         82    538 PM  96    1961  79      3       69
                                      1883
  MINIMUM         39R   348 AM  39    1968  50    -11       46
                                      1904
  AVERAGE         61                        64     -3       58

PRECIPITATION (IN)
  YESTERDAY        0.00          1.91 1965   0.07  -0.07     0.30
  MONTH TO DATE    0.54                      1.84  -1.30     1.81
  SINCE OCT 1      7.06                      6.98   0.08    11.63
  SINCE JAN 1      3.07                      5.57  -2.50     9.70

SNOWFALL (IN)
  YESTERDAY        0.0           0.0  1999   0.0    0.0      0.0
                                      2001
                                      1998
  MONTH TO DATE    0.0                       0.5   -0.5      0.0
  SINCE JUN 1      0.0                       0.5   -0.5      0.0
  SINCE JUL 1     32.9                      39.5   -6.6     17.3
  SNOW DEPTH       0

DEGREE DAYS
 HEATING
  YESTERDAY        4                         3      1        7
  MONTH TO DATE   79                       121    -42       81
  SINCE JUN 1     79                       121    -42       81
  SINCE JUL 1   7856                      8209   -353     7164

 COOLING
  YESTERDAY        0                         2     -2        0
  MONTH TO DATE   47                        35     12       33
  SINCE JUN 1     47                        35     12       33
  SINCE JAN 1     58                        46     12       34
..................................................................


WIND (MPH)
  HIGHEST WIND SPEED    13   HIGHEST WIND DIRECTION    NE (40)
  HIGHEST GUST SPEED    16   HIGHEST GUST DIRECTION    NE (40)
  AVERAGE WIND SPEED     3.8


SKY COVER
  AVERAGE SKY COVER 0.0


WEATHER CONDITIONS
 THE FOLLOWING WEATHER WAS RECORDED YESTERDAY.
  NO SIGNIFICANT WEATHER WAS OBSERVED.


RELATIVE HUMIDITY (PERCENT)
 HIGHEST    92           400 AM
 LOWEST     20           400 PM
 AVERAGE    56

..........................................................


THE HAVRE MT CLIMATE NORMALS FOR TODAY
                         NORMAL    RECORD    YEAR
 MAXIMUM TEMPERATURE (F)   79       101      1910
 MINIMUM TEMPERATURE (F)   50        35      1985


SUNRISE AND SUNSET
JUNE 26 2017..........SUNRISE   519 AM MDT   SUNSET   925 PM MDT
JUNE 27 2017..........SUNRISE   519 AM MDT   SUNSET   925 PM MDT


-  INDICATES NEGATIVE NUMBERS.
R  INDICATES RECORD WAS SET OR TIED.
MM INDICATES DATA IS MISSING.
T  INDICATES TRACE AMOUNT.




$$
