549
CDUS45 KTFX 200756
CLIHVR


CLIMATE REPORT
NATIONAL WEATHER SERVICE GREAT FALLS MT
155 AM MDT FRI OCT 20 2017


...................................

...THE HAVRE MT CLIMATE SUMMARY FOR OCTOBER 19 2017...

CLIMATE NORMAL PERIOD 1981 TO 2010
CLIMATE RECORD PERIOD 1880 TO 2017


WEATHER ITEM   OBSERVED TIME   RECORD YEAR NORMAL DEPARTURE LAST
                VALUE   (LST)  VALUE       VALUE  FROM      YEAR
                                                  NORMAL
..................................................................
TEMPERATURE (F)
 YESTERDAY
  MAXIMUM         78    240 PM  82    2003  57     21       56
                                      1940
                                      1927
  MINIMUM         42   1130 PM  -7    1905  29     13       32
  AVERAGE         60                        43     17       44

PRECIPITATION (IN)
  YESTERDAY        0.00          0.46 1936   0.01  -0.01      T
  MONTH TO DATE    1.78                      0.39   1.39     2.68
  SINCE OCT 1      1.78                      0.39   1.39     2.68
  SINCE JAN 1      6.34                     10.18  -3.84    17.97

SNOWFALL (IN)
  YESTERDAY        0.0           1.0  1981   0.1   -0.1      0.0
  MONTH TO DATE   13.0                       1.0   12.0      5.5
  SINCE SEP 1     13.0                       1.3   11.7      5.5
  SINCE JUL 1     13.0                       1.3   11.7      5.5
  SNOW DEPTH       0

DEGREE DAYS
 HEATING
  YESTERDAY        5                        22    -17       21
  MONTH TO DATE  443                       344     99      480
  SINCE SEP 1    695                       618     77      735
  SINCE JUL 1    707                       701      6      796

 COOLING
  YESTERDAY        0                         0      0        0
  MONTH TO DATE    0                         0      0        0
  SINCE SEP 1     39                        19     20       20
  SINCE JAN 1    526                       386    140      344
..................................................................


WIND (MPH)
  HIGHEST WIND SPEED    32   HIGHEST WIND DIRECTION    SW (230)
  HIGHEST GUST SPEED    39   HIGHEST GUST DIRECTION    SW (210)
  AVERAGE WIND SPEED    15.3


SKY COVER
  AVERAGE SKY COVER 0.0


WEATHER CONDITIONS
 THE FOLLOWING WEATHER WAS RECORDED YESTERDAY.
  NO SIGNIFICANT WEATHER WAS OBSERVED.


RELATIVE HUMIDITY (PERCENT)
 HIGHEST    53          1000 PM
 LOWEST     11           300 PM
 AVERAGE    32

..........................................................


THE HAVRE MT CLIMATE NORMALS FOR TODAY
                         NORMAL    RECORD    YEAR
 MAXIMUM TEMPERATURE (F)   57        81      2014
 MINIMUM TEMPERATURE (F)   29         5      1905


SUNRISE AND SUNSET
OCTOBER 20 2017.......SUNRISE   747 AM MDT   SUNSET   620 PM MDT
OCTOBER 21 2017.......SUNRISE   749 AM MDT   SUNSET   618 PM MDT


-  INDICATES NEGATIVE NUMBERS.
R  INDICATES RECORD WAS SET OR TIED.
MM INDICATES DATA IS MISSING.
T  INDICATES TRACE AMOUNT.




$$
