000
CDUS45 KTFX 070927
CLIHVR


CLIMATE REPORT
NATIONAL WEATHER SERVICE GREAT FALLS MT
226 AM MST WED DEC 7 2016


...................................

...THE HAVRE MT CLIMATE SUMMARY FOR DECEMBER 6 2016...

CLIMATE NORMAL PERIOD 1981 TO 2010
CLIMATE RECORD PERIOD 1880 TO 2016


WEATHER ITEM   OBSERVED TIME   RECORD YEAR NORMAL DEPARTURE LAST
                VALUE   (LST)  VALUE       VALUE  FROM      YEAR
                                                  NORMAL
..................................................................
TEMPERATURE (F)
 YESTERDAY
  MAXIMUM          5   1209 AM  64    1987  32    -27       52
  MINIMUM         -1    604 PM -38    2013  10    -11       30
  AVERAGE          2                        21    -19       41

PRECIPITATION (IN)
  YESTERDAY        T             0.63 1936   0.02  -0.02     0.00
  MONTH TO DATE    0.07                      0.08  -0.01     0.00
  SINCE OCT 1      3.59                      1.09   2.50     1.51
  SINCE JAN 1     18.88                     10.88   8.00    11.75

SNOWFALL (IN)
  YESTERDAY        T             3.4  1977   0.3   -0.3      0.0
  MONTH TO DATE    0.9                       1.3   -0.4      0.0
  SINCE DEC 1      0.9                       1.3   -0.4      0.0
  SINCE JUL 1      6.4                       8.9   -2.5      3.0
  SNOW DEPTH       T

DEGREE DAYS
 HEATING
  YESTERDAY       63                        44     19       24
  MONTH TO DATE  253                       257     -4      196
  SINCE DEC 1    253                       257     -4      196
  SINCE JUL 1   2000                      2300   -300     2049

 COOLING
  YESTERDAY        0                         0      0        0
  MONTH TO DATE    0                         0      0        0
  SINCE DEC 1      0                         0      0        0
  SINCE JAN 1    344                       387    -43      418
..................................................................


WIND (MPH)
  HIGHEST WIND SPEED    20   HIGHEST WIND DIRECTION    NW (300)
  HIGHEST GUST SPEED    23   HIGHEST GUST DIRECTION    NW (310)
  AVERAGE WIND SPEED    11.6


SKY COVER
  AVERAGE SKY COVER 0.8


WEATHER CONDITIONS
 THE FOLLOWING WEATHER WAS RECORDED YESTERDAY.
  LIGHT SNOW
  HAZE


RELATIVE HUMIDITY (PERCENT)
 HIGHEST    79           100 AM
 LOWEST     68           200 PM
 AVERAGE    74

..........................................................


THE HAVRE MT CLIMATE NORMALS FOR TODAY
                         NORMAL    RECORD    YEAR
 MAXIMUM TEMPERATURE (F)   32        63      1900
 MINIMUM TEMPERATURE (F)   10       -39      2013


SUNRISE AND SUNSET
DECEMBER  7 2016......SUNRISE   758 AM MST   SUNSET   424 PM MST
DECEMBER  8 2016......SUNRISE   759 AM MST   SUNSET   424 PM MST


-  INDICATES NEGATIVE NUMBERS.
R  INDICATES RECORD WAS SET OR TIED.
MM INDICATES DATA IS MISSING.
T  INDICATES TRACE AMOUNT.




$$
