000
CDUS43 KUNR 290833
CLIICR


CLIMATE REPORT
NATIONAL WEATHER SERVICE RAPID CITY SD
232 AM MDT SUN MAY 29 2016


...................................

...THE WINNER REGIONAL AIRPORT SD CLIMATE SUMMARY FOR MAY 28 2016...

CLIMATE NORMAL PERIOD 1981 TO 2010
CLIMATE RECORD PERIOD 9999 TO 9999


WEATHER ITEM   OBSERVED TIME   NORMAL DEPARTURE LAST
                VALUE   (LST)  VALUE  FROM      YEAR
                                      NORMAL
......................................................
TEMPERATURE (F)
 YESTERDAY
  MAXIMUM         74    532 PM  74      0       84
  MINIMUM         56    505 AM  50      6       60
  AVERAGE         65            62      3       72

PRECIPITATION (IN)
  YESTERDAY        0.00          0.13  -0.13     0.03
  MONTH TO DATE    2.80          3.03  -0.23     2.72
  SINCE MAR 1      8.94          6.90   2.04     3.57
  SINCE JAN 1      9.33          7.66   1.67     3.66

DEGREE DAYS
 HEATING
  YESTERDAY        0             5     -5        0
  MONTH TO DATE  176           229    -53      228
  SINCE MAR 1   1275          1624   -349     1241
  SINCE JUL 1   5568          6633  -1065     6001

 COOLING
  YESTERDAY        0             2     -2        7
  MONTH TO DATE   29            24      5       23
  SINCE MAR 1     38            26     12       35
  SINCE JAN 1     38            26     12       35
......................................................


WIND (MPH)
  HIGHEST WIND SPEED    15   HIGHEST WIND DIRECTION     N (360)
  HIGHEST GUST SPEED    20   HIGHEST GUST DIRECTION    NW (310)
  AVERAGE WIND SPEED     7.0


SKY COVER
  AVERAGE SKY COVER 0.4


WEATHER CONDITIONS
 THE FOLLOWING WEATHER WAS RECORDED YESTERDAY.
  NO SIGNIFICANT WEATHER WAS OBSERVED.


RELATIVE HUMIDITY (PERCENT)
 HIGHEST    93           100 AM
 LOWEST     49           400 PM
 AVERAGE    71

..........................................................




SUNRISE AND SUNSET
MAY 29 2016...........SUNRISE   603 AM CDT   SUNSET   911 PM CDT
MAY 30 2016...........SUNRISE   602 AM CDT   SUNSET   912 PM CDT


-  INDICATES NEGATIVE NUMBERS.
R  INDICATES RECORD WAS SET OR TIED.
MM INDICATES DATA IS MISSING.
T  INDICATES TRACE AMOUNT.




$$
