000
CDUS43 KUNR 140837
CLIICR


CLIMATE REPORT
NATIONAL WEATHER SERVICE RAPID CITY SD
235 AM MDT SUN SEP 14 2014


...................................

...THE WINNER REGIONAL AIRPORT SD CLIMATE SUMMARY FOR SEPTEMBER 13 2014...

CLIMATE NORMAL PERIOD 1981 TO 2010
CLIMATE RECORD PERIOD 9999 TO 9999


WEATHER ITEM   OBSERVED TIME   NORMAL DEPARTURE LAST
                VALUE   (LST)  VALUE  FROM      YEAR
                                      NORMAL
......................................................
TEMPERATURE (F)
 YESTERDAY
  MAXIMUM         70    439 PM  79     -9       82
  MINIMUM         39    226 AM  52    -13       50
  AVERAGE         55            65    -10       66

PRECIPITATION (IN)
  YESTERDAY        0.00          0.07  -0.07     0.00
  MONTH TO DATE    0.83          0.85  -0.02     0.27
  SINCE SEP 1      0.83          0.85  -0.02     0.27
  SINCE JAN 1     13.90         17.85  -3.95    16.26

DEGREE DAYS
 HEATING
  YESTERDAY       10             3      7        0
  MONTH TO DATE   75            30     45        0
  SINCE SEP 1     75            30     45        0
  SINCE JUL 1     88            44     44        7

 COOLING
  YESTERDAY        0             4     -4        1
  MONTH TO DATE   46            69    -23      151
  SINCE SEP 1     46            69    -23      151
  SINCE JAN 1    776           875    -99      942
......................................................


WIND (MPH)
  HIGHEST WIND SPEED    31   HIGHEST WIND DIRECTION     S (190)
  HIGHEST GUST SPEED    41   HIGHEST GUST DIRECTION     S (190)
  AVERAGE WIND SPEED    13.5


SKY COVER
  AVERAGE SKY COVER 0.0


WEATHER CONDITIONS
 THE FOLLOWING WEATHER WAS RECORDED YESTERDAY.
  NO SIGNIFICANT WEATHER WAS OBSERVED.


RELATIVE HUMIDITY (PERCENT)
 HIGHEST    77          1000 PM
 LOWEST     36           500 PM
 AVERAGE    57

..........................................................




SUNRISE AND SUNSET
SEPTEMBER 14 2014.....SUNRISE   718 AM CDT   SUNSET   751 PM CDT
SEPTEMBER 15 2014.....SUNRISE   719 AM CDT   SUNSET   749 PM CDT


-  INDICATES NEGATIVE NUMBERS.
R  INDICATES RECORD WAS SET OR TIED.
MM INDICATES DATA IS MISSING.
T  INDICATES TRACE AMOUNT.




$$
