000
CDUS43 KUNR 200843
CLIICR


CLIMATE REPORT
NATIONAL WEATHER SERVICE RAPID CITY SD
142 AM MST MON FEB 20 2017


...................................

...THE WINNER REGIONAL AIRPORT SD CLIMATE SUMMARY FOR FEBRUARY 19 2017...

CLIMATE NORMAL PERIOD 1981 TO 2010
CLIMATE RECORD PERIOD 9999 TO 9999


WEATHER ITEM   OBSERVED TIME   NORMAL DEPARTURE LAST
                VALUE   (LST)  VALUE  FROM      YEAR
                                      NORMAL
......................................................
TEMPERATURE (F)
 YESTERDAY
  MAXIMUM         72    420 PM  38     34       67
  MINIMUM         47    803 AM  18     29       40
  AVERAGE         60            28     32       54

PRECIPITATION (IN)
  YESTERDAY        0.00          0.02  -0.02     0.08
  MONTH TO DATE    0.06          0.35  -0.29     0.21
  SINCE DEC 1      1.69          0.94   0.75     1.73
  SINCE JAN 1      1.14          0.60   0.54     0.28

DEGREE DAYS
 HEATING
  YESTERDAY        5            37    -32       11
  MONTH TO DATE  582           736   -154      569
  SINCE DEC 1   3034          3220   -186     2944
  SINCE JUL 1   3904          4691   -787     4039

 COOLING
  YESTERDAY        0             0      0        0
  MONTH TO DATE    0             0      0        0
  SINCE DEC 1      0             0      0        0
  SINCE JAN 1      0             0      0        0
......................................................


WIND (MPH)
  HIGHEST WIND SPEED    26   HIGHEST WIND DIRECTION     S (190)
  HIGHEST GUST SPEED    35   HIGHEST GUST DIRECTION     S (190)
  AVERAGE WIND SPEED    15.3


SKY COVER
  AVERAGE SKY COVER 0.1


WEATHER CONDITIONS
 THE FOLLOWING WEATHER WAS RECORDED YESTERDAY.
  NO SIGNIFICANT WEATHER WAS OBSERVED.


RELATIVE HUMIDITY (PERCENT)
 HIGHEST    61           600 AM
 LOWEST     31           300 PM
 AVERAGE    46

..........................................................




SUNRISE AND SUNSET
FEBRUARY 20 2017......SUNRISE   730 AM CST   SUNSET   617 PM CST
FEBRUARY 21 2017......SUNRISE   728 AM CST   SUNSET   618 PM CST


-  INDICATES NEGATIVE NUMBERS.
R  INDICATES RECORD WAS SET OR TIED.
MM INDICATES DATA IS MISSING.
T  INDICATES TRACE AMOUNT.




$$
