000
CDUS43 KUNR 210831
CLIICR


CLIMATE REPORT
NATIONAL WEATHER SERVICE RAPID CITY SD
231 AM MDT MON APR 21 2014


...................................

...THE WINNER REGIONAL AIRPORT SD CLIMATE SUMMARY FOR APRIL 20 2014...

CLIMATE NORMAL PERIOD 1981 TO 2010
CLIMATE RECORD PERIOD 9999 TO 9999


WEATHER ITEM   OBSERVED TIME   NORMAL DEPARTURE LAST
                VALUE   (LST)  VALUE  FROM      YEAR
                                      NORMAL
......................................................
TEMPERATURE (F)
 YESTERDAY
  MAXIMUM         83    509 PM  61     22       47
  MINIMUM         40    600 AM  38      2       24
  AVERAGE         62            49     13       36

PRECIPITATION (IN)
  YESTERDAY        0.01          0.09  -0.08     0.01
  MONTH TO DATE    0.15          1.46  -1.31     0.72
  SINCE MAR 1      0.19          2.84  -2.65     1.32
  SINCE JAN 1      0.27          3.60  -3.33     1.32

DEGREE DAYS
 HEATING
  YESTERDAY        3            16    -13       29
  MONTH TO DATE  372           381     -9      570
  SINCE MAR 1   1322          1257     65     1582
  SINCE JUL 1   6655          6266    389     6245

 COOLING
  YESTERDAY        0             0      0        0
  MONTH TO DATE    2             0      2        0
  SINCE MAR 1      2             0      2        0
  SINCE JAN 1      2             0      2        0
......................................................


WIND (MPH)
  HIGHEST WIND SPEED    24   HIGHEST WIND DIRECTION     N (350)
  HIGHEST GUST SPEED    32   HIGHEST GUST DIRECTION     N (350)
  AVERAGE WIND SPEED    11.7


SKY COVER
  AVERAGE SKY COVER 0.0


WEATHER CONDITIONS
 THE FOLLOWING WEATHER WAS RECORDED YESTERDAY.
  THUNDERSTORM
  LIGHT RAIN


RELATIVE HUMIDITY (PERCENT)
 HIGHEST    48           900 PM
 LOWEST     21          1200 PM
 AVERAGE    35

..........................................................




SUNRISE AND SUNSET
APRIL 21 2014.........SUNRISE   647 AM CDT   SUNSET   830 PM CDT
APRIL 22 2014.........SUNRISE   646 AM CDT   SUNSET   831 PM CDT


-  INDICATES NEGATIVE NUMBERS.
R  INDICATES RECORD WAS SET OR TIED.
MM INDICATES DATA IS MISSING.
T  INDICATES TRACE AMOUNT.




$$
