000
CDUS43 KUNR 250831
CLIICR


CLIMATE REPORT
NATIONAL WEATHER SERVICE RAPID CITY SD
131 AM MST SUN FEB 25 2018


...................................

...THE WINNER REGIONAL AIRPORT SD CLIMATE SUMMARY FOR FEBRUARY 24 2018...

CLIMATE NORMAL PERIOD 1981 TO 2010
CLIMATE RECORD PERIOD 9999 TO 9999


WEATHER ITEM   OBSERVED TIME   NORMAL DEPARTURE LAST
                VALUE   (LST)  VALUE  FROM      YEAR
                                      NORMAL
......................................................
TEMPERATURE (F)
 YESTERDAY
  MAXIMUM         27    220 PM  40    -13       29
  MINIMUM         12   1241 AM  19     -7       14
  AVERAGE         20            30    -10       22

PRECIPITATION (IN)
  YESTERDAY        0.04          0.02   0.02      T
  MONTH TO DATE    0.17          0.45  -0.28     0.56
  SINCE DEC 1      1.20          1.04   0.16     2.19
  SINCE JAN 1      1.03          0.70   0.33     1.64

DEGREE DAYS
 HEATING
  YESTERDAY       45            35     10       43
  MONTH TO DATE 1165           916    249      692
  SINCE DEC 1   3534          3400    134     3144
  SINCE JUL 1   4758          4871   -113     4014

 COOLING
  YESTERDAY        0             0      0        0
  MONTH TO DATE    0             0      0        0
  SINCE DEC 1      0             0      0        0
  SINCE JAN 1      0             0      0        0
......................................................


WIND (MPH)
  HIGHEST WIND SPEED    21   HIGHEST WIND DIRECTION    NW (310)
  HIGHEST GUST SPEED    25   HIGHEST GUST DIRECTION    NW (310)
  AVERAGE WIND SPEED    11.4


SKY COVER
  AVERAGE SKY COVER 0.6


WEATHER CONDITIONS
 THE FOLLOWING WEATHER WAS RECORDED YESTERDAY.
  SNOW
  LIGHT SNOW
  FOG
  HAZE


RELATIVE HUMIDITY (PERCENT)
 HIGHEST    88           400 AM
 LOWEST     62           900 PM
 AVERAGE    75

..........................................................




SUNRISE AND SUNSET
FEBRUARY 25 2018......SUNRISE   722 AM CST   SUNSET   623 PM CST
FEBRUARY 26 2018......SUNRISE   720 AM CST   SUNSET   625 PM CST


-  INDICATES NEGATIVE NUMBERS.
R  INDICATES RECORD WAS SET OR TIED.
MM INDICATES DATA IS MISSING.
T  INDICATES TRACE AMOUNT.




$$
