000
CDUS43 KUNR 120837
CLIICR


CLIMATE REPORT
NATIONAL WEATHER SERVICE RAPID CITY SD
137 AM MST FRI FEB 12 2016


...................................

...THE WINNER REGIONAL AIRPORT SD CLIMATE SUMMARY FOR FEBRUARY 11 2016...

CLIMATE NORMAL PERIOD 1981 TO 2010
CLIMATE RECORD PERIOD 9999 TO 9999


WEATHER ITEM   OBSERVED TIME   NORMAL DEPARTURE LAST
                VALUE   (LST)  VALUE  FROM      YEAR
                                      NORMAL
......................................................
TEMPERATURE (F)
 YESTERDAY
  MAXIMUM         39    313 PM  37      2       35
  MINIMUM         24   1159 PM  16      8        9
  AVERAGE         32            26      6       22

PRECIPITATION (IN)
  YESTERDAY        0.00          0.02  -0.02     0.00
  MONTH TO DATE    0.01          0.20  -0.19     0.01
  SINCE DEC 1      1.53          0.79   0.74     0.29
  SINCE JAN 1      0.08          0.45  -0.37     0.09

DEGREE DAYS
 HEATING
  YESTERDAY       33            39     -6       43
  MONTH TO DATE  370           434    -64      393
  SINCE DEC 1   2745          2918   -173     2582
  SINCE JUL 1   3840          4389   -549     4038

 COOLING
  YESTERDAY        0             0      0        0
  MONTH TO DATE    0             0      0        0
  SINCE DEC 1      0             0      0        0
  SINCE JAN 1      0             0      0        0
......................................................


WIND (MPH)
  HIGHEST WIND SPEED    17   HIGHEST WIND DIRECTION     S (170)
  HIGHEST GUST SPEED    21   HIGHEST GUST DIRECTION     S (170)
  AVERAGE WIND SPEED     8.4


SKY COVER
  AVERAGE SKY COVER 1.0


WEATHER CONDITIONS
 THE FOLLOWING WEATHER WAS RECORDED YESTERDAY.
  FOG


RELATIVE HUMIDITY (PERCENT)
 HIGHEST    85           900 AM
 LOWEST     69          1200 PM
 AVERAGE    77

..........................................................




SUNRISE AND SUNSET
FEBRUARY 12 2016......SUNRISE   742 AM CST   SUNSET   605 PM CST
FEBRUARY 13 2016......SUNRISE   741 AM CST   SUNSET   607 PM CST


-  INDICATES NEGATIVE NUMBERS.
R  INDICATES RECORD WAS SET OR TIED.
MM INDICATES DATA IS MISSING.
T  INDICATES TRACE AMOUNT.




$$
