000
CDUS43 KICT 220625
CLIICT


CLIMATE REPORT
NATIONAL WEATHER SERVICE WICHITA KS
125 AM CDT FRI SEP 22 2017


...................................

...THE WICHITA EISENHOWER NATIONAL CLIMATE SUMMARY FOR SEPTEMBER 21 2017...

CLIMATE NORMAL PERIOD 1981 TO 2010
CLIMATE RECORD PERIOD 1888 TO 2017


WEATHER ITEM   OBSERVED TIME   RECORD YEAR NORMAL DEPARTURE LAST
                VALUE   (LST)  VALUE       VALUE  FROM      YEAR
                                                  NORMAL
..................................................................
TEMPERATURE (F)
 YESTERDAY
  MAXIMUM         98    222 PM  99    1980  80     18       93
                                      1956
  MINIMUM         73    659 AM  37    1983  57     16       73
  AVERAGE         86                        68     18       83

PRECIPITATION (IN)
  YESTERDAY        0.00          3.83 1931   0.10  -0.10     0.00
  MONTH TO DATE    0.34                      2.23  -1.89     9.65
  SINCE SEP 1      0.34                      2.23  -1.89     9.65
  SINCE JAN 1     27.69                     26.32   1.37    45.99

SNOWFALL (IN)
  YESTERDAY        0.0           0.0  2007   0.0    0.0      0.0
  MONTH TO DATE    0.0                       0.0    0.0      0.0
  SINCE SEP 1      0.0                       0.0    0.0      0.0
  SINCE JUL 1      0.0                       0.0    0.0      0.0
  SNOW DEPTH       0

DEGREE DAYS
 HEATING
  YESTERDAY        0                         2     -2        0
  MONTH TO DATE    1                        14    -13        0
  SINCE SEP 1      1                        14    -13        0
  SINCE JUL 1      1                        15    -14        0

 COOLING
  YESTERDAY       21                         5     16       18
  MONTH TO DATE  208                       182     26      237
  SINCE SEP 1    208                       182     26      237
  SINCE JAN 1   1647                      1609     38     1909
..................................................................


WIND (MPH)
  HIGHEST WIND SPEED    30   HIGHEST WIND DIRECTION     S (160)
  HIGHEST GUST SPEED    38   HIGHEST GUST DIRECTION     S (170)
  AVERAGE WIND SPEED    18.0


SKY COVER
  POSSIBLE SUNSHINE  MM
  AVERAGE SKY COVER 0.2


WEATHER CONDITIONS
 THE FOLLOWING WEATHER WAS RECORDED YESTERDAY.
  NO SIGNIFICANT WEATHER WAS OBSERVED.


RELATIVE HUMIDITY (PERCENT)
 HIGHEST   100           400 AM
 LOWEST     42           300 PM
 AVERAGE    71

..........................................................


THE WICHITA EISENHOWER NATIONAL CLIMATE NORMALS FOR TODAY
                         NORMAL    RECORD    YEAR
 MAXIMUM TEMPERATURE (F)   80        97      1988
 MINIMUM TEMPERATURE (F)   57        32      1995


SUNRISE AND SUNSET
SEPTEMBER 22 2017.....SUNRISE   718 AM CDT   SUNSET   726 PM CDT
SEPTEMBER 23 2017.....SUNRISE   719 AM CDT   SUNSET   725 PM CDT


-  INDICATES NEGATIVE NUMBERS.
R  INDICATES RECORD WAS SET OR TIED.
MM INDICATES DATA IS MISSING.
T  INDICATES TRACE AMOUNT.




$$
