282
CDUS43 KICT 240636
CLIICT


CLIMATE REPORT
NATIONAL WEATHER SERVICE WICHITA KS
1235 AM CST FRI NOV 24 2017


...................................

...THE WICHITA EISENHOWER NATIONAL CLIMATE SUMMARY FOR NOVEMBER 23 2017...

CLIMATE NORMAL PERIOD 1981 TO 2010
CLIMATE RECORD PERIOD 1888 TO 2017


WEATHER ITEM   OBSERVED TIME   RECORD YEAR NORMAL DEPARTURE LAST
                VALUE   (LST)  VALUE       VALUE  FROM      YEAR
                                                  NORMAL
..................................................................
TEMPERATURE (F)
 YESTERDAY
  MAXIMUM         70    350 PM  72    2005  52     18       54
                                      1966
                                      1904
  MINIMUM         31    748 AM   9    1898  31      0       35
  AVERAGE         51                        42      9       45

PRECIPITATION (IN)
  YESTERDAY        0.00          0.81 1931   0.04  -0.04     0.00
  MONTH TO DATE    0.12                      1.14  -1.02     0.19
  SINCE SEP 1      6.06                      7.06  -1.00    13.53
  SINCE JAN 1     33.41                     31.15   2.26    49.87

SNOWFALL (IN)
  YESTERDAY        0.0           3.9  1983   0.1   -0.1      0.0
  MONTH TO DATE    0.0                       0.7   -0.7      0.0
  SINCE SEP 1      0.0                       0.8   -0.8      0.0
  SINCE JUL 1      0.0                       0.8   -0.8      0.0
  SNOW DEPTH       0

DEGREE DAYS
 HEATING
  YESTERDAY       14                        23     -9       20
  MONTH TO DATE  414                       411      3      232
  SINCE SEP 1    638                       696    -58      322
  SINCE JUL 1    638                       697    -59      322

 COOLING
  YESTERDAY        0                         0      0        0
  MONTH TO DATE    2                         0      2       11
  SINCE SEP 1    346                       257     89      382
  SINCE JAN 1   1785                      1684    101     2054
..................................................................


WIND (MPH)
  HIGHEST WIND SPEED    12   HIGHEST WIND DIRECTION     S (170)
  HIGHEST GUST SPEED    12   HIGHEST GUST DIRECTION     S (180)
  AVERAGE WIND SPEED     5.4


SKY COVER
  POSSIBLE SUNSHINE  MM
  AVERAGE SKY COVER 0.1


WEATHER CONDITIONS
 THE FOLLOWING WEATHER WAS RECORDED YESTERDAY.
  NO SIGNIFICANT WEATHER WAS OBSERVED.


RELATIVE HUMIDITY (PERCENT)
 HIGHEST    75           800 AM
 LOWEST     31           200 PM
 AVERAGE    53

..........................................................


THE WICHITA EISENHOWER NATIONAL CLIMATE NORMALS FOR TODAY
                         NORMAL    RECORD    YEAR
 MAXIMUM TEMPERATURE (F)   52        70      1915
 MINIMUM TEMPERATURE (F)   31        11      1970
                                             1950
                                             1938


SUNRISE AND SUNSET
NOVEMBER 24 2017......SUNRISE   719 AM CST   SUNSET   513 PM CST
NOVEMBER 25 2017......SUNRISE   720 AM CST   SUNSET   513 PM CST


-  INDICATES NEGATIVE NUMBERS.
R  INDICATES RECORD WAS SET OR TIED.
MM INDICATES DATA IS MISSING.
T  INDICATES TRACE AMOUNT.




$$
