000
CDUS43 KICT 060626
CLIICT


CLIMATE REPORT
NATIONAL WEATHER SERVICE WICHITA KS
126 AM CDT FRI MAY 6 2016


...................................

...THE WICHITA EISENHOWER NATIONAL CLIMATE SUMMARY FOR MAY 5 2016...

CLIMATE NORMAL PERIOD 1981 TO 2010
CLIMATE RECORD PERIOD 1888 TO 2016


WEATHER ITEM   OBSERVED TIME   RECORD YEAR NORMAL DEPARTURE LAST
                VALUE   (LST)  VALUE       VALUE  FROM      YEAR
                                                  NORMAL
..................................................................
TEMPERATURE (F)
 YESTERDAY
  MAXIMUM         82    534 PM  96    1940  74      8       78
  MINIMUM         44    650 AM  35    1944  52     -8       62
                                      1917
  AVERAGE         63                        62      1       70

PRECIPITATION (IN)
  YESTERDAY        0.00          2.60 1987   0.13  -0.13     0.69
  MONTH TO DATE    T                         0.65  -0.65     0.69
  SINCE MAR 1      7.76                      5.93   1.83     3.59
  SINCE JAN 1      8.50                      7.94   0.56     5.36

SNOWFALL (IN)
  YESTERDAY        0.0           0.0  2007   0.0    0.0      0.0
                                      2001
  MONTH TO DATE    0.0                       0.0    0.0      0.0
  SINCE MAR 1      3.5                       2.5    1.0      1.1
  SINCE JUL 1      4.3                      14.9  -10.6     18.0
  SNOW DEPTH       0

DEGREE DAYS
 HEATING
  YESTERDAY        2                         4     -2        0
  MONTH TO DATE   39                        23     16        0
  SINCE MAR 1    602                       891   -289      637
  SINCE JUL 1   3452                      4531  -1079     4202

 COOLING
  YESTERDAY        0                         2     -2        5
  MONTH TO DATE    0                         8     -8       25
  SINCE MAR 1     37                        34      3       53
  SINCE JAN 1     37                        34      3       53
..................................................................


WIND (MPH)
  HIGHEST WIND SPEED     9   HIGHEST WIND DIRECTION    NE (40)
  HIGHEST GUST SPEED    14   HIGHEST GUST DIRECTION     W (250)
  AVERAGE WIND SPEED     3.7


SKY COVER
  POSSIBLE SUNSHINE  MM
  AVERAGE SKY COVER 0.1


WEATHER CONDITIONS
 THE FOLLOWING WEATHER WAS RECORDED YESTERDAY.
  NO SIGNIFICANT WEATHER WAS OBSERVED.


RELATIVE HUMIDITY (PERCENT)
 HIGHEST    92          1100 AM
 LOWEST     21           400 PM
 AVERAGE    57

..........................................................


THE WICHITA EISENHOWER NATIONAL CLIMATE NORMALS FOR TODAY
                         NORMAL    RECORD    YEAR
 MAXIMUM TEMPERATURE (F)   74        99      2014
 MINIMUM TEMPERATURE (F)   52        33      1944


SUNRISE AND SUNSET
MAY  6 2016...........SUNRISE   628 AM CDT   SUNSET   825 PM CDT
MAY  7 2016...........SUNRISE   627 AM CDT   SUNSET   826 PM CDT


-  INDICATES NEGATIVE NUMBERS.
R  INDICATES RECORD WAS SET OR TIED.
MM INDICATES DATA IS MISSING.
T  INDICATES TRACE AMOUNT.




$$
