000
CDUS45 KPIH 202322
CLIIDA


CLIMATE REPORT
NATIONAL WEATHER SERVICE POCATELLO ID
520 PM MDT SUN APR 20 2014


...................................

...THE IDAHO FALLS ID CLIMATE SUMMARY FOR APRIL 20 2014...
VALID TODAY AS OF 0500 PM LOCAL TIME.

CLIMATE NORMAL PERIOD 1981 TO 2010
CLIMATE RECORD PERIOD 1948 TO 2014


WEATHER ITEM   OBSERVED TIME   RECORD YEAR NORMAL DEPARTURE LAST
                VALUE   (LST)  VALUE       VALUE  FROM      YEAR
                                                  NORMAL
..................................................................
TEMPERATURE (F)
 TODAY
  MAXIMUM         64    348 PM  80    1989  59      5       54
  MINIMUM         45    224 AM  15    1982  32     13       39
  AVERAGE         55                        46      9       47

PRECIPITATION (IN)
  TODAY            0.00          0.32 1984   0.04  -0.04     0.25
  MONTH TO DATE    0.18                      0.68  -0.50     0.52
  SINCE OCT 1      3.77                      5.46  -1.69     4.05
  SINCE JAN 1      2.47                      2.89  -0.42     1.36

SNOWFALL (IN)
  TODAY           MM
  MONTH TO DATE   MM
  SINCE MAR 1     MM
  SINCE JUL 1     MM
  SNOW DEPTH      MM

DEGREE DAYS
 HEATING
  TODAY           10                        19     -9       18
  MONTH TO DATE  400                       432    -32      455
  SINCE MAR 1   1192                      1334   -142     1351
  SINCE JUL 1   6709                      7136   -427     6914

 COOLING
  TODAY            0                         0      0        0
  MONTH TO DATE    0                         0      0        0
  SINCE MAR 1      0                         0      0        0
  SINCE JAN 1      0                         0      0        0
..................................................................


WIND (MPH)
  HIGHEST WIND SPEED    30   HIGHEST WIND DIRECTION    SW (210)
  HIGHEST GUST SPEED    37   HIGHEST GUST DIRECTION    SW (220)
  AVERAGE WIND SPEED    17.6


SKY COVER
  POSSIBLE SUNSHINE  MM
  AVERAGE SKY COVER 0.1


WEATHER CONDITIONS
 THE FOLLOWING WEATHER WAS RECORDED TODAY.
  NO SIGNIFICANT WEATHER WAS OBSERVED.


RELATIVE HUMIDITY (PERCENT)
 HIGHEST    58           200 AM
 LOWEST     17           400 PM
 AVERAGE    38

..........................................................


THE IDAHO FALLS ID CLIMATE NORMALS FOR TOMORROW
                         NORMAL    RECORD    YEAR
 MAXIMUM TEMPERATURE (F)   60        78      2012
                                             1980
 MINIMUM TEMPERATURE (F)   33        16      1982


SUNRISE AND SUNSET
APRIL 20 2014.........SUNRISE   637 AM MDT   SUNSET   818 PM MDT
APRIL 21 2014.........SUNRISE   636 AM MDT   SUNSET   819 PM MDT


-  INDICATES NEGATIVE NUMBERS.
R  INDICATES RECORD WAS SET OR TIED.
MM INDICATES DATA IS MISSING.
T  INDICATES TRACE AMOUNT.




$$
