000
CDUS45 KPIH 160740
CLIIDA


CLIMATE REPORT
NATIONAL WEATHER SERVICE POCATELLO ID
139 AM MDT TUE SEP 16 2014


...................................

...THE IDAHO FALLS ID CLIMATE SUMMARY FOR SEPTEMBER 15 2014...

CLIMATE NORMAL PERIOD 1981 TO 2010
CLIMATE RECORD PERIOD 1948 TO 2014


WEATHER ITEM   OBSERVED TIME   RECORD YEAR NORMAL DEPARTURE LAST
                VALUE   (LST)  VALUE       VALUE  FROM      YEAR
                                                  NORMAL
..................................................................
TEMPERATURE (F)
 YESTERDAY
  MAXIMUM         86    347 PM  91    2000  75     11       74
  MINIMUM         42    432 AM  26    1970  41      1       56
  AVERAGE         64                        58      6       65

PRECIPITATION (IN)
  YESTERDAY        0.00          0.73 2006   0.02  -0.02     0.27
  MONTH TO DATE    0.00                      0.40  -0.40     1.79
  SINCE OCT 1      7.64                      9.95  -2.31     7.18
  SINCE JAN 1      6.34                      7.38  -1.04     4.49

SNOWFALL (IN)
  YESTERDAY       MM
  MONTH TO DATE   MM
  SINCE SEP 1     MM
  SINCE JUL 1     MM
  SNOW DEPTH      MM

DEGREE DAYS
 HEATING
  YESTERDAY        1                         8     -7        0
  MONTH TO DATE  102                        79     23        3
  SINCE SEP 1    102                        79     23        3
  SINCE JUL 1    157                       144     13        3

 COOLING
  YESTERDAY        0                         0      0        0
  MONTH TO DATE    1                        10     -9       45
  SINCE SEP 1      1                        10     -9       45
  SINCE JAN 1    283                       262     21      505
..................................................................


WIND (MPH)
  HIGHEST WIND SPEED    14   HIGHEST WIND DIRECTION     S (200)
  HIGHEST GUST SPEED    17   HIGHEST GUST DIRECTION     S (180)
  AVERAGE WIND SPEED     3.8


SKY COVER
  POSSIBLE SUNSHINE  MM
  AVERAGE SKY COVER 0.2


WEATHER CONDITIONS
 THE FOLLOWING WEATHER WAS RECORDED YESTERDAY.
  HAZE


RELATIVE HUMIDITY (PERCENT)
 HIGHEST    76           600 AM
 LOWEST     14           400 PM
 AVERAGE    45

..........................................................


THE IDAHO FALLS ID CLIMATE NORMALS FOR TODAY
                         NORMAL    RECORD    YEAR
 MAXIMUM TEMPERATURE (F)   74        89      2000
 MINIMUM TEMPERATURE (F)   40        29      1970


SUNRISE AND SUNSET
SEPTEMBER 16 2014.....SUNRISE   709 AM MDT   SUNSET   736 PM MDT
SEPTEMBER 17 2014.....SUNRISE   710 AM MDT   SUNSET   735 PM MDT


-  INDICATES NEGATIVE NUMBERS.
R  INDICATES RECORD WAS SET OR TIED.
MM INDICATES DATA IS MISSING.
T  INDICATES TRACE AMOUNT.




$$
