000
CDUS45 KPIH 220730
CLIIDA


CLIMATE REPORT
NATIONAL WEATHER SERVICE POCATELLO ID
1229 AM MST SUN JAN 22 2017


...................................

...THE IDAHO FALLS ID CLIMATE SUMMARY FOR JANUARY 21 2017...

CLIMATE NORMAL PERIOD 1981 TO 2010
CLIMATE RECORD PERIOD 1948 TO 2017


WEATHER ITEM   OBSERVED TIME   RECORD YEAR NORMAL DEPARTURE LAST
                VALUE   (LST)  VALUE       VALUE  FROM      YEAR
                                                  NORMAL
..................................................................
TEMPERATURE (F)
 YESTERDAY
  MAXIMUM         31    528 PM  44    1969  29      2       28
  MINIMUM         20   1234 AM -29    1962  12      8       10
  AVERAGE         26                        20      6       19

PRECIPITATION (IN)
  YESTERDAY        T             0.76 1969   0.02  -0.02     0.00
  MONTH TO DATE    0.73                      0.50   0.23     0.46
  SINCE OCT 1      5.01                      3.07   1.94     2.78
  SINCE JAN 1      0.73                      0.50   0.23     0.46

SNOWFALL (IN)
  YESTERDAY       MM
  MONTH TO DATE   MM
  SINCE DEC 1     MM
  SINCE JUL 1     MM
  SNOW DEPTH      MM

DEGREE DAYS
 HEATING
  YESTERDAY       39                        45     -6       46
  MONTH TO DATE 1134                       945    189      925
  SINCE DEC 1   2663                      2315    348     2296
  SINCE JUL 1   4281                      4218     63     3996

 COOLING
  YESTERDAY        0                         0      0        0
  MONTH TO DATE    0                         0      0        0
  SINCE DEC 1      0                         0      0        0
  SINCE JAN 1      0                         0      0        0
..................................................................


WIND (MPH)
  HIGHEST WIND SPEED    20   HIGHEST WIND DIRECTION    SW (220)
  HIGHEST GUST SPEED    23   HIGHEST GUST DIRECTION    SW (240)
  AVERAGE WIND SPEED     9.2


SKY COVER
  POSSIBLE SUNSHINE  MM
  AVERAGE SKY COVER 0.9


WEATHER CONDITIONS
 THE FOLLOWING WEATHER WAS RECORDED YESTERDAY.
  LIGHT SNOW
  FOG


RELATIVE HUMIDITY (PERCENT)
 HIGHEST    92           100 AM
 LOWEST     84           800 AM
 AVERAGE    88

..........................................................


THE IDAHO FALLS ID CLIMATE NORMALS FOR TODAY
                         NORMAL    RECORD    YEAR
 MAXIMUM TEMPERATURE (F)   29        50      1981
 MINIMUM TEMPERATURE (F)   12       -27      1962


SUNRISE AND SUNSET
JANUARY 22 2017.......SUNRISE   754 AM MST   SUNSET   527 PM MST
JANUARY 23 2017.......SUNRISE   753 AM MST   SUNSET   528 PM MST


-  INDICATES NEGATIVE NUMBERS.
R  INDICATES RECORD WAS SET OR TIED.
MM INDICATES DATA IS MISSING.
T  INDICATES TRACE AMOUNT.




$$
