000
CDUS45 KPIH 310733
CLIIDA


CLIMATE REPORT
NATIONAL WEATHER SERVICE POCATELLO ID
132 AM MDT THU JUL 31 2014


...................................

...THE IDAHO FALLS ID CLIMATE SUMMARY FOR JULY 30 2014...

CLIMATE NORMAL PERIOD 1981 TO 2010
CLIMATE RECORD PERIOD 1948 TO 2014


WEATHER ITEM   OBSERVED TIME   RECORD YEAR NORMAL DEPARTURE LAST
                VALUE   (LST)  VALUE       VALUE  FROM      YEAR
                                                  NORMAL
..................................................................
TEMPERATURE (F)
 YESTERDAY
  MAXIMUM         84    521 PM 100    1966  88     -4       91
  MINIMUM         51    448 AM  41    1950  50      1       51
  AVERAGE         68                        69     -1       71

PRECIPITATION (IN)
  YESTERDAY        T             0.30 1958   0.01  -0.01     0.00
  MONTH TO DATE    0.11                      0.48  -0.37     0.46
  SINCE OCT 1      5.25                      8.99  -3.74     5.09
  SINCE JAN 1      3.95                      6.42  -2.47     2.40

SNOWFALL (IN)
  YESTERDAY       MM
  MONTH TO DATE   MM
  SINCE JUN 1     MM
  SINCE JUL 1     MM
  SNOW DEPTH      MM

DEGREE DAYS
 HEATING
  YESTERDAY        0                         0      0        0
  MONTH TO DATE    2                        25    -23        0
  SINCE JUN 1    130                       178    -48      100
  SINCE JUL 1      2                        25    -23        0

 COOLING
  YESTERDAY        3                         5     -2        6
  MONTH TO DATE  189                       123     66      213
  SINCE JUN 1    198                       153     45      282
  SINCE JAN 1    199                       155     44      286
..................................................................


WIND (MPH)
  HIGHEST WIND SPEED    16   HIGHEST WIND DIRECTION     S (190)
  HIGHEST GUST SPEED    22   HIGHEST GUST DIRECTION     S (190)
  AVERAGE WIND SPEED     5.5


SKY COVER
  POSSIBLE SUNSHINE  MM
  AVERAGE SKY COVER 0.2


WEATHER CONDITIONS
 THE FOLLOWING WEATHER WAS RECORDED YESTERDAY.
  NO SIGNIFICANT WEATHER WAS OBSERVED.


RELATIVE HUMIDITY (PERCENT)
 HIGHEST    96           500 AM
 LOWEST     28           500 PM
 AVERAGE    62

..........................................................


THE IDAHO FALLS ID CLIMATE NORMALS FOR TODAY
                         NORMAL    RECORD    YEAR
 MAXIMUM TEMPERATURE (F)   88       100      2000
 MINIMUM TEMPERATURE (F)   50        41      1950


SUNRISE AND SUNSET
JULY 31 2014..........SUNRISE   617 AM MDT   SUNSET   852 PM MDT
AUGUST  1 2014........SUNRISE   618 AM MDT   SUNSET   851 PM MDT


-  INDICATES NEGATIVE NUMBERS.
R  INDICATES RECORD WAS SET OR TIED.
MM INDICATES DATA IS MISSING.
T  INDICATES TRACE AMOUNT.




$$
