842
CDUS45 KPIH 230739
CLIIDA


CLIMATE REPORT
NATIONAL WEATHER SERVICE POCATELLO ID
138 AM MDT THU MAR 23 2017


...................................

...THE IDAHO FALLS ID CLIMATE SUMMARY FOR MARCH 22 2017...

CLIMATE NORMAL PERIOD 1981 TO 2010
CLIMATE RECORD PERIOD 1948 TO 2017


WEATHER ITEM   OBSERVED TIME   RECORD YEAR NORMAL DEPARTURE LAST
                VALUE   (LST)  VALUE       VALUE  FROM      YEAR
                                                  NORMAL
..................................................................
TEMPERATURE (F)
 YESTERDAY
  MAXIMUM         53    311 PM  71    1972  49      4       43
  MINIMUM         40    635 AM  -1    1952  28     12       33
  AVERAGE         47                        38      9       38

PRECIPITATION (IN)
  YESTERDAY        0.01          0.22 2009   0.03  -0.02     0.20
  MONTH TO DATE    0.09                      0.61  -0.52     1.55
  SINCE OCT 1      6.51                      4.53   1.98     4.93
  SINCE JAN 1      2.23                      1.96   0.27     2.61

SNOWFALL (IN)
  YESTERDAY       MM
  MONTH TO DATE   MM
  SINCE MAR 1     MM
  SINCE JUL 1     MM
  SNOW DEPTH      MM

DEGREE DAYS
 HEATING
  YESTERDAY       18                        27     -9       27
  MONTH TO DATE  537                       676   -139      567
  SINCE MAR 1    537                       676   -139      567
  SINCE JUL 1   6334                      6478   -144     6149

 COOLING
  YESTERDAY        0                         0      0        0
  MONTH TO DATE    0                         0      0        0
  SINCE MAR 1      0                         0      0        0
  SINCE JAN 1      0                         0      0        0
..................................................................


WIND (MPH)
  HIGHEST WIND SPEED    22   HIGHEST WIND DIRECTION    SW (210)
  HIGHEST GUST SPEED    26   HIGHEST GUST DIRECTION    SW (230)
  AVERAGE WIND SPEED     8.2


SKY COVER
  POSSIBLE SUNSHINE  MM
  AVERAGE SKY COVER 0.7


WEATHER CONDITIONS
 THE FOLLOWING WEATHER WAS RECORDED YESTERDAY.
  LIGHT RAIN


RELATIVE HUMIDITY (PERCENT)
 HIGHEST   100           500 AM
 LOWEST     50           300 PM
 AVERAGE    75

..........................................................


THE IDAHO FALLS ID CLIMATE NORMALS FOR TODAY
                         NORMAL    RECORD    YEAR
 MAXIMUM TEMPERATURE (F)   50        70      2004
 MINIMUM TEMPERATURE (F)   28         4      1964


SUNRISE AND SUNSET
MARCH 23 2017.........SUNRISE   725 AM MDT   SUNSET   745 PM MDT
MARCH 24 2017.........SUNRISE   724 AM MDT   SUNSET   746 PM MDT


-  INDICATES NEGATIVE NUMBERS.
R  INDICATES RECORD WAS SET OR TIED.
MM INDICATES DATA IS MISSING.
T  INDICATES TRACE AMOUNT.




$$
