087
CDUS45 KPIH 260735
CLIIDA


CLIMATE REPORT
NATIONAL WEATHER SERVICE POCATELLO ID
134 AM MDT TUE JUL 26 2016


...................................

...THE IDAHO FALLS ID CLIMATE SUMMARY FOR JULY 25 2016...

CLIMATE NORMAL PERIOD 1981 TO 2010
CLIMATE RECORD PERIOD 1948 TO 2016


WEATHER ITEM   OBSERVED TIME   RECORD YEAR NORMAL DEPARTURE LAST
                VALUE   (LST)  VALUE       VALUE  FROM      YEAR
                                                  NORMAL
..................................................................
TEMPERATURE (F)
 YESTERDAY
  MAXIMUM         94    455 PM  98    1954  88      6       88
  MINIMUM         41R   421 AM  41    2000  51    -10       46
  AVERAGE         68                        69     -1       67

PRECIPITATION (IN)
  YESTERDAY        0.00          0.17 1986   0.02  -0.02     0.00
  MONTH TO DATE    0.19                      0.41  -0.22     0.78
  SINCE OCT 1      7.67                      8.92  -1.25     7.65
  SINCE JAN 1      5.35                      6.35  -1.00     6.19

SNOWFALL (IN)
  YESTERDAY       MM
  MONTH TO DATE   MM
  SINCE JUN 1     MM
  SINCE JUL 1     MM
  SNOW DEPTH      MM

DEGREE DAYS
 HEATING
  YESTERDAY        0                         0      0        0
  MONTH TO DATE   33                        25      8       18
  SINCE JUN 1    107                       178    -71       64
  SINCE JUL 1     33                        25      8       18

 COOLING
  YESTERDAY        3                         5     -2        2
  MONTH TO DATE   72                        98    -26       91
  SINCE JUN 1    132                       128      4      187
  SINCE JAN 1    132                       130      2      188
..................................................................


WIND (MPH)
  HIGHEST WIND SPEED    20   HIGHEST WIND DIRECTION     S (190)
  HIGHEST GUST SPEED    23   HIGHEST GUST DIRECTION     S (180)
  AVERAGE WIND SPEED     7.0


SKY COVER
  POSSIBLE SUNSHINE  MM
  AVERAGE SKY COVER 0.0


WEATHER CONDITIONS
 THE FOLLOWING WEATHER WAS RECORDED YESTERDAY.
  NO SIGNIFICANT WEATHER WAS OBSERVED.


RELATIVE HUMIDITY (PERCENT)
 HIGHEST    86           100 AM
 LOWEST      9           300 PM
 AVERAGE    48

..........................................................


THE IDAHO FALLS ID CLIMATE NORMALS FOR TODAY
                         NORMAL    RECORD    YEAR
 MAXIMUM TEMPERATURE (F)   88        96      2013
                                             2012
                                             1989
 MINIMUM TEMPERATURE (F)   51        40      1999


SUNRISE AND SUNSET
JULY 26 2016..........SUNRISE   612 AM MDT   SUNSET   857 PM MDT
JULY 27 2016..........SUNRISE   613 AM MDT   SUNSET   856 PM MDT


-  INDICATES NEGATIVE NUMBERS.
R  INDICATES RECORD WAS SET OR TIED.
MM INDICATES DATA IS MISSING.
T  INDICATES TRACE AMOUNT.




$$
