000
CDUS45 KPIH 240731
CLIIDA


CLIMATE REPORT
NATIONAL WEATHER SERVICE POCATELLO ID
130 AM MDT WED AUG 24 2016


...................................

...THE IDAHO FALLS ID CLIMATE SUMMARY FOR AUGUST 23 2016...

CLIMATE NORMAL PERIOD 1981 TO 2010
CLIMATE RECORD PERIOD 1948 TO 2016


WEATHER ITEM   OBSERVED TIME   RECORD YEAR NORMAL DEPARTURE LAST
                VALUE   (LST)  VALUE       VALUE  FROM      YEAR
                                                  NORMAL
..................................................................
TEMPERATURE (F)
 YESTERDAY
  MAXIMUM         81    305 PM  97    1969  84     -3       85
  MINIMUM         42    604 AM  36    1985  47     -5       37
  AVERAGE         62                        66     -4       61

PRECIPITATION (IN)
  YESTERDAY        0.00          0.35 2009   0.02  -0.02     0.00
  MONTH TO DATE    0.09                      0.37  -0.28     1.03
  SINCE OCT 1      7.76                      9.38  -1.62     8.84
  SINCE JAN 1      5.44                      6.81  -1.37     7.38

SNOWFALL (IN)
  YESTERDAY       MM
  MONTH TO DATE   MM
  SINCE JUN 1     MM
  SINCE JUL 1     MM
  SNOW DEPTH      MM

DEGREE DAYS
 HEATING
  YESTERDAY        3                         2      1        4
  MONTH TO DATE   21                        17      4       26
  SINCE JUN 1    128                       197    -69      114
  SINCE JUL 1     54                        44     10       68

 COOLING
  YESTERDAY        0                         2     -2        0
  MONTH TO DATE   56                        80    -24       74
  SINCE JUN 1    232                       233     -1      269
  SINCE JAN 1    232                       235     -3      270
..................................................................


WIND (MPH)
  HIGHEST WIND SPEED    26   HIGHEST WIND DIRECTION    SW (210)
  HIGHEST GUST SPEED    34   HIGHEST GUST DIRECTION    SW (220)
  AVERAGE WIND SPEED    13.0


SKY COVER
  POSSIBLE SUNSHINE  MM
  AVERAGE SKY COVER 0.1


WEATHER CONDITIONS
 THE FOLLOWING WEATHER WAS RECORDED YESTERDAY.
  NO SIGNIFICANT WEATHER WAS OBSERVED.


RELATIVE HUMIDITY (PERCENT)
 HIGHEST    46           500 AM
 LOWEST     10           200 PM
 AVERAGE    28

..........................................................


THE IDAHO FALLS ID CLIMATE NORMALS FOR TODAY
                         NORMAL    RECORD    YEAR
 MAXIMUM TEMPERATURE (F)   84        98      1969
 MINIMUM TEMPERATURE (F)   47        34      1992


SUNRISE AND SUNSET
AUGUST 24 2016........SUNRISE   644 AM MDT   SUNSET   816 PM MDT
AUGUST 25 2016........SUNRISE   645 AM MDT   SUNSET   815 PM MDT


-  INDICATES NEGATIVE NUMBERS.
R  INDICATES RECORD WAS SET OR TIED.
MM INDICATES DATA IS MISSING.
T  INDICATES TRACE AMOUNT.




$$
