000
CDUS45 KPIH 102342
CLIIDA


CLIMATE REPORT
NATIONAL WEATHER SERVICE POCATELLO ID
439 PM MST SUN DEC 10 2017


...................................

...THE IDAHO FALLS ID CLIMATE SUMMARY FOR DECEMBER 10 2017...
VALID TODAY AS OF 0400 PM LOCAL TIME.

CLIMATE NORMAL PERIOD 1981 TO 2010
CLIMATE RECORD PERIOD 1948 TO 2017


WEATHER ITEM   OBSERVED TIME   RECORD YEAR NORMAL DEPARTURE LAST
                VALUE   (LST)  VALUE       VALUE  FROM      YEAR
                                                  NORMAL
..................................................................
TEMPERATURE (F)
 TODAY
  MAXIMUM         27    254 PM  52    1993  30     -3       36
  MINIMUM          3    714 AM -30    1972  13    -10       25
  AVERAGE         15                        21     -6       31

PRECIPITATION (IN)
  TODAY            0.00          0.22 2016   0.03  -0.03     0.22
  MONTH TO DATE    0.14                      0.31  -0.17     0.38
  SINCE OCT 1      1.75                      2.01  -0.26     3.33
  SINCE JAN 1     10.74                      9.83   0.91    10.55

SNOWFALL (IN)
  TODAY           MM
  MONTH TO DATE   MM
  SINCE DEC 1     MM
  SINCE JUL 1     MM
  SNOW DEPTH      MM

DEGREE DAYS
 HEATING
  TODAY           50                        44      6       34
  MONTH TO DATE  438                       421     17      437
  SINCE DEC 1    438                       421     17      437
  SINCE JUL 1   2262                      2324    -62     2055

 COOLING
  TODAY            0                         0      0        0
  MONTH TO DATE    0                         0      0        0
  SINCE DEC 1      0                         0      0        0
  SINCE JAN 1    362                       264     98      260
..................................................................


WIND (MPH)
  HIGHEST WIND SPEED    14   HIGHEST WIND DIRECTION     N (360)
  HIGHEST GUST SPEED    17   HIGHEST GUST DIRECTION     N (350)
  AVERAGE WIND SPEED     4.7


SKY COVER
  POSSIBLE SUNSHINE  MM
  AVERAGE SKY COVER 0.1


WEATHER CONDITIONS
 THE FOLLOWING WEATHER WAS RECORDED TODAY.
  FOG
  FOG W/VISIBILITY <= 1/4 MILE


RELATIVE HUMIDITY (PERCENT)
 HIGHEST    91           400 AM
 LOWEST     75           200 PM
 AVERAGE    83

..........................................................


THE IDAHO FALLS ID CLIMATE NORMALS FOR TOMORROW
                         NORMAL    RECORD    YEAR
 MAXIMUM TEMPERATURE (F)   30        58      2014
 MINIMUM TEMPERATURE (F)   13       -26      1972


SUNRISE AND SUNSET
DECEMBER 10 2017......SUNRISE   751 AM MST   SUNSET   452 PM MST
DECEMBER 11 2017......SUNRISE   751 AM MST   SUNSET   452 PM MST


-  INDICATES NEGATIVE NUMBERS.
R  INDICATES RECORD WAS SET OR TIED.
MM INDICATES DATA IS MISSING.
T  INDICATES TRACE AMOUNT.




$$
