211
CDUS45 KPIH 232322
CLIIDA


CLIMATE REPORT
NATIONAL WEATHER SERVICE POCATELLO ID
521 PM MDT FRI JUN 23 2017


...................................

...THE IDAHO FALLS ID CLIMATE SUMMARY FOR JUNE 23 2017...
VALID TODAY AS OF 0500 PM LOCAL TIME.

CLIMATE NORMAL PERIOD 1981 TO 2010
CLIMATE RECORD PERIOD 1948 TO 2017


WEATHER ITEM   OBSERVED TIME   RECORD YEAR NORMAL DEPARTURE LAST
                VALUE   (LST)  VALUE       VALUE  FROM      YEAR
                                                  NORMAL
..................................................................
TEMPERATURE (F)
 TODAY
  MAXIMUM         74    359 PM  95    1988  79     -5       88
  MINIMUM         41    457 AM  32    2003  47     -6       44
  AVERAGE         58                        63     -5       66

PRECIPITATION (IN)
  TODAY            0.00          0.44 1972   0.02  -0.02     0.00
  MONTH TO DATE    0.67                      0.96  -0.29     0.05
  SINCE OCT 1      8.96                      8.38   0.58     7.48
  SINCE JAN 1      4.68                      5.81  -1.13     5.16

SNOWFALL (IN)
  TODAY           MM
  MONTH TO DATE   MM
  SINCE JUN 1     MM
  SINCE JUL 1     MM
  SNOW DEPTH      MM

DEGREE DAYS
 HEATING
  TODAY            7                         3      4        0
  MONTH TO DATE   90                       134    -44       56
  SINCE JUN 1     90                       134    -44       56
  SINCE JUL 1   7619                      7825   -206     7294

 COOLING
  TODAY            0                         1     -1        1
  MONTH TO DATE   30                        14     16       42
  SINCE JUN 1     30                        14     16       42
  SINCE JAN 1     32                        16     16       42
..................................................................


WIND (MPH)
  HIGHEST WIND SPEED    15   HIGHEST WIND DIRECTION     N (10)
  HIGHEST GUST SPEED    19   HIGHEST GUST DIRECTION     N (20)
  AVERAGE WIND SPEED     8.2


SKY COVER
  POSSIBLE SUNSHINE  MM
  AVERAGE SKY COVER 0.0


WEATHER CONDITIONS
 THE FOLLOWING WEATHER WAS RECORDED TODAY.
  NO SIGNIFICANT WEATHER WAS OBSERVED.


RELATIVE HUMIDITY (PERCENT)
 HIGHEST    82           400 AM
 LOWEST     17          1100 AM
 AVERAGE    50

..........................................................


THE IDAHO FALLS ID CLIMATE NORMALS FOR TOMORROW
                         NORMAL    RECORD    YEAR
 MAXIMUM TEMPERATURE (F)   80        97      1988
 MINIMUM TEMPERATURE (F)   47        34      1976


SUNRISE AND SUNSET
JUNE 23 2017..........SUNRISE   548 AM MDT   SUNSET   913 PM MDT
JUNE 24 2017..........SUNRISE   548 AM MDT   SUNSET   913 PM MDT


-  INDICATES NEGATIVE NUMBERS.
R  INDICATES RECORD WAS SET OR TIED.
MM INDICATES DATA IS MISSING.
T  INDICATES TRACE AMOUNT.




$$
