000
CDUS45 KPIH 280732
CLIIDA


CLIMATE REPORT
NATIONAL WEATHER SERVICE POCATELLO ID
131 AM MDT WED SEP 28 2016


...................................

...THE IDAHO FALLS ID CLIMATE SUMMARY FOR SEPTEMBER 27 2016...

CLIMATE NORMAL PERIOD 1981 TO 2010
CLIMATE RECORD PERIOD 1948 TO 2016


WEATHER ITEM   OBSERVED TIME   RECORD YEAR NORMAL DEPARTURE LAST
                VALUE   (LST)  VALUE       VALUE  FROM      YEAR
                                                  NORMAL
..................................................................
TEMPERATURE (F)
 YESTERDAY
  MAXIMUM         77    515 PM  86    1969  69      8       77
  MINIMUM         39    624 AM  24    1999  36      3       48
  AVERAGE         58                        52      6       63

PRECIPITATION (IN)
  YESTERDAY        0.00          0.98 2014   0.03  -0.03      T
  MONTH TO DATE    1.78                      0.75   1.03     0.52
  SINCE OCT 1      9.54                     10.30  -0.76     9.54
  SINCE JAN 1      7.22                      7.73  -0.51     8.08

SNOWFALL (IN)
  YESTERDAY       MM
  MONTH TO DATE   MM
  SINCE SEP 1     MM
  SINCE JUL 1     MM
  SNOW DEPTH      MM

DEGREE DAYS
 HEATING
  YESTERDAY        7                        13     -6        2
  MONTH TO DATE  230                       202     28      132
  SINCE SEP 1    230                       202     28      132
  SINCE JUL 1    307                       267     40      202

 COOLING
  YESTERDAY        0                         0      0        0
  MONTH TO DATE   16                        10      6       22
  SINCE SEP 1     16                        10      6       22
  SINCE JAN 1    260                       262     -2      324
..................................................................


WIND (MPH)
  HIGHEST WIND SPEED     8   HIGHEST WIND DIRECTION     N (360)
  HIGHEST GUST SPEED     9   HIGHEST GUST DIRECTION     N (360)
  AVERAGE WIND SPEED     2.9


SKY COVER
  POSSIBLE SUNSHINE  MM
  AVERAGE SKY COVER 0.0


WEATHER CONDITIONS
 THE FOLLOWING WEATHER WAS RECORDED YESTERDAY.
  NO SIGNIFICANT WEATHER WAS OBSERVED.


RELATIVE HUMIDITY (PERCENT)
 HIGHEST    93           500 AM
 LOWEST     20           400 PM
 AVERAGE    57

..........................................................


THE IDAHO FALLS ID CLIMATE NORMALS FOR TODAY
                         NORMAL    RECORD    YEAR
 MAXIMUM TEMPERATURE (F)   68        87      2010
 MINIMUM TEMPERATURE (F)   36        18      1999


SUNRISE AND SUNSET
SEPTEMBER 28 2016.....SUNRISE   723 AM MDT   SUNSET   714 PM MDT
SEPTEMBER 29 2016.....SUNRISE   724 AM MDT   SUNSET   712 PM MDT


-  INDICATES NEGATIVE NUMBERS.
R  INDICATES RECORD WAS SET OR TIED.
MM INDICATES DATA IS MISSING.
T  INDICATES TRACE AMOUNT.




$$
