295
CDUS43 KUNR 170834
CLIIEN


CLIMATE REPORT
NATIONAL WEATHER SERVICE RAPID CITY SD
134 AM MST SUN DEC 17 2017


...................................

...THE PINE RIDGE SD CLIMATE SUMMARY FOR DECEMBER 16 2017...

CLIMATE NORMAL PERIOD 1981 TO 2010
CLIMATE RECORD PERIOD 9999 TO 9999


WEATHER ITEM   OBSERVED TIME   NORMAL DEPARTURE LAST
                VALUE   (LST)  VALUE  FROM      YEAR
                                      NORMAL
......................................................
TEMPERATURE (F)
 YESTERDAY
  MAXIMUM         42   1210 AM  35      7       11
  MINIMUM         23    346 AM   9     14       -5
  AVERAGE         33            22     11        3

PRECIPITATION (IN)
  YESTERDAY        0.00          0.01  -0.01     0.35
  MONTH TO DATE    0.19          0.18   0.01     0.50
  SINCE DEC 1      0.19          0.18   0.01     0.50
  SINCE JAN 1     15.38         17.35  -1.97    15.06

DEGREE DAYS
 HEATING
  YESTERDAY       32            43    -11       62
  MONTH TO DATE  509           658   -149      831
  SINCE DEC 1    509           658   -149      831
  SINCE JUL 1   2006          2348   -342     2004

 COOLING
  YESTERDAY        0             0      0        0
  MONTH TO DATE    0             0      0        0
  SINCE DEC 1      0             0      0        0
  SINCE JAN 1    780           717     63      774
......................................................


WIND (MPH)
  HIGHEST WIND SPEED    16   HIGHEST WIND DIRECTION    NE (30)
  HIGHEST GUST SPEED    22   HIGHEST GUST DIRECTION    NE (30)
  AVERAGE WIND SPEED     6.0


SKY COVER
  AVERAGE SKY COVER 0.6


WEATHER CONDITIONS
 THE FOLLOWING WEATHER WAS RECORDED YESTERDAY.
  NO SIGNIFICANT WEATHER WAS OBSERVED.


RELATIVE HUMIDITY (PERCENT)
 HIGHEST    82          1000 AM
 LOWEST     48          1200 AM
 AVERAGE    65

..........................................................




SUNRISE AND SUNSET
DECEMBER 17 2017......SUNRISE   716 AM MST   SUNSET   417 PM MST
DECEMBER 18 2017......SUNRISE   717 AM MST   SUNSET   417 PM MST


-  INDICATES NEGATIVE NUMBERS.
R  INDICATES RECORD WAS SET OR TIED.
MM INDICATES DATA IS MISSING.
T  INDICATES TRACE AMOUNT.




$$
