000
CDUS43 KUNR 230835
CLIIEN


CLIMATE REPORT
NATIONAL WEATHER SERVICE RAPID CITY SD
234 AM MDT FRI JUN 23 2017


...................................

...THE PINE RIDGE SD CLIMATE SUMMARY FOR JUNE 22 2017...

CLIMATE NORMAL PERIOD 1981 TO 2010
CLIMATE RECORD PERIOD 9999 TO 9999


WEATHER ITEM   OBSERVED TIME   NORMAL DEPARTURE LAST
                VALUE   (LST)  VALUE  FROM      YEAR
                                      NORMAL
......................................................
TEMPERATURE (F)
 YESTERDAY
  MAXIMUM         79    234 PM  82     -3       85
  MINIMUM         58   1122 PM  54      4       57
  AVERAGE         69            68      1       71

PRECIPITATION (IN)
  YESTERDAY        T             0.12  -0.12     0.00
  MONTH TO DATE    1.08          2.68  -1.60     1.39
  SINCE JUN 1      1.08          2.68  -1.60     1.39
  SINCE JAN 1     10.54          8.92   1.62     7.47

DEGREE DAYS
 HEATING
  YESTERDAY        0             2     -2        0
  MONTH TO DATE    6            77    -71       26
  SINCE JUN 1      6            77    -71       26
  SINCE JUL 1   6690          7204   -514     6507

 COOLING
  YESTERDAY        4             5     -1        6
  MONTH TO DATE   85            65     20      161
  SINCE JUN 1     85            65     20      161
  SINCE JAN 1    101            82     19      169
......................................................


WIND (MPH)
  HIGHEST WIND SPEED    23   HIGHEST WIND DIRECTION     N (360)
  HIGHEST GUST SPEED    34   HIGHEST GUST DIRECTION     N (360)
  AVERAGE WIND SPEED    11.2


SKY COVER
  AVERAGE SKY COVER 0.3


WEATHER CONDITIONS
 THE FOLLOWING WEATHER WAS RECORDED YESTERDAY.
  LIGHT RAIN


RELATIVE HUMIDITY (PERCENT)
 HIGHEST    84           400 AM
 LOWEST     30           300 PM
 AVERAGE    57

..........................................................




SUNRISE AND SUNSET
JUNE 23 2017..........SUNRISE   511 AM MDT   SUNSET   833 PM MDT
JUNE 24 2017..........SUNRISE   512 AM MDT   SUNSET   833 PM MDT


-  INDICATES NEGATIVE NUMBERS.
R  INDICATES RECORD WAS SET OR TIED.
MM INDICATES DATA IS MISSING.
T  INDICATES TRACE AMOUNT.




$$
