000
CDUS43 KUNR 240911
CLIIEN


CLIMATE REPORT
NATIONAL WEATHER SERVICE RAPID CITY SD
307 AM MDT FRI MAR 24 2017


...................................

...THE PINE RIDGE SD CLIMATE SUMMARY FOR MARCH 23 2017...

CLIMATE NORMAL PERIOD 1981 TO 2010
CLIMATE RECORD PERIOD 9999 TO 9999


WEATHER ITEM   OBSERVED TIME   NORMAL DEPARTURE LAST
                VALUE   (LST)  VALUE  FROM      YEAR
                                      NORMAL
......................................................
TEMPERATURE (F)
 YESTERDAY
  MAXIMUM         71    231 PM  53     18       39
  MINIMUM         42    538 AM  25     17       28
  AVERAGE         57            39     18       34

PRECIPITATION (IN)
  YESTERDAY        T             0.03  -0.03     0.12
  MONTH TO DATE    0.41          0.56  -0.15     0.92
  SINCE MAR 1      0.41          0.56  -0.15     0.92
  SINCE JAN 1      1.55          1.35   0.20     1.42

DEGREE DAYS
 HEATING
  YESTERDAY        8            26    -18       31
  MONTH TO DATE  542           689   -147      528
  SINCE MAR 1    542           689   -147      528
  SINCE JUL 1   5708          6039   -331     5397

 COOLING
  YESTERDAY        0             0      0        0
  MONTH TO DATE    0             0      0        0
  SINCE MAR 1      0             0      0        0
  SINCE JAN 1      0             0      0        0
......................................................


WIND (MPH)
  HIGHEST WIND SPEED    24   HIGHEST WIND DIRECTION     N (350)
  HIGHEST GUST SPEED    35   HIGHEST GUST DIRECTION     N (350)
  AVERAGE WIND SPEED    10.3


SKY COVER
  AVERAGE SKY COVER 0.3


WEATHER CONDITIONS
 THE FOLLOWING WEATHER WAS RECORDED YESTERDAY.
  LIGHT RAIN


RELATIVE HUMIDITY (PERCENT)
 HIGHEST    92           800 PM
 LOWEST     37           200 PM
 AVERAGE    65

..........................................................




SUNRISE AND SUNSET
MARCH 24 2017.........SUNRISE   646 AM MDT   SUNSET   707 PM MDT
MARCH 25 2017.........SUNRISE   644 AM MDT   SUNSET   709 PM MDT


-  INDICATES NEGATIVE NUMBERS.
R  INDICATES RECORD WAS SET OR TIED.
MM INDICATES DATA IS MISSING.
T  INDICATES TRACE AMOUNT.




$$
