000
CDUS43 KUNR 250831
CLIIEN


CLIMATE REPORT
NATIONAL WEATHER SERVICE RAPID CITY SD
230 AM MDT SAT OCT 25 2014


...................................

...THE PINE RIDGE SD CLIMATE SUMMARY FOR OCTOBER 24 2014...

CLIMATE NORMAL PERIOD 1981 TO 2010
CLIMATE RECORD PERIOD 9999 TO 9999


WEATHER ITEM   OBSERVED TIME   NORMAL DEPARTURE LAST
                VALUE   (LST)  VALUE  FROM      YEAR
                                      NORMAL
......................................................
TEMPERATURE (F)
 YESTERDAY
  MAXIMUM         77    343 PM  60     17       52
  MINIMUM         33   1139 PM  30      3       32
  AVERAGE         55            45     10       42

PRECIPITATION (IN)
  YESTERDAY        0.00          0.04  -0.04     0.00
  MONTH TO DATE    0.55          0.98  -0.43     3.12
  SINCE SEP 1      3.16          2.59   0.57     4.68
  SINCE JAN 1     21.39         16.38   5.01    18.95

DEGREE DAYS
 HEATING
  YESTERDAY       10            20    -10       23
  MONTH TO DATE  321           378    -57      500
  SINCE SEP 1    499           563    -64      605
  SINCE JUL 1    543           600    -57      607

 COOLING
  YESTERDAY        0             0      0        0
  MONTH TO DATE    3             0      3        0
  SINCE SEP 1     64            66     -2      152
  SINCE JAN 1    482           714   -232      804
......................................................


WIND (MPH)
  HIGHEST WIND SPEED    13   HIGHEST WIND DIRECTION     W (250)
  HIGHEST GUST SPEED    17   HIGHEST GUST DIRECTION     W (260)
  AVERAGE WIND SPEED     4.2


SKY COVER
  AVERAGE SKY COVER 0.0


WEATHER CONDITIONS
 THE FOLLOWING WEATHER WAS RECORDED YESTERDAY.
  NO SIGNIFICANT WEATHER WAS OBSERVED.


RELATIVE HUMIDITY (PERCENT)
 HIGHEST    92           200 AM
 LOWEST     19           300 PM
 AVERAGE    56

..........................................................




SUNRISE AND SUNSET
OCTOBER 25 2014.......SUNRISE   716 AM MDT   SUNSET   552 PM MDT
OCTOBER 26 2014.......SUNRISE   717 AM MDT   SUNSET   550 PM MDT


-  INDICATES NEGATIVE NUMBERS.
R  INDICATES RECORD WAS SET OR TIED.
MM INDICATES DATA IS MISSING.
T  INDICATES TRACE AMOUNT.




$$
