000
CDUS43 KUNR 200834
CLIIEN


CLIMATE REPORT
NATIONAL WEATHER SERVICE RAPID CITY SD
233 AM MDT FRI OCT 20 2017


...................................

...THE PINE RIDGE SD CLIMATE SUMMARY FOR OCTOBER 19 2017...

CLIMATE NORMAL PERIOD 1981 TO 2010
CLIMATE RECORD PERIOD 9999 TO 9999


WEATHER ITEM   OBSERVED TIME   NORMAL DEPARTURE LAST
                VALUE   (LST)  VALUE  FROM      YEAR
                                      NORMAL
......................................................
TEMPERATURE (F)
 YESTERDAY
  MAXIMUM         85    235 PM  62     23       62
  MINIMUM         50    642 AM  31     19       37
  AVERAGE         68            47     21       50

PRECIPITATION (IN)
  YESTERDAY        0.00          0.04  -0.04     0.42
  MONTH TO DATE    0.81          0.78   0.03     0.49
  SINCE SEP 1      1.62          2.39  -0.77     1.17
  SINCE JAN 1     14.79         16.18  -1.39    14.09

DEGREE DAYS
 HEATING
  YESTERDAY        0            18    -18       15
  MONTH TO DATE  281           281      0      191
  SINCE SEP 1    449           466    -17      322
  SINCE JUL 1    461           503    -42      355

 COOLING
  YESTERDAY        3             0      3        0
  MONTH TO DATE    3             0      3        8
  SINCE SEP 1    104            66     38       62
  SINCE JAN 1    777           714     63      774
......................................................


WIND (MPH)
  HIGHEST WIND SPEED    23   HIGHEST WIND DIRECTION     S (190)
  HIGHEST GUST SPEED    31   HIGHEST GUST DIRECTION     S (190)
  AVERAGE WIND SPEED    12.0


SKY COVER
  AVERAGE SKY COVER 0.0


WEATHER CONDITIONS
 THE FOLLOWING WEATHER WAS RECORDED YESTERDAY.
  NO SIGNIFICANT WEATHER WAS OBSERVED.


RELATIVE HUMIDITY (PERCENT)
 HIGHEST    50           400 AM
 LOWEST      9           300 PM
 AVERAGE    30

..........................................................




SUNRISE AND SUNSET
OCTOBER 20 2017.......SUNRISE   710 AM MDT   SUNSET   559 PM MDT
OCTOBER 21 2017.......SUNRISE   711 AM MDT   SUNSET   557 PM MDT


-  INDICATES NEGATIVE NUMBERS.
R  INDICATES RECORD WAS SET OR TIED.
MM INDICATES DATA IS MISSING.
T  INDICATES TRACE AMOUNT.




$$
