000
CDUS43 KUNR 020832
CLIIEN


CLIMATE REPORT
NATIONAL WEATHER SERVICE RAPID CITY SD
231 AM MDT SUN AUG 2 2015


...................................

...THE PINE RIDGE SD CLIMATE SUMMARY FOR AUGUST 1 2015...

CLIMATE NORMAL PERIOD 1981 TO 2010
CLIMATE RECORD PERIOD 9999 TO 9999


WEATHER ITEM   OBSERVED TIME   NORMAL DEPARTURE LAST
                VALUE   (LST)  VALUE  FROM      YEAR
                                      NORMAL
......................................................
TEMPERATURE (F)
 YESTERDAY
  MAXIMUM         89    344 PM  90     -1       91
  MINIMUM         58    353 AM  59     -1       48
  AVERAGE         74            75     -1       70

PRECIPITATION (IN)
  YESTERDAY        0.05          0.07  -0.02     0.00
  MONTH TO DATE    0.05          0.07  -0.02     0.00
  SINCE JUN 1      6.46          5.77   0.69     7.10
  SINCE JAN 1     16.14         12.01   4.13    14.70

DEGREE DAYS
 HEATING
  YESTERDAY        0             0      0        0
  MONTH TO DATE    0             0      0        0
  SINCE JUN 1     18            99    -81      136
  SINCE JUL 1      8            12     -4       28

 COOLING
  YESTERDAY        9            10     -1        5
  MONTH TO DATE    9            10     -1        5
  SINCE JUN 1    326           401    -75      238
  SINCE JAN 1    326           418    -92      263
......................................................


WIND (MPH)
  HIGHEST WIND SPEED    25   HIGHEST WIND DIRECTION    SE (140)
  HIGHEST GUST SPEED    31   HIGHEST GUST DIRECTION    SE (140)
  AVERAGE WIND SPEED    10.1


SKY COVER
  AVERAGE SKY COVER 0.0


WEATHER CONDITIONS
 THE FOLLOWING WEATHER WAS RECORDED YESTERDAY.
  THUNDERSTORM
  RAIN


RELATIVE HUMIDITY (PERCENT)
 HIGHEST    80           400 AM
 LOWEST     43           200 PM
 AVERAGE    62

..........................................................




SUNRISE AND SUNSET
AUGUST  2 2015........SUNRISE   542 AM MDT   SUNSET   810 PM MDT
AUGUST  3 2015........SUNRISE   543 AM MDT   SUNSET   809 PM MDT


-  INDICATES NEGATIVE NUMBERS.
R  INDICATES RECORD WAS SET OR TIED.
MM INDICATES DATA IS MISSING.
T  INDICATES TRACE AMOUNT.




$$
