000
CDUS43 KUNR 190834
CLIIEN


CLIMATE REPORT
NATIONAL WEATHER SERVICE RAPID CITY SD
232 AM MDT FRI SEP 19 2014


...................................

...THE PINE RIDGE SD CLIMATE SUMMARY FOR SEPTEMBER 18 2014...

CLIMATE NORMAL PERIOD 1981 TO 2010
CLIMATE RECORD PERIOD 9999 TO 9999


WEATHER ITEM   OBSERVED TIME   NORMAL DEPARTURE LAST
                VALUE   (LST)  VALUE  FROM      YEAR
                                      NORMAL
......................................................
TEMPERATURE (F)
 YESTERDAY
  MAXIMUM         90    306 PM  77     13       93
  MINIMUM         53    407 AM  43     10       60
  AVERAGE         72            60     12       77

PRECIPITATION (IN)
  YESTERDAY        0.00          0.05  -0.05     0.00
  MONTH TO DATE    0.41          1.00  -0.59     0.06
  SINCE SEP 1      0.41          1.00  -0.59     0.06
  SINCE JAN 1     18.64         14.79   3.85    14.33

DEGREE DAYS
 HEATING
  YESTERDAY        0             7     -7        0
  MONTH TO DATE  139            78     61       16
  SINCE SEP 1    139            78     61       16
  SINCE JUL 1    183           115     68       18

 COOLING
  YESTERDAY        7             2      5       12
  MONTH TO DATE   28            57    -29      134
  SINCE SEP 1     28            57    -29      134
  SINCE JAN 1    446           705   -259      786
......................................................


WIND (MPH)
  HIGHEST WIND SPEED    25   HIGHEST WIND DIRECTION     S (190)
  HIGHEST GUST SPEED    32   HIGHEST GUST DIRECTION     S (180)
  AVERAGE WIND SPEED    12.7


SKY COVER
  AVERAGE SKY COVER 0.1


WEATHER CONDITIONS
 THE FOLLOWING WEATHER WAS RECORDED YESTERDAY.
  NO SIGNIFICANT WEATHER WAS OBSERVED.


RELATIVE HUMIDITY (PERCENT)
 HIGHEST   100           400 AM
 LOWEST     29           300 PM
 AVERAGE    65

..........................................................




SUNRISE AND SUNSET
SEPTEMBER 19 2014.....SUNRISE   634 AM MDT   SUNSET   653 PM MDT
SEPTEMBER 20 2014.....SUNRISE   635 AM MDT   SUNSET   651 PM MDT


-  INDICATES NEGATIVE NUMBERS.
R  INDICATES RECORD WAS SET OR TIED.
MM INDICATES DATA IS MISSING.
T  INDICATES TRACE AMOUNT.




$$
