000
CDUS43 KUNR 020832
CLIIEN


CLIMATE REPORT
NATIONAL WEATHER SERVICE RAPID CITY SD
232 AM MDT WED SEP 2 2015


...................................

...THE PINE RIDGE SD CLIMATE SUMMARY FOR SEPTEMBER 1 2015...

CLIMATE NORMAL PERIOD 1981 TO 2010
CLIMATE RECORD PERIOD 9999 TO 9999


WEATHER ITEM   OBSERVED TIME   NORMAL DEPARTURE LAST
                VALUE   (LST)  VALUE  FROM      YEAR
                                      NORMAL
......................................................
TEMPERATURE (F)
 YESTERDAY
  MAXIMUM         95    215 PM  84     11       77
  MINIMUM         53   1038 PM  51      2       42
  AVERAGE         74            67      7       60

PRECIPITATION (IN)
  YESTERDAY        0.00          0.05  -0.05     0.15
  MONTH TO DATE    0.00          0.05  -0.05     0.15
  SINCE SEP 1      0.00          0.05  -0.05     0.15
  SINCE JAN 1     16.31         13.84   2.47    18.38

DEGREE DAYS
 HEATING
  YESTERDAY        0             2     -2        5
  MONTH TO DATE    0             2     -2        5
  SINCE SEP 1      0             2     -2        5
  SINCE JUL 1     50            39     11       49

 COOLING
  YESTERDAY        9             5      4        0
  MONTH TO DATE    9             5      4        0
  SINCE SEP 1      9             5      4        0
  SINCE JAN 1    514           653   -139      418
......................................................


WIND (MPH)
  HIGHEST WIND SPEED    17   HIGHEST WIND DIRECTION    NW (310)
  HIGHEST GUST SPEED    22   HIGHEST GUST DIRECTION    NW (310)
  AVERAGE WIND SPEED     5.7


SKY COVER
  AVERAGE SKY COVER 0.0


WEATHER CONDITIONS
 THE FOLLOWING WEATHER WAS RECORDED YESTERDAY.
  FOG
  HAZE


RELATIVE HUMIDITY (PERCENT)
 HIGHEST    83           600 AM
 LOWEST     13           200 PM
 AVERAGE    48

..........................................................




SUNRISE AND SUNSET
SEPTEMBER  2 2015.....SUNRISE   615 AM MDT   SUNSET   723 PM MDT
SEPTEMBER  3 2015.....SUNRISE   616 AM MDT   SUNSET   722 PM MDT


-  INDICATES NEGATIVE NUMBERS.
R  INDICATES RECORD WAS SET OR TIED.
MM INDICATES DATA IS MISSING.
T  INDICATES TRACE AMOUNT.




$$
