000
CDUS43 KUNR 280832
CLIIEN


CLIMATE REPORT
NATIONAL WEATHER SERVICE RAPID CITY SD
232 AM MDT FRI APR 28 2017


...................................

...THE PINE RIDGE SD CLIMATE SUMMARY FOR APRIL 27 2017...

CLIMATE NORMAL PERIOD 1981 TO 2010
CLIMATE RECORD PERIOD 9999 TO 9999


WEATHER ITEM   OBSERVED TIME   NORMAL DEPARTURE LAST
                VALUE   (LST)  VALUE  FROM      YEAR
                                      NORMAL
......................................................
TEMPERATURE (F)
 YESTERDAY
  MAXIMUM         51    256 PM  64    -13       38
  MINIMUM         24    142 AM  35    -11       31
  AVERAGE         38            49    -11       35

PRECIPITATION (IN)
  YESTERDAY        0.27          0.07   0.20     0.21
  MONTH TO DATE    2.21          1.68   0.53     3.04
  SINCE MAR 1      4.06          2.55   1.51     4.42
  SINCE JAN 1      5.20          3.34   1.86     4.92

DEGREE DAYS
 HEATING
  YESTERDAY       27            16     11       30
  MONTH TO DATE  435           537   -102      449
  SINCE MAR 1   1126          1425   -299     1186
  SINCE JUL 1   6292          6775   -483     6055

 COOLING
  YESTERDAY        0             0      0        0
  MONTH TO DATE    1             0      1        1
  SINCE MAR 1      1             0      1        1
  SINCE JAN 1      1             0      1        1
......................................................


WIND (MPH)
  HIGHEST WIND SPEED    17   HIGHEST WIND DIRECTION     E (100)
  HIGHEST GUST SPEED    25   HIGHEST GUST DIRECTION     E (100)
  AVERAGE WIND SPEED     9.9


SKY COVER
  AVERAGE SKY COVER 0.7


WEATHER CONDITIONS
 THE FOLLOWING WEATHER WAS RECORDED YESTERDAY.
  RAIN
  LIGHT RAIN
  FOG


RELATIVE HUMIDITY (PERCENT)
 HIGHEST   100          1200 AM
 LOWEST     52          1200 PM
 AVERAGE    76

..........................................................




SUNRISE AND SUNSET
APRIL 28 2017.........SUNRISE   548 AM MDT   SUNSET   748 PM MDT
APRIL 29 2017.........SUNRISE   546 AM MDT   SUNSET   749 PM MDT


-  INDICATES NEGATIVE NUMBERS.
R  INDICATES RECORD WAS SET OR TIED.
MM INDICATES DATA IS MISSING.
T  INDICATES TRACE AMOUNT.




$$
