000
CDUS45 KVEF 240829
CLIIGM


CLIMATE REPORT
NATIONAL WEATHER SERVICE LAS VEGAS, NV
1228 AM PST SAT FEB 24 2018


...................................

...THE KINGMAN AZ CLIMATE SUMMARY FOR FEBRUARY 23 2018...

CLIMATE NORMAL PERIOD 1981 TO 2010
CLIMATE RECORD PERIOD 1901 TO 2018


WEATHER ITEM   OBSERVED TIME   RECORD YEAR NORMAL DEPARTURE LAST
                VALUE   (LST)  VALUE       VALUE  FROM      YEAR
                                                  NORMAL
..................................................................
TEMPERATURE (F)
 YESTERDAY
  MAXIMUM         46    439 PM  78    1927  61    -15       51
  MINIMUM         25   1154 PM  19    1953  35    -10       31
  AVERAGE         36                        48    -12       41

PRECIPITATION (IN)
  YESTERDAY        T             0.67 1944   0.04  -0.04     0.00
  MONTH TO DATE    0.21                      0.97  -0.76     0.18
  SINCE OCT 1      0.80                      4.09  -3.29     5.52
  SINCE JAN 1      0.80                      1.99  -1.19     1.96

DEGREE DAYS
 HEATING
  YESTERDAY       29                        17     12       24
  MONTH TO DATE  384                       426    -42      274
  SINCE DEC 1   1357                      1765   -408     1561
  SINCE JUL 1   1648                      2331   -683     1883

 COOLING
  YESTERDAY        0                         0      0        0
  MONTH TO DATE    0                         0      0        0
  SINCE DEC 1      0                         0      0        0
  SINCE JAN 1      0                         0      0        0
..................................................................


WIND (MPH)
  RESULTANT WIND SPEED  13   RESULTANT WIND DIRECTION  SW (220)
  HIGHEST WIND SPEED    29   HIGHEST WIND DIRECTION     W (290)
  HIGHEST GUST SPEED    35   HIGHEST GUST DIRECTION    SW (210)
  AVERAGE WIND SPEED    13.4


SKY COVER
  POSSIBLE SUNSHINE  MM
  AVERAGE SKY COVER 0.7


WEATHER CONDITIONS
 THE FOLLOWING WEATHER WAS RECORDED YESTERDAY.
  LIGHT SNOW


RELATIVE HUMIDITY (PERCENT)
 HIGHEST    92          1000 PM
 LOWEST     31           300 PM
 AVERAGE    62

..........................................................


THE KINGMAN AZ CLIMATE NORMALS FOR TODAY
                         NORMAL    RECORD    YEAR
 MAXIMUM TEMPERATURE (F)   61        80      1904
 MINIMUM TEMPERATURE (F)   35        17      1912


SUNRISE AND SUNSET
FEBRUARY 24 2018......SUNRISE   712 AM MST   SUNSET   627 PM MST
FEBRUARY 25 2018......SUNRISE   710 AM MST   SUNSET   628 PM MST


-  INDICATES NEGATIVE NUMBERS.
R  INDICATES RECORD WAS SET OR TIED.
MM INDICATES DATA IS MISSING.
T  INDICATES TRACE AMOUNT.




$$
