000
CDUS45 KVEF 230826
CLIIGM


CLIMATE REPORT
NATIONAL WEATHER SERVICE LAS VEGAS, NV
125 AM PDT WED AUG 23 2017


...................................

...THE KINGMAN AZ CLIMATE SUMMARY FOR AUGUST 22 2017...

CLIMATE NORMAL PERIOD 1981 TO 2010
CLIMATE RECORD PERIOD 1901 TO 2017


WEATHER ITEM   OBSERVED TIME   RECORD YEAR NORMAL DEPARTURE LAST
                VALUE   (LST)  VALUE       VALUE  FROM      YEAR
                                                  NORMAL
..................................................................
TEMPERATURE (F)
 YESTERDAY
  MAXIMUM         97    407 PM 105    1919  95      2       91
  MINIMUM         57    610 AM  56    1954  69    -12       62
  AVERAGE         77                        82     -5       77

PRECIPITATION (IN)
  YESTERDAY        0.00          1.28 2016   0.04  -0.04     1.28
  MONTH TO DATE    0.52                      0.55  -0.03     2.86
  SINCE OCT 1      9.86                      6.95   2.91     8.46
  SINCE JAN 1      6.30                      4.85   1.45     6.94

DEGREE DAYS
 HEATING
  YESTERDAY        0                         0      0        0
  MONTH TO DATE    0                         0      0        0
  SINCE JUN 1      0                         3     -3        0
  SINCE JUL 1      0                         0      0        0

 COOLING
  YESTERDAY       12                        17     -5       12
  MONTH TO DATE  364                       397    -33      394
  SINCE JUN 1   1523                      1358    165     1621
  SINCE JAN 1   1683                      1556    127     1761
..................................................................


WIND (MPH)
  RESULTANT WIND SPEED   1   RESULTANT WIND DIRECTION  NE (40)
  HIGHEST WIND SPEED    13   HIGHEST WIND DIRECTION    SE (130)
  HIGHEST GUST SPEED    24   HIGHEST GUST DIRECTION     E (100)
  AVERAGE WIND SPEED     4.3


SKY COVER
  POSSIBLE SUNSHINE  MM
  AVERAGE SKY COVER 0.1


WEATHER CONDITIONS
 THE FOLLOWING WEATHER WAS RECORDED YESTERDAY.
  NO SIGNIFICANT WEATHER WAS OBSERVED.


RELATIVE HUMIDITY (PERCENT)
 HIGHEST    93           200 AM
 LOWEST     16           500 PM
 AVERAGE    55

..........................................................


THE KINGMAN AZ CLIMATE NORMALS FOR TODAY
                         NORMAL    RECORD    YEAR
 MAXIMUM TEMPERATURE (F)   95       106      1919
 MINIMUM TEMPERATURE (F)   69        52      1968


SUNRISE AND SUNSET
AUGUST 23 2017........SUNRISE   602 AM MST   SUNSET   714 PM MST
AUGUST 24 2017........SUNRISE   603 AM MST   SUNSET   713 PM MST


-  INDICATES NEGATIVE NUMBERS.
R  INDICATES RECORD WAS SET OR TIED.
MM INDICATES DATA IS MISSING.
T  INDICATES TRACE AMOUNT.




$$
