000
CDUS45 KVEF 280839
CLIIGM


CLIMATE REPORT
NATIONAL WEATHER SERVICE LAS VEGAS, NV
1239 AM PST WED JAN 28 2015


...................................

...THE KINGMAN AZ CLIMATE SUMMARY FOR JANUARY 27 2015...

CLIMATE NORMAL PERIOD 1981 TO 2010
CLIMATE RECORD PERIOD 1901 TO 2015


WEATHER ITEM   OBSERVED TIME   RECORD YEAR NORMAL DEPARTURE LAST
                VALUE   (LST)  VALUE       VALUE  FROM      YEAR
                                                  NORMAL
..................................................................
TEMPERATURE (F)
 YESTERDAY
  MAXIMUM         62    359 PM  73    1936  58      4       65
  MINIMUM         42   1159 PM  11    1949  32     10       28
  AVERAGE         52                        45      7       47

PRECIPITATION (IN)
  YESTERDAY        0.10          0.90 1914   0.04   0.06     0.00
  MONTH TO DATE    0.27                      0.86  -0.59     0.00
  SINCE OCT 1      2.40                      2.96  -0.56     0.88
  SINCE JAN 1      0.27                      0.86  -0.59     0.00

DEGREE DAYS
 HEATING
  YESTERDAY       13                        20     -7       18
  MONTH TO DATE  537                       575    -38      500
  SINCE DEC 1   1178                      1258    -80     1243
  SINCE JUL 1   1592                      1824   -232     1876

 COOLING
  YESTERDAY        0                         0      0        0
  MONTH TO DATE    0                         0      0        0
  SINCE DEC 1      0                         0      0        0
  SINCE JAN 1      0                         0      0        0
..................................................................


WIND (MPH)
  RESULTANT WIND SPEED   5   RESULTANT WIND DIRECTION   S (200)
  HIGHEST WIND SPEED    20   HIGHEST WIND DIRECTION    SW (240)
  HIGHEST GUST SPEED    23   HIGHEST GUST DIRECTION    SW (240)
  AVERAGE WIND SPEED     6.6


SKY COVER
  POSSIBLE SUNSHINE  MM
  AVERAGE SKY COVER 0.4


WEATHER CONDITIONS
 THE FOLLOWING WEATHER WAS RECORDED YESTERDAY.
  LIGHT RAIN
  FOG


RELATIVE HUMIDITY (PERCENT)
 HIGHEST    96           800 AM
 LOWEST     56           400 PM
 AVERAGE    76

..........................................................


THE KINGMAN AZ CLIMATE NORMALS FOR TODAY
                         NORMAL    RECORD    YEAR
 MAXIMUM TEMPERATURE (F)   58        73      1935
 MINIMUM TEMPERATURE (F)   32        15      1949


SUNRISE AND SUNSET
JANUARY 28 2015.......SUNRISE   738 AM MST   SUNSET   600 PM MST
JANUARY 29 2015.......SUNRISE   737 AM MST   SUNSET   601 PM MST


-  INDICATES NEGATIVE NUMBERS.
R  INDICATES RECORD WAS SET OR TIED.
MM INDICATES DATA IS MISSING.
T  INDICATES TRACE AMOUNT.




$$
