000
CDUS45 KIGM 030029
CLIIGM


CLIMATE REPORT
NATIONAL WEATHER SERVICE LAS VEGAS, NV
529 PM PDT TUE SEP 2 2014


...................................

...THE KINGMAN AZ CLIMATE SUMMARY FOR SEPTEMBER 2 2014...
VALID TODAY AS OF 0500 PM LOCAL TIME.

CLIMATE NORMAL PERIOD 1981 TO 2010
CLIMATE RECORD PERIOD 1901 TO 2014


WEATHER ITEM   OBSERVED TIME   RECORD YEAR NORMAL DEPARTURE LAST
                VALUE   (LST)  VALUE       VALUE  FROM      YEAR
                                                  NORMAL
..................................................................
TEMPERATURE (F)
 TODAY
  MAXIMUM         98    343 PM 106    1950  94      4       93
  MINIMUM         67    512 AM  42    1921  66      1       67
  AVERAGE         83                        80      3       80

PRECIPITATION (IN)
  TODAY            0.00          2.78 1940   0.04  -0.04     0.11
  MONTH TO DATE    0.00                      0.09  -0.09     0.90
  SINCE OCT 1      4.97                      7.46  -2.49     6.11
  SINCE JAN 1      4.09                      5.36  -1.27     4.94

DEGREE DAYS
 HEATING
  TODAY            0                         0      0        0
  MONTH TO DATE    0                         0      0        0
  SINCE SEP 1      0                         0      0        0
  SINCE JUL 1      0                         0      0        0

 COOLING
  TODAY           18                        15      3       15
  MONTH TO DATE   37                        30      7       26
  SINCE SEP 1     37                        30      7       26
  SINCE JAN 1   1719                      1731    -12     1900
..................................................................


WIND (MPH)
  RESULTANT WIND SPEED   5   RESULTANT WIND DIRECTION   S (180)
  HIGHEST WIND SPEED    21   HIGHEST WIND DIRECTION    SW (230)
  HIGHEST GUST SPEED    27   HIGHEST GUST DIRECTION    SW (210)
  AVERAGE WIND SPEED     7.7


SKY COVER
  POSSIBLE SUNSHINE  MM
  AVERAGE SKY COVER 0.0


WEATHER CONDITIONS
 THE FOLLOWING WEATHER WAS RECORDED TODAY.
  NO SIGNIFICANT WEATHER WAS OBSERVED.


RELATIVE HUMIDITY (PERCENT)
 HIGHEST    31           100 AM
 LOWEST     12           300 PM
 AVERAGE    22

..........................................................


THE KINGMAN AZ CLIMATE NORMALS FOR TOMORROW
                         NORMAL    RECORD    YEAR
 MAXIMUM TEMPERATURE (F)   94       104      1948
 MINIMUM TEMPERATURE (F)   66        40      1921


SUNRISE AND SUNSET
SEPTEMBER  2 2014.....SUNRISE   609 AM MST   SUNSET   701 PM MST
SEPTEMBER  3 2014.....SUNRISE   610 AM MST   SUNSET   700 PM MST


-  INDICATES NEGATIVE NUMBERS.
R  INDICATES RECORD WAS SET OR TIED.
MM INDICATES DATA IS MISSING.
T  INDICATES TRACE AMOUNT.




$$
