000
CDUS45 KVEF 290826
CLIIGM


CLIMATE REPORT
NATIONAL WEATHER SERVICE LAS VEGAS, NV
125 AM PDT SAT APR 29 2017


...................................

...THE KINGMAN AZ CLIMATE SUMMARY FOR APRIL 28 2017...

CLIMATE NORMAL PERIOD 1981 TO 2010
CLIMATE RECORD PERIOD 1901 TO 2017


WEATHER ITEM   OBSERVED TIME   RECORD YEAR NORMAL DEPARTURE LAST
                VALUE   (LST)  VALUE       VALUE  FROM      YEAR
                                                  NORMAL
..................................................................
TEMPERATURE (F)
 YESTERDAY
  MAXIMUM         65    354 PM  94    2007  78    -13       56
  MINIMUM         40   1159 PM  31    1970  48     -8       43
  AVERAGE         53                        63    -10       50

PRECIPITATION (IN)
  YESTERDAY        0.00          0.62 1953   0.01  -0.01     0.43
  MONTH TO DATE    0.00                      0.40  -0.40     1.12
  SINCE OCT 1      6.26                      5.42   0.84     3.98
  SINCE JAN 1      2.70                      3.32  -0.62     2.46

DEGREE DAYS
 HEATING
  YESTERDAY       12                         4      8       15
  MONTH TO DATE  153                       207    -54      130
  SINCE MAR 1    394                       625   -231      409
  SINCE JUL 1   2391                      3038   -647     2761

 COOLING
  YESTERDAY        0                         2     -2        0
  MONTH TO DATE    9                        25    -16       18
  SINCE MAR 1     15                        28    -13       20
  SINCE JAN 1     15                        28    -13       20
..................................................................


WIND (MPH)
  RESULTANT WIND SPEED  15   RESULTANT WIND DIRECTION   N (360)
  HIGHEST WIND SPEED    38   HIGHEST WIND DIRECTION     N (350)
  HIGHEST GUST SPEED    48   HIGHEST GUST DIRECTION     N (360)
  AVERAGE WIND SPEED    16.9


SKY COVER
  POSSIBLE SUNSHINE  MM
  AVERAGE SKY COVER 0.0


WEATHER CONDITIONS
 THE FOLLOWING WEATHER WAS RECORDED YESTERDAY.
  NO SIGNIFICANT WEATHER WAS OBSERVED.


RELATIVE HUMIDITY (PERCENT)
 HIGHEST    24           400 AM
 LOWEST     10           200 PM
 AVERAGE    17

..........................................................


THE KINGMAN AZ CLIMATE NORMALS FOR TODAY
                         NORMAL    RECORD    YEAR
 MAXIMUM TEMPERATURE (F)   78        94      2013
 MINIMUM TEMPERATURE (F)   48        28      1970


SUNRISE AND SUNSET
APRIL 29 2017.........SUNRISE   546 AM MST   SUNSET   720 PM MST
APRIL 30 2017.........SUNRISE   545 AM MST   SUNSET   721 PM MST


-  INDICATES NEGATIVE NUMBERS.
R  INDICATES RECORD WAS SET OR TIED.
MM INDICATES DATA IS MISSING.
T  INDICATES TRACE AMOUNT.




$$
