000
CDUS45 KVEF 300826
CLIIGM


CLIMATE REPORT
NATIONAL WEATHER SERVICE LAS VEGAS, NV
126 AM PDT SAT MAY 30 2015


...................................

...THE KINGMAN AZ CLIMATE SUMMARY FOR MAY 29 2015...

CLIMATE NORMAL PERIOD 1981 TO 2010
CLIMATE RECORD PERIOD 1901 TO 2015


WEATHER ITEM   OBSERVED TIME   RECORD YEAR NORMAL DEPARTURE LAST
                VALUE   (LST)  VALUE       VALUE  FROM      YEAR
                                                  NORMAL
..................................................................
TEMPERATURE (F)
 YESTERDAY
  MAXIMUM         94    315 PM 102    2003  89      5       94
  MINIMUM         60    529 AM  35    1918  56      4       68
  AVERAGE         77                        73      4       81

PRECIPITATION (IN)
  YESTERDAY        0.00          1.36 1990   0.00   0.00     0.00
  MONTH TO DATE    0.18                      0.12   0.06      T
  SINCE OCT 1      5.12                      5.55  -0.43     1.67
  SINCE JAN 1      2.99                      3.45  -0.46     0.79

DEGREE DAYS
 HEATING
  YESTERDAY        0                         1     -1        0
  MONTH TO DATE   88                        54     34       42
  SINCE MAR 1    550                       687   -137      512
  SINCE JUL 1   2530                      3100   -570     2834

 COOLING
  YESTERDAY       12                         8      4       16
  MONTH TO DATE   60                       151    -91      159
  SINCE MAR 1     78                       182   -104      192
  SINCE JAN 1     78                       182   -104      192
..................................................................


WIND (MPH)
  RESULTANT WIND SPEED   7   RESULTANT WIND DIRECTION   S (200)
  HIGHEST WIND SPEED    21   HIGHEST WIND DIRECTION    SW (240)
  HIGHEST GUST SPEED    29   HIGHEST GUST DIRECTION    SW (220)
  AVERAGE WIND SPEED     9.0


SKY COVER
  POSSIBLE SUNSHINE  MM
  AVERAGE SKY COVER 0.0


WEATHER CONDITIONS
 THE FOLLOWING WEATHER WAS RECORDED YESTERDAY.
  NO SIGNIFICANT WEATHER WAS OBSERVED.


RELATIVE HUMIDITY (PERCENT)
 HIGHEST    23           600 AM
 LOWEST      6           300 PM
 AVERAGE    15

..........................................................


THE KINGMAN AZ CLIMATE NORMALS FOR TODAY
                         NORMAL    RECORD    YEAR
 MAXIMUM TEMPERATURE (F)   89       101      2002
 MINIMUM TEMPERATURE (F)   57        38      1971


SUNRISE AND SUNSET
MAY 30 2015...........SUNRISE   523 AM MST   SUNSET   744 PM MST
MAY 31 2015...........SUNRISE   523 AM MST   SUNSET   744 PM MST


-  INDICATES NEGATIVE NUMBERS.
R  INDICATES RECORD WAS SET OR TIED.
MM INDICATES DATA IS MISSING.
T  INDICATES TRACE AMOUNT.




$$
