000
CDUS45 KVEF 110029
CLIIGM


CLIMATE REPORT
NATIONAL WEATHER SERVICE LAS VEGAS, NV
429 PM PST SUN DEC 10 2017


...................................

...THE KINGMAN AZ CLIMATE SUMMARY FOR DECEMBER 10 2017...
VALID TODAY AS OF 0400 PM LOCAL TIME.

CLIMATE NORMAL PERIOD 1981 TO 2010
CLIMATE RECORD PERIOD 1901 TO 2017


WEATHER ITEM   OBSERVED TIME   RECORD YEAR NORMAL DEPARTURE LAST
                VALUE   (LST)  VALUE       VALUE  FROM      YEAR
                                                  NORMAL
..................................................................
TEMPERATURE (F)
 TODAY
  MAXIMUM         61    328 PM  75    1950  55      6       64
  MINIMUM         28    507 AM  16    1972  32     -4       34
  AVERAGE         45                        43      2       49

PRECIPITATION (IN)
  TODAY            0.00          1.53 1965   0.02  -0.02     0.00
  MONTH TO DATE    0.00                      0.23  -0.23     0.00
  SINCE OCT 1      T                         1.59  -1.59     0.93
  SINCE JAN 1      7.97                      7.88   0.09     8.36

DEGREE DAYS
 HEATING
  TODAY           20                        22     -2       16
  MONTH TO DATE  171                       208    -37      204
  SINCE DEC 1    171                       208    -37      204
  SINCE JUL 1    462                       774   -312      526

 COOLING
  TODAY            0                         0      0        0
  MONTH TO DATE    0                         0      0        0
  SINCE DEC 1      0                         0      0        0
  SINCE JAN 1   2183                      2093     90     2244
..................................................................


WIND (MPH)
  RESULTANT WIND SPEED   6   RESULTANT WIND DIRECTION  NE (50)
  HIGHEST WIND SPEED    13   HIGHEST WIND DIRECTION     N (10)
  HIGHEST GUST SPEED    16   HIGHEST GUST DIRECTION     N (10)
  AVERAGE WIND SPEED     7.0


SKY COVER
  POSSIBLE SUNSHINE  MM
  AVERAGE SKY COVER 0.0


WEATHER CONDITIONS
 THE FOLLOWING WEATHER WAS RECORDED TODAY.
  NO SIGNIFICANT WEATHER WAS OBSERVED.


RELATIVE HUMIDITY (PERCENT)
 HIGHEST    34           500 AM
 LOWEST     11           300 PM
 AVERAGE    23

..........................................................


THE KINGMAN AZ CLIMATE NORMALS FOR TOMORROW
                         NORMAL    RECORD    YEAR
 MAXIMUM TEMPERATURE (F)   54        77      1950
 MINIMUM TEMPERATURE (F)   32        10      1949


SUNRISE AND SUNSET
DECEMBER 10 2017......SUNRISE   734 AM MST   SUNSET   524 PM MST
DECEMBER 11 2017......SUNRISE   735 AM MST   SUNSET   524 PM MST


-  INDICATES NEGATIVE NUMBERS.
R  INDICATES RECORD WAS SET OR TIED.
MM INDICATES DATA IS MISSING.
T  INDICATES TRACE AMOUNT.




$$
