000
CDUS45 KVEF 060026
CLIIGM


CLIMATE REPORT
NATIONAL WEATHER SERVICE LAS VEGAS, NV
425 PM PST MON DEC 5 2016


...................................

...THE KINGMAN AZ CLIMATE SUMMARY FOR DECEMBER 5 2016...
VALID TODAY AS OF 0400 PM LOCAL TIME.

CLIMATE NORMAL PERIOD 1981 TO 2010
CLIMATE RECORD PERIOD 1901 TO 2016


WEATHER ITEM   OBSERVED TIME   RECORD YEAR NORMAL DEPARTURE LAST
                VALUE   (LST)  VALUE       VALUE  FROM      YEAR
                                                  NORMAL
..................................................................
TEMPERATURE (F)
 TODAY
  MAXIMUM         59    254 PM  73    2012  56      3       61
                                      1939
  MINIMUM         35    809 AM  18    2013  33      2       26
                                      1948
  AVERAGE         47                        44      3       44

PRECIPITATION (IN)
  TODAY            0.00          0.78 1951   0.03  -0.03     0.00
  MONTH TO DATE    0.00                      0.12  -0.12     0.00
  SINCE OCT 1      0.93                      1.48  -0.55     1.28
  SINCE JAN 1      8.36                      7.77   0.59     7.96

DEGREE DAYS
 HEATING
  TODAY           18                        21     -3       21
  MONTH TO DATE  110                       101      9      102
  SINCE DEC 1    110                       101      9      102
  SINCE JUL 1    432                       667   -235      678

 COOLING
  TODAY            0                         0      0        0
  MONTH TO DATE    0                         0      0        0
  SINCE DEC 1      0                         0      0        0
  SINCE JAN 1   2244                      2093    151     2235
..................................................................


WIND (MPH)
  RESULTANT WIND SPEED   3   RESULTANT WIND DIRECTION   S (160)
  HIGHEST WIND SPEED    14   HIGHEST WIND DIRECTION    SW (230)
  HIGHEST GUST SPEED    22   HIGHEST GUST DIRECTION    SW (230)
  AVERAGE WIND SPEED     6.4


SKY COVER
  POSSIBLE SUNSHINE  MM
  AVERAGE SKY COVER 0.0


WEATHER CONDITIONS
 THE FOLLOWING WEATHER WAS RECORDED TODAY.
  NO SIGNIFICANT WEATHER WAS OBSERVED.


RELATIVE HUMIDITY (PERCENT)
 HIGHEST    38           800 AM
 LOWEST      9           100 PM
 AVERAGE    24

..........................................................


THE KINGMAN AZ CLIMATE NORMALS FOR TOMORROW
                         NORMAL    RECORD    YEAR
 MAXIMUM TEMPERATURE (F)   56        73      1939
 MINIMUM TEMPERATURE (F)   32        13      2013


SUNRISE AND SUNSET
DECEMBER  5 2016......SUNRISE   730 AM MST   SUNSET   523 PM MST
DECEMBER  6 2016......SUNRISE   731 AM MST   SUNSET   523 PM MST


-  INDICATES NEGATIVE NUMBERS.
R  INDICATES RECORD WAS SET OR TIED.
MM INDICATES DATA IS MISSING.
T  INDICATES TRACE AMOUNT.




$$
