000
CDUS45 KVEF 280028
CLIIGM


CLIMATE REPORT
NATIONAL WEATHER SERVICE LAS VEGAS, NV
526 PM PDT FRI MAY 27 2016


...................................

...THE KINGMAN AZ CLIMATE SUMMARY FOR MAY 27 2016...
VALID TODAY AS OF 0500 PM LOCAL TIME.

CLIMATE NORMAL PERIOD 1981 TO 2010
CLIMATE RECORD PERIOD 1901 TO 2016


WEATHER ITEM   OBSERVED TIME   RECORD YEAR NORMAL DEPARTURE LAST
                VALUE   (LST)  VALUE       VALUE  FROM      YEAR
                                                  NORMAL
..................................................................
TEMPERATURE (F)
 TODAY
  MAXIMUM         85    428 PM 105    2003  88     -3       88
  MINIMUM         51    511 AM  36    1942  56     -5       54
  AVERAGE         68                        72     -4       71

PRECIPITATION (IN)
  TODAY            0.00          0.28 1907   0.00   0.00     0.00
  MONTH TO DATE    0.38                      0.12   0.26     0.18
  SINCE OCT 1      4.61                      5.55  -0.94     5.12
  SINCE JAN 1      3.09                      3.45  -0.36     2.99

DEGREE DAYS
 HEATING
  TODAY            0                         1     -1        0
  MONTH TO DATE   47                        52     -5       88
  SINCE MAR 1    476                       685   -209      550
  SINCE JUL 1   2828                      3098   -270     2530

 COOLING
  TODAY            3                         8     -5        6
  MONTH TO DATE   86                       135    -49       40
  SINCE MAR 1    106                       166    -60       58
  SINCE JAN 1    106                       166    -60       58
..................................................................


WIND (MPH)
  RESULTANT WIND SPEED   5   RESULTANT WIND DIRECTION  SW (230)
  HIGHEST WIND SPEED    21   HIGHEST WIND DIRECTION    SW (230)
  HIGHEST GUST SPEED    28   HIGHEST GUST DIRECTION    SW (230)
  AVERAGE WIND SPEED     6.8


SKY COVER
  POSSIBLE SUNSHINE  MM
  AVERAGE SKY COVER 0.1


WEATHER CONDITIONS
 THE FOLLOWING WEATHER WAS RECORDED TODAY.
  NO SIGNIFICANT WEATHER WAS OBSERVED.


RELATIVE HUMIDITY (PERCENT)
 HIGHEST    41           500 AM
 LOWEST     13           200 PM
 AVERAGE    27

..........................................................


THE KINGMAN AZ CLIMATE NORMALS FOR TOMORROW
                         NORMAL    RECORD    YEAR
 MAXIMUM TEMPERATURE (F)   89       104      2003
 MINIMUM TEMPERATURE (F)   56        35      1918


SUNRISE AND SUNSET
MAY 27 2016...........SUNRISE   524 AM MST   SUNSET   742 PM MST
MAY 28 2016...........SUNRISE   524 AM MST   SUNSET   743 PM MST


-  INDICATES NEGATIVE NUMBERS.
R  INDICATES RECORD WAS SET OR TIED.
MM INDICATES DATA IS MISSING.
T  INDICATES TRACE AMOUNT.




$$
