000
CDUS45 KVEF 030829
CLIIGM


CLIMATE REPORT
NATIONAL WEATHER SERVICE LAS VEGAS, NV
128 AM PDT FRI JUL 3 2015


...................................

...THE KINGMAN AZ CLIMATE SUMMARY FOR JULY 2 2015...

CLIMATE NORMAL PERIOD 1981 TO 2010
CLIMATE RECORD PERIOD 1901 TO 2015


WEATHER ITEM   OBSERVED TIME   RECORD YEAR NORMAL DEPARTURE LAST
                VALUE   (LST)  VALUE       VALUE  FROM      YEAR
                                                  NORMAL
..................................................................
TEMPERATURE (F)
 YESTERDAY
  MAXIMUM         99    422 PM 111    1967  96      3      102
  MINIMUM         71    548 AM  45    1928  68      3       72
  AVERAGE         85                        82      3       87

PRECIPITATION (IN)
  YESTERDAY        0.01          0.93 1984   0.02  -0.01     0.00
  MONTH TO DATE    0.01                      0.03  -0.02     0.00
  SINCE OCT 1      6.62                      5.68   0.94     1.67
  SINCE JAN 1      4.49                      3.58   0.91     0.79

DEGREE DAYS
 HEATING
  YESTERDAY        0                         0      0        0
  MONTH TO DATE    0                         0      0        0
  SINCE JUN 1      0                         3     -3        0
  SINCE JUL 1      0                         0      0        0

 COOLING
  YESTERDAY       20                        17      3       22
  MONTH TO DATE   39                        34      5       45
  SINCE JUN 1    516                       419     97      485
  SINCE JAN 1    622                       617      5      710
..................................................................


WIND (MPH)
  RESULTANT WIND SPEED   8   RESULTANT WIND DIRECTION  SW (230)
  HIGHEST WIND SPEED    20   HIGHEST WIND DIRECTION    SW (230)
  HIGHEST GUST SPEED    25   HIGHEST GUST DIRECTION    SW (240)
  AVERAGE WIND SPEED     8.1


SKY COVER
  POSSIBLE SUNSHINE  MM
  AVERAGE SKY COVER 0.1


WEATHER CONDITIONS
 THE FOLLOWING WEATHER WAS RECORDED YESTERDAY.
  THUNDERSTORM
  LIGHT RAIN


RELATIVE HUMIDITY (PERCENT)
 HIGHEST    84           500 AM
 LOWEST     18           500 PM
 AVERAGE    51

..........................................................


THE KINGMAN AZ CLIMATE NORMALS FOR TODAY
                         NORMAL    RECORD    YEAR
 MAXIMUM TEMPERATURE (F)   97       109      1907
 MINIMUM TEMPERATURE (F)   68        51      1920


SUNRISE AND SUNSET
JULY  3 2015..........SUNRISE   526 AM MST   SUNSET   754 PM MST
JULY  4 2015..........SUNRISE   526 AM MST   SUNSET   754 PM MST


-  INDICATES NEGATIVE NUMBERS.
R  INDICATES RECORD WAS SET OR TIED.
MM INDICATES DATA IS MISSING.
T  INDICATES TRACE AMOUNT.




$$
