000
CDUS41 KPHI 272128
CLIILG


CLIMATE REPORT
NATIONAL WEATHER SERVICE MOUNT HOLLY NJ
527 PM EDT MON MAR 27 2017


...................................

...THE WILMINGTON DE CLIMATE SUMMARY FOR MARCH 27 2017...
VALID TODAY AS OF 0500 PM LOCAL TIME.

CLIMATE NORMAL PERIOD 1981 TO 2010
CLIMATE RECORD PERIOD 1894 TO 2017


WEATHER ITEM   OBSERVED TIME   RECORD YEAR NORMAL DEPARTURE LAST
                VALUE   (LST)  VALUE       VALUE  FROM      YEAR
                                                  NORMAL
..................................................................
TEMPERATURE (F)
 TODAY
  MAXIMUM         63    359 PM  83    2007  56      7       57
  MINIMUM         42    337 AM  21    2014  37      5       45
  AVERAGE         53                        47      6       51

PRECIPITATION (IN)
  TODAY            0.10          1.38 1913   0.14  -0.04     0.01
  MONTH TO DATE    2.76                      3.37  -0.61     1.38
  SINCE MAR 1      2.76                      3.37  -0.61     1.38
  SINCE JAN 1      6.78                      9.06  -2.28     8.11

SNOWFALL (IN)
  TODAY            0.0           T    1994   0.0    0.0      0.0
  MONTH TO DATE    3.4                       1.8    1.6      2.7
  SINCE MAR 1      3.4                       1.8    1.6      2.7
  SINCE JUL 1      9.0                      19.8  -10.8     25.4
  SNOW DEPTH       0

DEGREE DAYS
 HEATING
  TODAY           12                        18     -6       14
  MONTH TO DATE  653                       611     42      448
  SINCE MAR 1    653                       611     42      448
  SINCE JUL 1   3655                      4234   -579     3456

 COOLING
  TODAY            0                         0      0        0
  MONTH TO DATE    0                         0      0        2
  SINCE MAR 1      0                         0      0        2
  SINCE JAN 1      0                         0      0        2
..................................................................


WIND (MPH)
  HIGHEST WIND SPEED    12   HIGHEST WIND DIRECTION    SW (210)
  HIGHEST GUST SPEED    16   HIGHEST GUST DIRECTION    SW (240)
  AVERAGE WIND SPEED     6.5


SKY COVER
  POSSIBLE SUNSHINE  MM
  AVERAGE SKY COVER 0.9


WEATHER CONDITIONS
 THE FOLLOWING WEATHER WAS RECORDED TODAY.
  HEAVY RAIN
  RAIN
  LIGHT RAIN
  FOG
  FOG W/VISIBILITY <= 1/4 MILE


RELATIVE HUMIDITY (PERCENT)
 HIGHEST   100          1200 AM
 LOWEST     72           400 PM
 AVERAGE    86

..........................................................


THE WILMINGTON DE CLIMATE NORMALS FOR TOMORROW
                         NORMAL    RECORD    YEAR
 MAXIMUM TEMPERATURE (F)   57        83      1989
 MINIMUM TEMPERATURE (F)   37        20      1982


SUNRISE AND SUNSET
MARCH 27 2017.........SUNRISE   654 AM EDT   SUNSET   722 PM EDT
MARCH 28 2017.........SUNRISE   653 AM EDT   SUNSET   723 PM EDT


-  INDICATES NEGATIVE NUMBERS.
R  INDICATES RECORD WAS SET OR TIED.
MM INDICATES DATA IS MISSING.
T  INDICATES TRACE AMOUNT.




$$
