000
CDUS41 KPHI 052141
CLIILG


CLIMATE REPORT
NATIONAL WEATHER SERVICE MOUNT HOLLY NJ
541 PM EDT SUN JUL 5 2015


...................................

...THE WILMINGTON DE CLIMATE SUMMARY FOR JULY 5 2015...
VALID TODAY AS OF 0500 PM LOCAL TIME.

CLIMATE NORMAL PERIOD 1981 TO 2010
CLIMATE RECORD PERIOD 1894 TO 2015


WEATHER ITEM   OBSERVED TIME   RECORD YEAR NORMAL DEPARTURE LAST
                VALUE   (LST)  VALUE       VALUE  FROM      YEAR
                                                  NORMAL
..................................................................
TEMPERATURE (F)
 TODAY
  MAXIMUM         82    151 PM 100    1949  86     -4       83
  MINIMUM         64    345 AM  52    1979  67     -3       60
  AVERAGE         73                        76     -3       72

PRECIPITATION (IN)
  TODAY            0.00          6.63 1989   0.14  -0.14     0.00
  MONTH TO DATE    0.27                      0.71  -0.44     0.07
  SINCE JUN 1     12.79                      4.59   8.20     5.10
  SINCE JAN 1     31.47                     21.65   9.82    27.43

SNOWFALL (IN)
  TODAY            0.0           0.0  1894   0.0    0.0      0.0
  MONTH TO DATE    0.0                       0.0    0.0      0.0
  SINCE JUN 1      0.0                       0.0    0.0      0.0
  SINCE JUL 1      0.0                       0.0    0.0      0.0
  SNOW DEPTH       0

DEGREE DAYS
 HEATING
  TODAY            0                         0      0        0
  MONTH TO DATE    0                         0      0        0
  SINCE JUN 1     18                        15      3        2
  SINCE JUL 1      0                         0      0        0

 COOLING
  TODAY            8                        12     -4        7
  MONTH TO DATE   37                        56    -19       66
  SINCE JUN 1    305                       287     18      306
  SINCE JAN 1    473                       366    107      373
..................................................................


WIND (MPH)
  HIGHEST WIND SPEED    10   HIGHEST WIND DIRECTION    SE (140)
  HIGHEST GUST SPEED    12   HIGHEST GUST DIRECTION    SE (150)
  AVERAGE WIND SPEED     3.6


SKY COVER
  POSSIBLE SUNSHINE  MM
  AVERAGE SKY COVER 0.3


WEATHER CONDITIONS
 THE FOLLOWING WEATHER WAS RECORDED TODAY.
  FOG
  HAZE


RELATIVE HUMIDITY (PERCENT)
 HIGHEST    93           400 AM
 LOWEST     55           200 PM
 AVERAGE    74

..........................................................


THE WILMINGTON DE CLIMATE NORMALS FOR TOMORROW
                         NORMAL    RECORD    YEAR
 MAXIMUM TEMPERATURE (F)   86       103      2010
 MINIMUM TEMPERATURE (F)   67        50      1979


SUNRISE AND SUNSET
JULY  5 2015..........SUNRISE   540 AM EDT   SUNSET   833 PM EDT
JULY  6 2015..........SUNRISE   541 AM EDT   SUNSET   833 PM EDT


-  INDICATES NEGATIVE NUMBERS.
R  INDICATES RECORD WAS SET OR TIED.
MM INDICATES DATA IS MISSING.
T  INDICATES TRACE AMOUNT.




$$
