000
CDUS41 KPHI 290630
CLIILG


CLIMATE REPORT
NATIONAL WEATHER SERVICE MOUNT HOLLY NJ
129 AM EST MON DEC 29 2014


...................................

...THE WILMINGTON DE CLIMATE SUMMARY FOR DECEMBER 28 2014...

CLIMATE NORMAL PERIOD 1981 TO 2010
CLIMATE RECORD PERIOD 1894 TO 2014


WEATHER ITEM   OBSERVED TIME   RECORD YEAR NORMAL DEPARTURE LAST
                VALUE   (LST)  VALUE       VALUE  FROM      YEAR
                                                  NORMAL
..................................................................
TEMPERATURE (F)
 YESTERDAY
  MAXIMUM         57    241 PM  67    1982  41     16       56
  MINIMUM         35   1252 AM   6    1933  26      9       25
  AVERAGE         46                        34     12       41

PRECIPITATION (IN)
  YESTERDAY        0.06          1.14 1967   0.09  -0.03     0.00
  MONTH TO DATE    3.01                      3.21  -0.20     3.85
  SINCE DEC 1      3.01                      3.21  -0.20     3.85
  SINCE JAN 1     50.91                     42.81   8.10    46.98

SNOWFALL (IN)
  YESTERDAY        0.0           1.1  1987   0.1   -0.1      0.0
  MONTH TO DATE    0.2                       3.0   -2.8     11.9
  SINCE DEC 1      0.2                       3.0   -2.8     11.9
  SINCE JUL 1      0.5                       3.4   -2.9     11.9
  SNOW DEPTH       0

DEGREE DAYS
 HEATING
  YESTERDAY       19                        31    -12       24
  MONTH TO DATE  671                       783   -112      760
  SINCE DEC 1    671                       783   -112      760
  SINCE JUL 1   1560                      1681   -121     1681

 COOLING
  YESTERDAY        0                         0      0        0
  MONTH TO DATE    0                         0      0        0
  SINCE DEC 1      0                         0      0        0
  SINCE JAN 1   1073                      1145    -72     1241
..................................................................


WIND (MPH)
  HIGHEST WIND SPEED    14   HIGHEST WIND DIRECTION    NW (330)
  HIGHEST GUST SPEED    18   HIGHEST GUST DIRECTION    NW (310)
  AVERAGE WIND SPEED     4.3


SKY COVER
  POSSIBLE SUNSHINE  MM
  AVERAGE SKY COVER 0.7


WEATHER CONDITIONS
 THE FOLLOWING WEATHER WAS RECORDED YESTERDAY.
  LIGHT RAIN
  FOG


RELATIVE HUMIDITY (PERCENT)
 HIGHEST    93           400 AM
 LOWEST     61           200 PM
 AVERAGE    77

..........................................................


THE WILMINGTON DE CLIMATE NORMALS FOR TODAY
                         NORMAL    RECORD    YEAR
 MAXIMUM TEMPERATURE (F)   41        74      1984
 MINIMUM TEMPERATURE (F)   26         2      1933
                                             1917


SUNRISE AND SUNSET
DECEMBER 29 2014......SUNRISE   723 AM EST   SUNSET   446 PM EST
DECEMBER 30 2014......SUNRISE   723 AM EST   SUNSET   447 PM EST


-  INDICATES NEGATIVE NUMBERS.
R  INDICATES RECORD WAS SET OR TIED.
MM INDICATES DATA IS MISSING.
T  INDICATES TRACE AMOUNT.




$$
