000
CDUS41 KPHI 190547
CLIILG


CLIMATE REPORT
NATIONAL WEATHER SERVICE MOUNT HOLLY NJ
1247 AM EST SUN NOV 19 2017


...................................

...THE WILMINGTON DE CLIMATE SUMMARY FOR NOVEMBER 18 2017...

CLIMATE NORMAL PERIOD 1981 TO 2010
CLIMATE RECORD PERIOD 1894 TO 2017


WEATHER ITEM   OBSERVED TIME   RECORD YEAR NORMAL DEPARTURE LAST
                VALUE   (LST)  VALUE       VALUE  FROM      YEAR
                                                  NORMAL
..................................................................
TEMPERATURE (F)
 YESTERDAY
  MAXIMUM         61   1113 PM  74    1928  55      6       72
                                      1896
  MINIMUM         29    503 AM  19    1924  37     -8       35
  AVERAGE         45                        46     -1       54

PRECIPITATION (IN)
  YESTERDAY        0.04          1.75 1927   0.10  -0.06     0.00
  MONTH TO DATE    0.96                      1.77  -0.81     0.36
  SINCE SEP 1      6.10                      9.51  -3.41     7.38
  SINCE JAN 1     38.24                     38.27  -0.03    36.64

SNOWFALL (IN)
  YESTERDAY        0.0           T    2008   0.0    0.0      0.0
  MONTH TO DATE    0.0                       0.0    0.0      0.0
  SINCE SEP 1      0.0                       0.0    0.0      0.0
  SINCE JUL 1      0.0                       0.0    0.0      0.0
  SNOW DEPTH       0

DEGREE DAYS
 HEATING
  YESTERDAY       20                        19      1       11
  MONTH TO DATE  309                       297     12      258
  SINCE SEP 1    479                       639   -160      496
  SINCE JUL 1    479                       641   -162      496

 COOLING
  YESTERDAY        0                         0      0        0
  MONTH TO DATE    0                         0      0        0
  SINCE SEP 1    258                       152    106      268
  SINCE JAN 1   1304                      1145    159     1489
..................................................................


WIND (MPH)
  HIGHEST WIND SPEED    23   HIGHEST WIND DIRECTION     S (200)
  HIGHEST GUST SPEED    30   HIGHEST GUST DIRECTION    SW (210)
  AVERAGE WIND SPEED     9.0


SKY COVER
  POSSIBLE SUNSHINE  MM
  AVERAGE SKY COVER 0.4


WEATHER CONDITIONS
 THE FOLLOWING WEATHER WAS RECORDED YESTERDAY.
  LIGHT RAIN


RELATIVE HUMIDITY (PERCENT)
 HIGHEST    92           500 AM
 LOWEST     55           400 PM
 AVERAGE    74

..........................................................


THE WILMINGTON DE CLIMATE NORMALS FOR TODAY
                         NORMAL    RECORD    YEAR
 MAXIMUM TEMPERATURE (F)   55        75      1921
 MINIMUM TEMPERATURE (F)   37        15      1936


SUNRISE AND SUNSET
NOVEMBER 19 2017......SUNRISE   652 AM EST   SUNSET   444 PM EST
NOVEMBER 20 2017......SUNRISE   653 AM EST   SUNSET   443 PM EST


-  INDICATES NEGATIVE NUMBERS.
R  INDICATES RECORD WAS SET OR TIED.
MM INDICATES DATA IS MISSING.
T  INDICATES TRACE AMOUNT.




$$
