000
CDUS41 KPHI 262132
CLIILG


CLIMATE REPORT
NATIONAL WEATHER SERVICE MOUNT HOLLY NJ
531 PM EDT WED JUL 26 2017


...................................

...THE WILMINGTON DE CLIMATE SUMMARY FOR JULY 26 2017...
VALID TODAY AS OF 0500 PM LOCAL TIME.

CLIMATE NORMAL PERIOD 1981 TO 2010
CLIMATE RECORD PERIOD 1894 TO 2017


WEATHER ITEM   OBSERVED TIME   RECORD YEAR NORMAL DEPARTURE LAST
                VALUE   (LST)  VALUE       VALUE  FROM      YEAR
                                                  NORMAL
..................................................................
TEMPERATURE (F)
 TODAY
  MAXIMUM         79    351 PM  99    1894  86     -7       92
  MINIMUM         68    602 AM  51    1920  68      0       73
  AVERAGE         74                        77     -3       83

PRECIPITATION (IN)
  TODAY            T             2.25 1933   0.15  -0.15     0.00
  MONTH TO DATE    6.30                      3.86   2.44     3.80
  SINCE JUN 1     10.29                      7.74   2.55     7.49
  SINCE JAN 1     27.47                     24.80   2.67    25.16

SNOWFALL (IN)
  TODAY            0.0           0.0  1894   0.0    0.0      0.0
  MONTH TO DATE    0.0                       0.0    0.0      0.0
  SINCE JUN 1      0.0                       0.0    0.0      0.0
  SINCE JUL 1      0.0                       0.0    0.0      0.0
  SNOW DEPTH       0

DEGREE DAYS
 HEATING
  TODAY            0                         0      0        0
  MONTH TO DATE    0                         0      0        0
  SINCE JUN 1     10                        15     -5        5
  SINCE JUL 1      0                         0      0        0

 COOLING
  TODAY            9                        12     -3       18
  MONTH TO DATE  375                       308     67      370
  SINCE JUN 1    636                       539     97      598
  SINCE JAN 1    727                       618    109      690
..................................................................


WIND (MPH)
  HIGHEST WIND SPEED    12   HIGHEST WIND DIRECTION     E (90)
  HIGHEST GUST SPEED    16   HIGHEST GUST DIRECTION     S (160)
  AVERAGE WIND SPEED     7.2


SKY COVER
  POSSIBLE SUNSHINE  MM
  AVERAGE SKY COVER 0.6


WEATHER CONDITIONS
 THE FOLLOWING WEATHER WAS RECORDED TODAY.
  LIGHT RAIN


RELATIVE HUMIDITY (PERCENT)
 HIGHEST    87           300 AM
 LOWEST     60           300 PM
 AVERAGE    74

..........................................................


THE WILMINGTON DE CLIMATE NORMALS FOR TOMORROW
                         NORMAL    RECORD    YEAR
 MAXIMUM TEMPERATURE (F)   86       100      1894
 MINIMUM TEMPERATURE (F)   68        51      1962


SUNRISE AND SUNSET
JULY 26 2017..........SUNRISE   556 AM EDT   SUNSET   821 PM EDT
JULY 27 2017..........SUNRISE   557 AM EDT   SUNSET   820 PM EDT


-  INDICATES NEGATIVE NUMBERS.
R  INDICATES RECORD WAS SET OR TIED.
MM INDICATES DATA IS MISSING.
T  INDICATES TRACE AMOUNT.




$$
