000
CDUS41 KPHI 290630
CLIILG


CLIMATE REPORT
NATIONAL WEATHER SERVICE MOUNT HOLLY NJ
229 AM EDT SUN MAR 29 2015


...................................

...THE WILMINGTON DE CLIMATE SUMMARY FOR MARCH 28 2015...

CLIMATE NORMAL PERIOD 1981 TO 2010
CLIMATE RECORD PERIOD 1894 TO 2015


WEATHER ITEM   OBSERVED TIME   RECORD YEAR NORMAL DEPARTURE LAST
                VALUE   (LST)  VALUE       VALUE  FROM      YEAR
                                                  NORMAL
..................................................................
TEMPERATURE (F)
 YESTERDAY
  MAXIMUM         40    221 PM  83    1989  57    -17       66
  MINIMUM         26   1055 PM  20    1982  37    -11       36
  AVERAGE         33                        47    -14       51

PRECIPITATION (IN)
  YESTERDAY        T             2.20 1932   0.14  -0.14     0.03
  MONTH TO DATE    5.26                      3.51   1.75     1.63
  SINCE MAR 1      5.26                      3.51   1.75     1.63
  SINCE JAN 1     11.87                      9.20   2.67    10.21

SNOWFALL (IN)
  YESTERDAY        T             0.9  1956   0.1   -0.1      0.0
  MONTH TO DATE    8.6                       1.9    6.7      7.7
  SINCE MAR 1      8.6                       1.9    6.7      7.7
  SINCE JUL 1     23.4                      19.9    3.5     56.1
  SNOW DEPTH       0

DEGREE DAYS
 HEATING
  YESTERDAY       32                        18     14       14
  MONTH TO DATE  768                       629    139      769
  SINCE MAR 1    768                       629    139      769
  SINCE JUL 1   4607                      4252    355     4624

 COOLING
  YESTERDAY        0                         0      0        0
  MONTH TO DATE    0                         0      0        0
  SINCE MAR 1      0                         0      0        0
  SINCE JAN 1      0                         0      0        0
..................................................................


WIND (MPH)
  HIGHEST WIND SPEED    26   HIGHEST WIND DIRECTION    NW (300)
  HIGHEST GUST SPEED    34   HIGHEST GUST DIRECTION    NW (300)
  AVERAGE WIND SPEED    15.8


SKY COVER
  POSSIBLE SUNSHINE  MM
  AVERAGE SKY COVER 0.8


WEATHER CONDITIONS
 THE FOLLOWING WEATHER WAS RECORDED YESTERDAY.
  LIGHT SNOW


RELATIVE HUMIDITY (PERCENT)
 HIGHEST    69           700 PM
 LOWEST     35           400 PM
 AVERAGE    52

..........................................................


THE WILMINGTON DE CLIMATE NORMALS FOR TODAY
                         NORMAL    RECORD    YEAR
 MAXIMUM TEMPERATURE (F)   57        85      1945
 MINIMUM TEMPERATURE (F)   38        13      1923


SUNRISE AND SUNSET
MARCH 29 2015.........SUNRISE   652 AM EDT   SUNSET   723 PM EDT
MARCH 30 2015.........SUNRISE   650 AM EDT   SUNSET   724 PM EDT


-  INDICATES NEGATIVE NUMBERS.
R  INDICATES RECORD WAS SET OR TIED.
MM INDICATES DATA IS MISSING.
T  INDICATES TRACE AMOUNT.




$$
