000
CDUS41 KPHI 240626
CLIILG


CLIMATE REPORT
NATIONAL WEATHER SERVICE MOUNT HOLLY NJ
226 AM EDT THU APR 24 2014


...................................

...THE WILMINGTON DE CLIMATE SUMMARY FOR APRIL 23 2014...

CLIMATE NORMAL PERIOD 1981 TO 2010
CLIMATE RECORD PERIOD 1894 TO 2014


WEATHER ITEM   OBSERVED TIME   RECORD YEAR NORMAL DEPARTURE LAST
                VALUE   (LST)  VALUE       VALUE  FROM      YEAR
                                                  NORMAL
..................................................................
TEMPERATURE (F)
 YESTERDAY
  MAXIMUM         61    242 PM  89    1960  66     -5       55
  MINIMUM         40   1156 PM  25    1933  45     -5       44
  AVERAGE         51                        56     -5       50

PRECIPITATION (IN)
  YESTERDAY        0.00          1.18 2005   0.12  -0.12      T
  MONTH TO DATE    1.75                      2.72  -0.97     2.18
  SINCE MAR 1      5.57                      6.64  -1.07     4.72
  SINCE JAN 1     14.15                     12.33   1.82    10.73

SNOWFALL (IN)
  YESTERDAY        0.0           0.0  1894   0.0    0.0      0.0
  MONTH TO DATE    0.0                       0.3   -0.3      0.0
  SINCE MAR 1      7.7                       2.2    5.5      1.3
  SINCE JUL 1     56.1                      20.2   35.9      5.5
  SNOW DEPTH       0

DEGREE DAYS
 HEATING
  YESTERDAY       14                        10      4       15
  MONTH TO DATE  287                       303    -16      275
  SINCE MAR 1   1107                       986    121     1034
  SINCE JUL 1   4962                      4609    353     4430

 COOLING
  YESTERDAY        0                         1     -1        0
  MONTH TO DATE    7                         3      4       17
  SINCE MAR 1      7                         4      3       17
  SINCE JAN 1      7                         4      3       17
..................................................................


WIND (MPH)
  HIGHEST WIND SPEED    30   HIGHEST WIND DIRECTION    NW (310)
  HIGHEST GUST SPEED    40   HIGHEST GUST DIRECTION    NW (310)
  AVERAGE WIND SPEED    18.8


SKY COVER
  POSSIBLE SUNSHINE  MM
  AVERAGE SKY COVER 0.3


WEATHER CONDITIONS
 THE FOLLOWING WEATHER WAS RECORDED YESTERDAY.
  NO SIGNIFICANT WEATHER WAS OBSERVED.


RELATIVE HUMIDITY (PERCENT)
 HIGHEST    58          1100 PM
 LOWEST     43           100 PM
 AVERAGE    51

..........................................................


THE WILMINGTON DE CLIMATE NORMALS FOR TODAY
                         NORMAL    RECORD    YEAR
 MAXIMUM TEMPERATURE (F)   67        84      2001
 MINIMUM TEMPERATURE (F)   46        30      1930


SUNRISE AND SUNSET
APRIL 24 2014.........SUNRISE   612 AM EDT   SUNSET   749 PM EDT
APRIL 25 2014.........SUNRISE   611 AM EDT   SUNSET   750 PM EDT


-  INDICATES NEGATIVE NUMBERS.
R  INDICATES RECORD WAS SET OR TIED.
MM INDICATES DATA IS MISSING.
T  INDICATES TRACE AMOUNT.




$$
