000
CDUS41 KPHI 080627
CLIILG


CLIMATE REPORT
NATIONAL WEATHER SERVICE MOUNT HOLLY NJ
127 AM EST MON FEB 8 2016


...................................

...THE WILMINGTON DE CLIMATE SUMMARY FOR FEBRUARY 7 2016...

CLIMATE NORMAL PERIOD 1981 TO 2010
CLIMATE RECORD PERIOD 1894 TO 2016


WEATHER ITEM   OBSERVED TIME   RECORD YEAR NORMAL DEPARTURE LAST
                VALUE   (LST)  VALUE       VALUE  FROM      YEAR
                                                  NORMAL
..................................................................
TEMPERATURE (F)
 YESTERDAY
  MAXIMUM         45    338 PM  67    2008  42      3       44
  MINIMUM         23    707 AM   2    1948  26     -3       17
  AVERAGE         34                        34      0       31

PRECIPITATION (IN)
  YESTERDAY        0.00          1.33 1971   0.09  -0.09     0.00
  MONTH TO DATE    1.24                      0.68   0.56     0.85
  SINCE DEC 1      8.75                      7.17   1.58     8.31
  SINCE JAN 1      3.54                      3.69  -0.15     5.30

SNOWFALL (IN)
  YESTERDAY        0.0           9.8  1967   0.3   -0.3      0.0
  MONTH TO DATE    1.5                       2.3   -0.8      0.2
  SINCE DEC 1     18.4                      11.6    6.8      4.1
  SINCE JUL 1     18.4                      12.0    6.4      4.4
  SNOW DEPTH       0

DEGREE DAYS
 HEATING
  YESTERDAY       31                        31      0       34
  MONTH TO DATE  173                       222    -49      251
  SINCE DEC 1   1659                      2111   -452     2082
  SINCE JUL 1   2363                      3009   -646     2971

 COOLING
  YESTERDAY        0                         0      0        0
  MONTH TO DATE    0                         0      0        0
  SINCE DEC 1      1                         0      1        0
  SINCE JAN 1      0                         0      0        0
..................................................................


WIND (MPH)
  HIGHEST WIND SPEED    12   HIGHEST WIND DIRECTION     N (10)
  HIGHEST GUST SPEED    15   HIGHEST GUST DIRECTION     N (10)
  AVERAGE WIND SPEED     5.4


SKY COVER
  POSSIBLE SUNSHINE  MM
  AVERAGE SKY COVER 0.0


WEATHER CONDITIONS
 THE FOLLOWING WEATHER WAS RECORDED YESTERDAY.
  FOG


RELATIVE HUMIDITY (PERCENT)
 HIGHEST    92           500 AM
 LOWEST     41           100 PM
 AVERAGE    67

..........................................................


THE WILMINGTON DE CLIMATE NORMALS FOR TODAY
                         NORMAL    RECORD    YEAR
 MAXIMUM TEMPERATURE (F)   42        66      1965
 MINIMUM TEMPERATURE (F)   26         0      1895


SUNRISE AND SUNSET
FEBRUARY  8 2016......SUNRISE   704 AM EST   SUNSET   530 PM EST
FEBRUARY  9 2016......SUNRISE   702 AM EST   SUNSET   531 PM EST


-  INDICATES NEGATIVE NUMBERS.
R  INDICATES RECORD WAS SET OR TIED.
MM INDICATES DATA IS MISSING.
T  INDICATES TRACE AMOUNT.




$$
