000
CDUS41 KPHI 192130
CLIILG


CLIMATE REPORT
NATIONAL WEATHER SERVICE MOUNT HOLLY NJ
528 PM EDT SAT APR 19 2014


...................................

...THE WILMINGTON DE CLIMATE SUMMARY FOR APRIL 19 2014...
VALID TODAY AS OF 0500 PM LOCAL TIME.

CLIMATE NORMAL PERIOD 1981 TO 2010
CLIMATE RECORD PERIOD 1894 TO 2014


WEATHER ITEM   OBSERVED TIME   RECORD YEAR NORMAL DEPARTURE LAST
                VALUE   (LST)  VALUE       VALUE  FROM      YEAR
                                                  NORMAL
..................................................................
TEMPERATURE (F)
 TODAY
  MAXIMUM         69    310 PM  94    1896  65      4       78
  MINIMUM         40    555 AM  29    1926  44     -4       54
  AVERAGE         55                        54      1       66

PRECIPITATION (IN)
  TODAY            0.00          2.03 1943   0.11  -0.11     0.67
  MONTH TO DATE    1.75                      2.27  -0.52     2.06
  SINCE MAR 1      5.57                      6.19  -0.62     4.60
  SINCE JAN 1     14.15                     11.88   2.27    10.61

SNOWFALL (IN)
  TODAY            0.0           0.4  1983   0.0    0.0      0.0
  MONTH TO DATE    0.0                       0.3   -0.3      0.0
  SINCE MAR 1      7.7                       2.2    5.5      1.3
  SINCE JUL 1     56.1                      20.2   35.9      5.5
  SNOW DEPTH       0

DEGREE DAYS
 HEATING
  TODAY           10                        11     -1        0
  MONTH TO DATE  241                       262    -21      208
  SINCE MAR 1   1061                       945    116      967
  SINCE JUL 1   4916                      4568    348     4363

 COOLING
  TODAY            0                         0      0        1
  MONTH TO DATE    7                         0      7       17
  SINCE MAR 1      7                         1      6       17
  SINCE JAN 1      7                         1      6       17
..................................................................


WIND (MPH)
  HIGHEST WIND SPEED    17   HIGHEST WIND DIRECTION     N (10)
  HIGHEST GUST SPEED    21   HIGHEST GUST DIRECTION     N (20)
  AVERAGE WIND SPEED     5.1


SKY COVER
  POSSIBLE SUNSHINE  MM
  AVERAGE SKY COVER 0.0


WEATHER CONDITIONS
 THE FOLLOWING WEATHER WAS RECORDED TODAY.
  NO SIGNIFICANT WEATHER WAS OBSERVED.


RELATIVE HUMIDITY (PERCENT)
 HIGHEST    92           600 AM
 LOWEST     19           400 PM
 AVERAGE    56

..........................................................


THE WILMINGTON DE CLIMATE NORMALS FOR TOMORROW
                         NORMAL    RECORD    YEAR
 MAXIMUM TEMPERATURE (F)   65        90      1985
 MINIMUM TEMPERATURE (F)   44        27      1926


SUNRISE AND SUNSET
APRIL 19 2014.........SUNRISE   619 AM EDT   SUNSET   744 PM EDT
APRIL 20 2014.........SUNRISE   618 AM EDT   SUNSET   745 PM EDT


-  INDICATES NEGATIVE NUMBERS.
R  INDICATES RECORD WAS SET OR TIED.
MM INDICATES DATA IS MISSING.
T  INDICATES TRACE AMOUNT.




$$
