000
CDUS42 KILM 290841
CLIILM


CLIMATE REPORT
NATIONAL WEATHER SERVICE WILMINGTON NC
440 AM EDT WED JUL 29 2015


...................................

...THE WILMINGTON NC CLIMATE SUMMARY FOR JULY 28 2015...

CLIMATE NORMAL PERIOD 1981 TO 2010
CLIMATE RECORD PERIOD 1871 TO 2015


WEATHER ITEM   OBSERVED TIME   RECORD YEAR NORMAL DEPARTURE LAST
                VALUE   (LST)  VALUE       VALUE  FROM      YEAR
                                                  NORMAL
..................................................................
TEMPERATURE (F)
 YESTERDAY
  MAXIMUM         88    112 PM 102    1936  90     -2       92
  MINIMUM         71    547 AM  58    1920  73     -2       71
  AVERAGE         80                        81     -1       82

PRECIPITATION (IN)
  YESTERDAY        0.00          3.50 1988   0.26  -0.26     0.59
  MONTH TO DATE    3.00                      6.73  -3.73    11.39
  SINCE JUN 1     10.11                     11.91  -1.80    13.87
  SINCE JAN 1     30.68                     30.81  -0.13    33.11

DEGREE DAYS
 HEATING
  YESTERDAY        0                         0      0        0
  MONTH TO DATE    0                         0      0        0
  SINCE JUN 1      0                         2     -2        0
  SINCE JUL 1      0                         0      0        0

 COOLING
  YESTERDAY       15                        16     -1       17
  MONTH TO DATE  500                       448     52      431
  SINCE JUN 1    994                       833    161      871
  SINCE JAN 1   1287                      1114    173     1278
..................................................................


WIND (MPH)
  HIGHEST WIND SPEED    15   HIGHEST WIND DIRECTION     E (70)
  HIGHEST GUST SPEED    19   HIGHEST GUST DIRECTION     E (90)
  AVERAGE WIND SPEED     6.2


SKY COVER
  POSSIBLE SUNSHINE  MM
  AVERAGE SKY COVER 0.1


WEATHER CONDITIONS
 THE FOLLOWING WEATHER WAS RECORDED YESTERDAY.
  NO SIGNIFICANT WEATHER WAS OBSERVED.


RELATIVE HUMIDITY (PERCENT)
 HIGHEST    93          1200 AM
 LOWEST     57           100 PM
 AVERAGE    75

..........................................................


THE WILMINGTON NC CLIMATE NORMALS FOR TODAY
                         NORMAL    RECORD    YEAR
 MAXIMUM TEMPERATURE (F)   89       101      1993
 MINIMUM TEMPERATURE (F)   73        62      1924
                                             1920


SUNRISE AND SUNSET
JULY 29 2015..........SUNRISE   620 AM EDT   SUNSET   816 PM EDT
JULY 30 2015..........SUNRISE   621 AM EDT   SUNSET   815 PM EDT


-  INDICATES NEGATIVE NUMBERS.
R  INDICATES RECORD WAS SET OR TIED.
MM INDICATES DATA IS MISSING.
T  INDICATES TRACE AMOUNT.




$$
