000
CDUS42 KILM 242042
CLIILM


CLIMATE REPORT
NATIONAL WEATHER SERVICE WILMINGTON NC
441 PM EDT MON APR 24 2017


...................................

...THE WILMINGTON NC CLIMATE SUMMARY FOR APRIL 24 2017...
VALID TODAY AS OF 0400 PM LOCAL TIME.

CLIMATE NORMAL PERIOD 1981 TO 2010
CLIMATE RECORD PERIOD 1871 TO 2017


WEATHER ITEM   OBSERVED TIME   RECORD YEAR NORMAL DEPARTURE LAST
                VALUE   (LST)  VALUE       VALUE  FROM      YEAR
                                                  NORMAL
..................................................................
TEMPERATURE (F)
 TODAY
  MAXIMUM         68    259 PM  93    1980  76     -8       76
                                      1925
  MINIMUM         61    112 AM  37    1982  54      7       53
  AVERAGE         65                        65      0       65

PRECIPITATION (IN)
  TODAY            2.16R         1.08 1977   0.10   2.06     0.00
  MONTH TO DATE    5.49                      2.26   3.23     1.89
  SINCE MAR 1      8.20                      6.47   1.73     4.72
  SINCE JAN 1     13.75                     13.85  -0.10    16.79

SNOWFALL (IN)
  TODAY            0.0          MM      MM   0.0    0.0      0.0
  MONTH TO DATE    0.0                       0.0    0.0      0.0
  SINCE MAR 1      1.1                       0.2    0.9      0.0
  SINCE JUL 1      1.1                       1.7   -0.6       T
  SNOW DEPTH       0

DEGREE DAYS
 HEATING
  TODAY            0                         3     -3        0
  MONTH TO DATE   44                       116    -72      124
  SINCE MAR 1    417                       439    -22      297
  SINCE JUL 1   1932                      2368   -436     1784

 COOLING
  TODAY            0                         3     -3        0
  MONTH TO DATE   81                        47     34       34
  SINCE MAR 1    105                        63     42      106
  SINCE JAN 1    111                        68     43      109
..................................................................


WIND (MPH)
  HIGHEST WIND SPEED    17   HIGHEST WIND DIRECTION     S (170)
  HIGHEST GUST SPEED    25   HIGHEST GUST DIRECTION     E (90)
  AVERAGE WIND SPEED     8.9


SKY COVER
  POSSIBLE SUNSHINE  MM
  AVERAGE SKY COVER 0.9


WEATHER CONDITIONS
 THE FOLLOWING WEATHER WAS RECORDED TODAY.
  HEAVY RAIN
  RAIN
  LIGHT RAIN
  FOG


RELATIVE HUMIDITY (PERCENT)
 HIGHEST   100           100 AM
 LOWEST     93           900 AM
 AVERAGE    97

..........................................................


THE WILMINGTON NC CLIMATE NORMALS FOR TOMORROW
                         NORMAL    RECORD    YEAR
 MAXIMUM TEMPERATURE (F)   76        91      1948
 MINIMUM TEMPERATURE (F)   54        39      1875


SUNRISE AND SUNSET
APRIL 24 2017.........SUNRISE   629 AM EDT   SUNSET   751 PM EDT
APRIL 25 2017.........SUNRISE   628 AM EDT   SUNSET   751 PM EDT


-  INDICATES NEGATIVE NUMBERS.
R  INDICATES RECORD WAS SET OR TIED.
MM INDICATES DATA IS MISSING.
T  INDICATES TRACE AMOUNT.




$$
