000
CDUS42 KILM 240944
CLIILM


CLIMATE REPORT
NATIONAL WEATHER SERVICE WILMINGTON NC
444 AM EST MON NOV 24 2014


...................................

...THE WILMINGTON NC CLIMATE SUMMARY FOR NOVEMBER 23 2014...

CLIMATE NORMAL PERIOD 1981 TO 2010
CLIMATE RECORD PERIOD 1871 TO 2014


WEATHER ITEM   OBSERVED TIME   RECORD YEAR NORMAL DEPARTURE LAST
                VALUE   (LST)  VALUE       VALUE  FROM      YEAR
                                                  NORMAL
..................................................................
TEMPERATURE (F)
 YESTERDAY
  MAXIMUM         68   1107 PM  81    1992  66      2       66
                                      1900
  MINIMUM         43   1219 AM  23    1981  43      0       53
  AVERAGE         56                        55      1       60

PRECIPITATION (IN)
  YESTERDAY        1.96R         1.90 1975   0.11   1.85     0.08
  MONTH TO DATE    3.04                      2.47   0.57     1.69
  SINCE SEP 1     10.63                     14.20  -3.57     4.94
  SINCE JAN 1     53.14                     53.17  -0.03    47.43

SNOWFALL (IN)
  YESTERDAY       MM             T    1935   0.0   MM        0.0
  MONTH TO DATE    0.0                       0.0    0.0       T
  SINCE SEP 1      0.0                       0.0    0.0       T
  SINCE JUL 1      0.0                       0.0    0.0       T
  SNOW DEPTH       0

DEGREE DAYS
 HEATING
  YESTERDAY        9                        11     -2        5
  MONTH TO DATE  308                       189    119      187
  SINCE SEP 1    367                       286     81      259
  SINCE JUL 1    367                       286     81      259

 COOLING
  YESTERDAY        0                         1     -1        0
  MONTH TO DATE    5                        23    -18       23
  SINCE SEP 1    428                       414     14      402
  SINCE JAN 1   2185                      2037    148     1892
..................................................................


WIND (MPH)
  HIGHEST WIND SPEED    22   HIGHEST WIND DIRECTION    SE (150)
  HIGHEST GUST SPEED    36   HIGHEST GUST DIRECTION    SE (150)
  AVERAGE WIND SPEED     9.0


SKY COVER
  POSSIBLE SUNSHINE  MM
  AVERAGE SKY COVER 0.7


WEATHER CONDITIONS
 THE FOLLOWING WEATHER WAS RECORDED YESTERDAY.
  THUNDERSTORM
  HEAVY RAIN
  RAIN
  LIGHT RAIN
  FOG


RELATIVE HUMIDITY (PERCENT)
 HIGHEST   100           100 AM
 LOWEST     86           300 AM
 AVERAGE    93

..........................................................


THE WILMINGTON NC CLIMATE NORMALS FOR TODAY
                         NORMAL    RECORD    YEAR
 MAXIMUM TEMPERATURE (F)   66        79      1986
                                             1900
 MINIMUM TEMPERATURE (F)   43        23      1970
                                             1880


SUNRISE AND SUNSET
NOVEMBER 24 2014......SUNRISE   653 AM EST   SUNSET   503 PM EST
NOVEMBER 25 2014......SUNRISE   654 AM EST   SUNSET   503 PM EST


-  INDICATES NEGATIVE NUMBERS.
R  INDICATES RECORD WAS SET OR TIED.
MM INDICATES DATA IS MISSING.
T  INDICATES TRACE AMOUNT.




$$
