000
CDUS42 KILM 200843
CLIILM


CLIMATE REPORT
NATIONAL WEATHER SERVICE WILMINGTON NC
442 AM EDT SUN AUG 20 2017


...................................

...THE WILMINGTON NC CLIMATE SUMMARY FOR AUGUST 19 2017...

CLIMATE NORMAL PERIOD 1981 TO 2010
CLIMATE RECORD PERIOD 1871 TO 2017


WEATHER ITEM   OBSERVED TIME   RECORD YEAR NORMAL DEPARTURE LAST
                VALUE   (LST)  VALUE       VALUE  FROM      YEAR
                                                  NORMAL
..................................................................
TEMPERATURE (F)
 YESTERDAY
  MAXIMUM         92   1200 PM  97    1876  88      4       91
  MINIMUM         75    419 PM  63    1976  71      4       73
                                      1958
                                      1948
  AVERAGE         84                        80      4       82

PRECIPITATION (IN)
  YESTERDAY        0.31          4.81 1981   0.22   0.09     1.35
  MONTH TO DATE    7.44                      4.55   2.89     6.19
  SINCE JUN 1     24.14                     17.21   6.93    17.53
  SINCE JAN 1     44.64                     36.11   8.53    40.22

DEGREE DAYS
 HEATING
  YESTERDAY        0                         0      0        0
  MONTH TO DATE    0                         0      0        0
  SINCE JUN 1      2                         2      0        0
  SINCE JUL 1      0                         0      0        0

 COOLING
  YESTERDAY       19                        15      4       17
  MONTH TO DATE  285                       291     -6      347
  SINCE JUN 1   1210                      1177     33     1352
  SINCE JAN 1   1647                      1458    189     1687
..................................................................


WIND (MPH)
  HIGHEST WIND SPEED    16   HIGHEST WIND DIRECTION     W (280)
  HIGHEST GUST SPEED    20   HIGHEST GUST DIRECTION    NW (310)
  AVERAGE WIND SPEED     5.8


SKY COVER
  POSSIBLE SUNSHINE  MM
  AVERAGE SKY COVER 0.3


WEATHER CONDITIONS
 THE FOLLOWING WEATHER WAS RECORDED YESTERDAY.
  THUNDERSTORM
  HEAVY RAIN
  RAIN
  LIGHT RAIN
  FOG
  HAZE


RELATIVE HUMIDITY (PERCENT)
 HIGHEST   100           800 PM
 LOWEST     64          1200 PM
 AVERAGE    82

..........................................................


THE WILMINGTON NC CLIMATE NORMALS FOR TODAY
                         NORMAL    RECORD    YEAR
 MAXIMUM TEMPERATURE (F)   88        98      1983
 MINIMUM TEMPERATURE (F)   71        61      1998
                                             1886


SUNRISE AND SUNSET
AUGUST 20 2017........SUNRISE   637 AM EDT   SUNSET   753 PM EDT
AUGUST 21 2017........SUNRISE   637 AM EDT   SUNSET   751 PM EDT


-  INDICATES NEGATIVE NUMBERS.
R  INDICATES RECORD WAS SET OR TIED.
MM INDICATES DATA IS MISSING.
T  INDICATES TRACE AMOUNT.




$$
