656
CDUS42 KILM 212158
CLIILM


CLIMATE REPORT
NATIONAL WEATHER SERVICE WILMINGTON NC
457 PM EST WED FEB 21 2018


...................................

...THE WILMINGTON NORTH CAROLINA CLIMATE SUMMARY FOR FEBRUARY 21 2018...
VALID TODAY AS OF 0400 PM LOCAL TIME.

CLIMATE NORMAL PERIOD 1981 TO 2010
CLIMATE RECORD PERIOD 1871 TO 2018


WEATHER ITEM   OBSERVED TIME   RECORD YEAR NORMAL DEPARTURE LAST
                VALUE   (LST)  VALUE       VALUE  FROM      YEAR
                                                  NORMAL
..................................................................
TEMPERATURE (F)
 TODAY
  MAXIMUM         80R   209 PM  78    2014  61     19       66
  MINIMUM         55    618 AM  12    1896  39     16       43
  AVERAGE         68                        50     18       55

PRECIPITATION (IN)
  TODAY            0.00          3.23 1888   0.13  -0.13     0.00
  MONTH TO DATE    1.70                      2.69  -0.99     1.32
  SINCE DEC 1     12.38                     10.07   2.31    10.90
  SINCE JAN 1      8.52                      6.45   2.07     5.54

SNOWFALL (IN)
  TODAY            0.0           3.5  1936   0.0    0.0      0.0
  MONTH TO DATE    0.0                       0.2   -0.2      0.0
  SINCE DEC 1      3.8                       1.4    2.4       T
  SINCE JUL 1      3.8                       1.4    2.4       T
  SNOW DEPTH       0

DEGREE DAYS
 HEATING
  TODAY            0                        15    -15       10
  MONTH TO DATE  212                       352   -140      232
  SINCE DEC 1   1436                      1458    -22     1119
  SINCE JUL 1   1774                      1827    -53     1478

 COOLING
  TODAY            3                         0      3        0
  MONTH TO DATE   22                         0     22        5
  SINCE DEC 1     23                         7     16        8
  SINCE JAN 1     23                         2     21        5
..................................................................


WIND (MPH)
  RESULTANT WIND SPEED   5   RESULTANT WIND DIRECTION   S (190)
  HIGHEST WIND SPEED    17   HIGHEST WIND DIRECTION     S (200)
  HIGHEST GUST SPEED    20   HIGHEST GUST DIRECTION     S (180)
  AVERAGE WIND SPEED     5.2


SKY COVER
  POSSIBLE SUNSHINE  MM
  AVERAGE SKY COVER 0.7


WEATHER CONDITIONS
 THE FOLLOWING WEATHER WAS RECORDED TODAY.
  FOG
  FOG W/VISIBILITY <= 1/4 MILE


RELATIVE HUMIDITY (PERCENT)
 HIGHEST   100          1200 AM
 LOWEST     58           100 PM
 AVERAGE    79

..........................................................


THE WILMINGTON NORTH CAROLINA CLIMATE NORMALS FOR TOMORROW
                         NORMAL    RECORD    YEAR
 MAXIMUM TEMPERATURE (F)   61        78      2003
 MINIMUM TEMPERATURE (F)   39        21      1896


SUNRISE AND SUNSET
FEBRUARY 21 2018......SUNRISE   650 AM EST   SUNSET   601 PM EST
FEBRUARY 22 2018......SUNRISE   649 AM EST   SUNSET   602 PM EST


-  INDICATES NEGATIVE NUMBERS.
R  INDICATES RECORD WAS SET OR TIED.
MM INDICATES DATA IS MISSING.
T  INDICATES TRACE AMOUNT.




$$
