000
CDUS42 KILM 302045
CLIILM


CLIMATE REPORT
NATIONAL WEATHER SERVICE WILMINGTON NC
445 PM EDT TUE AUG 30 2016


...................................

...THE WILMINGTON NC CLIMATE SUMMARY FOR AUGUST 30 2016...
VALID TODAY AS OF 0400 PM LOCAL TIME.

CLIMATE NORMAL PERIOD 1981 TO 2010
CLIMATE RECORD PERIOD 1871 TO 2016


WEATHER ITEM   OBSERVED TIME   RECORD YEAR NORMAL DEPARTURE LAST
                VALUE   (LST)  VALUE       VALUE  FROM      YEAR
                                                  NORMAL
..................................................................
TEMPERATURE (F)
 TODAY
  MAXIMUM         89    259 PM  98    1932  87      2       85
  MINIMUM         72    658 AM  55    1982  70      2       69
  AVERAGE         81                        78      3       77

PRECIPITATION (IN)
  TODAY            0.00          4.27 1999   0.24  -0.24     0.07
  MONTH TO DATE    7.62                      7.16   0.46     7.60
  SINCE JUN 1     18.96                     19.82  -0.86    18.02
  SINCE JAN 1     41.65                     38.72   2.93    38.59

DEGREE DAYS
 HEATING
  TODAY            0                         0      0        0
  MONTH TO DATE    0                         0      0        0
  SINCE JUN 1      0                         2     -2        0
  SINCE JUL 1      0                         0      0        0

 COOLING
  TODAY           16                        13      3       12
  MONTH TO DATE  518                       443     75      435
  SINCE JUN 1   1523                      1329    194     1480
  SINCE JAN 1   1858                      1610    248     1773
..................................................................


WIND (MPH)
  HIGHEST WIND SPEED    12   HIGHEST WIND DIRECTION     N (20)
  HIGHEST GUST SPEED    16   HIGHEST GUST DIRECTION     N (10)
  AVERAGE WIND SPEED     5.6


SKY COVER
  POSSIBLE SUNSHINE  MM
  AVERAGE SKY COVER 0.3


WEATHER CONDITIONS
 THE FOLLOWING WEATHER WAS RECORDED TODAY.
  NO SIGNIFICANT WEATHER WAS OBSERVED.


RELATIVE HUMIDITY (PERCENT)
 HIGHEST    93          1200 AM
 LOWEST     59           300 PM
 AVERAGE    76

..........................................................


THE WILMINGTON NC CLIMATE NORMALS FOR TOMORROW
                         NORMAL    RECORD    YEAR
 MAXIMUM TEMPERATURE (F)   87        96      1970
 MINIMUM TEMPERATURE (F)   70        56      1887


SUNRISE AND SUNSET
AUGUST 30 2016........SUNRISE   644 AM EDT   SUNSET   740 PM EDT
AUGUST 31 2016........SUNRISE   645 AM EDT   SUNSET   738 PM EDT


-  INDICATES NEGATIVE NUMBERS.
R  INDICATES RECORD WAS SET OR TIED.
MM INDICATES DATA IS MISSING.
T  INDICATES TRACE AMOUNT.




$$
