000
CDUS42 KILM 160851
CLIILM


CLIMATE REPORT
NATIONAL WEATHER SERVICE WILMINGTON NC
450 AM EDT TUE SEP 16 2014


...................................

...THE WILMINGTON NC CLIMATE SUMMARY FOR SEPTEMBER 15 2014...

CLIMATE NORMAL PERIOD 1981 TO 2010
CLIMATE RECORD PERIOD 1871 TO 2014


WEATHER ITEM   OBSERVED TIME   RECORD YEAR NORMAL DEPARTURE LAST
                VALUE   (LST)  VALUE       VALUE  FROM      YEAR
                                                  NORMAL
..................................................................
TEMPERATURE (F)
 YESTERDAY
  MAXIMUM         78    248 PM  95    1956  84     -6       82
                                      1927
  MINIMUM         68    641 AM  51    1880  66      2       64
  AVERAGE         73                        75     -2       73

PRECIPITATION (IN)
  YESTERDAY        0.00         13.38 1999   0.27  -0.27     0.00
  MONTH TO DATE    5.07                      4.09   0.98     0.11
  SINCE SEP 1      5.07                      4.09   0.98     0.11
  SINCE JAN 1     47.58                     43.06   4.52    42.60

DEGREE DAYS
 HEATING
  YESTERDAY        0                         0      0        0
  MONTH TO DATE    0                         0      0        0
  SINCE SEP 1      0                         0      0        0
  SINCE JUL 1      0                         0      0        0

 COOLING
  YESTERDAY        8                        10     -2        8
  MONTH TO DATE  207                       176     31      204
  SINCE SEP 1    207                       176     31      204
  SINCE JAN 1   1964                      1799    165     1694
..................................................................


WIND (MPH)
  HIGHEST WIND SPEED    12   HIGHEST WIND DIRECTION    NE (30)
  HIGHEST GUST SPEED    13   HIGHEST GUST DIRECTION    NE (40)
  AVERAGE WIND SPEED     4.9


SKY COVER
  POSSIBLE SUNSHINE  MM
  AVERAGE SKY COVER 0.9


WEATHER CONDITIONS
 THE FOLLOWING WEATHER WAS RECORDED YESTERDAY.
  NO SIGNIFICANT WEATHER WAS OBSERVED.


RELATIVE HUMIDITY (PERCENT)
 HIGHEST    93          1100 PM
 LOWEST     64           200 PM
 AVERAGE    79

..........................................................


THE WILMINGTON NC CLIMATE NORMALS FOR TODAY
                         NORMAL    RECORD    YEAR
 MAXIMUM TEMPERATURE (F)   84        95      1956
 MINIMUM TEMPERATURE (F)   66        55      1902


SUNRISE AND SUNSET
SEPTEMBER 16 2014.....SUNRISE   655 AM EDT   SUNSET   717 PM EDT
SEPTEMBER 17 2014.....SUNRISE   656 AM EDT   SUNSET   715 PM EDT


-  INDICATES NEGATIVE NUMBERS.
R  INDICATES RECORD WAS SET OR TIED.
MM INDICATES DATA IS MISSING.
T  INDICATES TRACE AMOUNT.




$$
