000
CDUS42 KILM 262142
CLIILM


CLIMATE REPORT
NATIONAL WEATHER SERVICE WILMINGTON NC
441 PM EST SUN FEB 26 2017


...................................

...THE WILMINGTON NC CLIMATE SUMMARY FOR FEBRUARY 26 2017...
VALID TODAY AS OF 0400 PM LOCAL TIME.

CLIMATE NORMAL PERIOD 1981 TO 2010
CLIMATE RECORD PERIOD 1871 TO 2017


WEATHER ITEM   OBSERVED TIME   RECORD YEAR NORMAL DEPARTURE LAST
                VALUE   (LST)  VALUE       VALUE  FROM      YEAR
                                                  NORMAL
..................................................................
TEMPERATURE (F)
 TODAY
  MAXIMUM         62   1200 AM  83    1977  62      0       55
  MINIMUM         41    704 AM  19    1967  40      1       35
  AVERAGE         52                        51      1       45

PRECIPITATION (IN)
  TODAY            0.00          1.64 2013   0.13  -0.13     0.00
  MONTH TO DATE    1.32                      3.36  -2.04     7.62
  SINCE DEC 1     10.90                     10.74   0.16    17.57
  SINCE JAN 1      5.54                      7.12  -1.58    12.07

SNOWFALL (IN)
  TODAY            0.0           0.2  1970   0.0    0.0      0.0
  MONTH TO DATE    0.0                       0.3   -0.3       T
  SINCE DEC 1      T                         1.5   -1.5       T
  SINCE JUL 1      T                         1.5   -1.5       T
  SNOW DEPTH       0

DEGREE DAYS
 HEATING
  TODAY           13                        14     -1       20
  MONTH TO DATE  253                       426   -173      417
  SINCE DEC 1   1140                      1532   -392     1220
  SINCE JUL 1   1499                      1901   -402     1450

 COOLING
  TODAY            0                         0      0        0
  MONTH TO DATE    5                         0      5        3
  SINCE DEC 1      8                         7      1       79
  SINCE JAN 1      5                         2      3        3
..................................................................


WIND (MPH)
  HIGHEST WIND SPEED    16   HIGHEST WIND DIRECTION    NW (330)
  HIGHEST GUST SPEED    21   HIGHEST GUST DIRECTION    NW (320)
  AVERAGE WIND SPEED    10.0


SKY COVER
  POSSIBLE SUNSHINE  MM
  AVERAGE SKY COVER 0.0


WEATHER CONDITIONS
 THE FOLLOWING WEATHER WAS RECORDED TODAY.
  NO SIGNIFICANT WEATHER WAS OBSERVED.


RELATIVE HUMIDITY (PERCENT)
 HIGHEST    46           700 AM
 LOWEST     20           200 PM
 AVERAGE    33

..........................................................


THE WILMINGTON NC CLIMATE NORMALS FOR TOMORROW
                         NORMAL    RECORD    YEAR
 MAXIMUM TEMPERATURE (F)   62        82      1962
 MINIMUM TEMPERATURE (F)   40        17      1963


SUNRISE AND SUNSET
FEBRUARY 26 2017......SUNRISE   644 AM EST   SUNSET   606 PM EST
FEBRUARY 27 2017......SUNRISE   643 AM EST   SUNSET   606 PM EST


-  INDICATES NEGATIVE NUMBERS.
R  INDICATES RECORD WAS SET OR TIED.
MM INDICATES DATA IS MISSING.
T  INDICATES TRACE AMOUNT.




$$
