000
CDUS43 KILX 020642
CLIILX


CLIMATE REPORT
NATIONAL WEATHER SERVICE LINCOLN IL
141 AM CDT MON MAY 2 2016


...................................

...THE LINCOLN IL CLIMATE SUMMARY FOR MAY 1 2016...

CLIMATE NORMAL PERIOD 1981 TO 2010
CLIMATE RECORD PERIOD 1905 TO 2016


WEATHER ITEM   OBSERVED TIME   RECORD YEAR NORMAL DEPARTURE LAST
                VALUE   (LST)  VALUE       VALUE  FROM      YEAR
                                                  NORMAL
..................................................................
TEMPERATURE (F)
 YESTERDAY
  MAXIMUM         60        MM  90    1952  70    -10       70
  MINIMUM         50        MM  27    1918  47      3       32
  AVERAGE         55                        58     -3       51

PRECIPITATION (IN)
  YESTERDAY        0.10          2.62 1970   0.13  -0.03     0.00
  MONTH TO DATE    0.10                      0.13  -0.03     0.00
  SINCE MAR 1      6.56                      6.34   0.22     3.79
  SINCE JAN 1      8.80                     10.09  -1.29     6.55

SNOWFALL (IN)
  YESTERDAY        0.0           T    1940   0.0    0.0      0.0
  MONTH TO DATE    0.0                       0.0    0.0      0.0
  SINCE MAR 1      T                         2.0   -2.0      3.7
  SINCE JUL 1     12.3                      20.5   -8.2     21.9
  SNOW DEPTH       0

DEGREE DAYS
 HEATING
  YESTERDAY       10                         8      2       14
  MONTH TO DATE   10                         8      2       14
  SINCE MAR 1    933                      1140   -207     1166
  SINCE JUL 1   4728                      5563   -835     6103

 COOLING
  YESTERDAY        0                         1     -1        0
  MONTH TO DATE    0                         1     -1        0
  SINCE MAR 1      8                        16     -8        1
  SINCE JAN 1      8                        16     -8        1
..................................................................


WIND (MPH)
  HIGHEST WIND SPEED    MM   HIGHEST WIND DIRECTION    MM
  HIGHEST GUST SPEED    MM   HIGHEST GUST DIRECTION    MM
  AVERAGE WIND SPEED    MM


SKY COVER
  POSSIBLE SUNSHINE  MM


WEATHER CONDITIONS
 THE FOLLOWING WEATHER WAS RECORDED YESTERDAY.
  LIGHT RAIN
  FOG
  FOG W/VISIBILITY <= 1/4 MILE


..........................................................


THE LINCOLN IL CLIMATE NORMALS FOR TODAY
                         NORMAL    RECORD    YEAR
 MAXIMUM TEMPERATURE (F)   70        90      1959
 MINIMUM TEMPERATURE (F)   47        28      1966


SUNRISE AND SUNSET
MAY  2 2016...........SUNRISE   555 AM CDT   SUNSET   754 PM CDT
MAY  3 2016...........SUNRISE   554 AM CDT   SUNSET   755 PM CDT


-  INDICATES NEGATIVE NUMBERS.
R  INDICATES RECORD WAS SET OR TIED.
MM INDICATES DATA IS MISSING.
T  INDICATES TRACE AMOUNT.




$$
