000
CDUS43 KILX 282149
CLIILX


CLIMATE REPORT
NATIONAL WEATHER SERVICE LINCOLN IL
448 PM CDT FRI APR 28 2017


...................................

...THE LINCOLN IL CLIMATE SUMMARY FOR APRIL 28 2017...
VALID TODAY AS OF 0400 PM LOCAL TIME.

CLIMATE NORMAL PERIOD 1981 TO 2010
CLIMATE RECORD PERIOD 1905 TO 2017


WEATHER ITEM   OBSERVED TIME   RECORD YEAR NORMAL DEPARTURE LAST
                VALUE   (LST)  VALUE       VALUE  FROM      YEAR
                                                  NORMAL
..................................................................
TEMPERATURE (F)
 TODAY
  MAXIMUM         58        MM  87    1986  69    -11       68
  MINIMUM         47        MM  23    1928  46      1       50
  AVERAGE         53                        57     -4       59

PRECIPITATION (IN)
  TODAY            0.03          1.12 1999   0.13  -0.10     0.23
  MONTH TO DATE    3.64                      3.34   0.30     1.95
  SINCE MAR 1      7.63                      5.94   1.69     5.82
  SINCE JAN 1     10.28                      9.69   0.59     8.06

SNOWFALL (IN)
  TODAY            0.0           T    2008   0.0    0.0      0.0
                                      1909
  MONTH TO DATE    0.0                       0.3   -0.3       T
  SINCE MAR 1      3.7                       2.0    1.7       T
  SINCE JUL 1     10.9                      20.5   -9.6     12.3
  SNOW DEPTH       0

DEGREE DAYS
 HEATING
  TODAY           12                         9      3        6
  MONTH TO DATE  233                       375   -142      352
  SINCE MAR 1    930                      1116   -186      903
  SINCE JUL 1   4538                      5539  -1001     4698

 COOLING
  TODAY            0                         1     -1        0
  MONTH TO DATE   14                        11      3        8
  SINCE MAR 1     14                        13      1        8
  SINCE JAN 1     14                        13      1        8
..................................................................







THE LINCOLN IL CLIMATE NORMALS FOR TOMORROW
                         NORMAL    RECORD    YEAR
 MAXIMUM TEMPERATURE (F)   69        89      1952
 MINIMUM TEMPERATURE (F)   46        26      1990


SUNRISE AND SUNSET
APRIL 28 2017.........SUNRISE   601 AM CDT   SUNSET   750 PM CDT
APRIL 29 2017.........SUNRISE   559 AM CDT   SUNSET   751 PM CDT


-  INDICATES NEGATIVE NUMBERS.
R  INDICATES RECORD WAS SET OR TIED.
MM INDICATES DATA IS MISSING.
T  INDICATES TRACE AMOUNT.




$$
