000
CDUS43 KILX 240700
CLIILX


CLIMATE REPORT
NATIONAL WEATHER SERVICE LINCOLN IL
157 AM CDT FRI MAR 24 2017


...................................

...THE LINCOLN IL CLIMATE SUMMARY FOR MARCH 23 2017...

CLIMATE NORMAL PERIOD 1981 TO 2010
CLIMATE RECORD PERIOD 1905 TO 2017


WEATHER ITEM   OBSERVED TIME   RECORD YEAR NORMAL DEPARTURE LAST
                VALUE   (LST)  VALUE       VALUE  FROM      YEAR
                                                  NORMAL
..................................................................
TEMPERATURE (F)
 YESTERDAY
  MAXIMUM         47        MM  84    1939  54     -7       66
  MINIMUM         33        MM  12    1940  33      0       53
  AVERAGE         40                        44     -4       60

PRECIPITATION (IN)
  YESTERDAY        0.04          0.92 1913   0.09  -0.05     0.00
  MONTH TO DATE    1.20                      1.88  -0.68     1.38
  SINCE MAR 1      1.20                      1.88  -0.68     1.38
  SINCE JAN 1      3.85                      5.63  -1.78     3.62

SNOWFALL (IN)
  YESTERDAY        0.0           1.8  1965   0.1   -0.1      0.0
  MONTH TO DATE    3.7                       1.5    2.2       T
  SINCE MAR 1      3.7                       1.5    2.2       T
  SINCE JUL 1     10.9                      20.0   -9.1     12.3
  SNOW DEPTH       0

DEGREE DAYS
 HEATING
  YESTERDAY       25                        21      4        5
  MONTH TO DATE  580                       583     -3      412
  SINCE MAR 1    580                       583     -3      412
  SINCE JUL 1   4188                      5006   -818     4207

 COOLING
  YESTERDAY        0                         0      0        0
  MONTH TO DATE    0                         0      0        0
  SINCE MAR 1      0                         0      0        0
  SINCE JAN 1      0                         0      0        0
..................................................................


WIND (MPH)
  HIGHEST WIND SPEED    MM   HIGHEST WIND DIRECTION    MM
  HIGHEST GUST SPEED    MM   HIGHEST GUST DIRECTION    MM
  AVERAGE WIND SPEED    MM


SKY COVER
  POSSIBLE SUNSHINE  MM


WEATHER CONDITIONS
 THE FOLLOWING WEATHER WAS RECORDED YESTERDAY.
  LIGHT RAIN


..........................................................


THE LINCOLN IL CLIMATE NORMALS FOR TODAY
                         NORMAL    RECORD    YEAR
 MAXIMUM TEMPERATURE (F)   55        85      1929
 MINIMUM TEMPERATURE (F)   34         7      1974


SUNRISE AND SUNSET
MARCH 24 2017.........SUNRISE   654 AM CDT   SUNSET   714 PM CDT
MARCH 25 2017.........SUNRISE   652 AM CDT   SUNSET   715 PM CDT


-  INDICATES NEGATIVE NUMBERS.
R  INDICATES RECORD WAS SET OR TIED.
MM INDICATES DATA IS MISSING.
T  INDICATES TRACE AMOUNT.




$$
