000
CDUS43 KILX 192247
CLIILX


CLIMATE REPORT
NATIONAL WEATHER SERVICE LINCOLN IL
436 PM CST SUN NOV 19 2017


...................................

...THE LINCOLN IL CLIMATE SUMMARY FOR NOVEMBER 19 2017...
VALID TODAY AS OF 0400 PM LOCAL TIME.

CLIMATE NORMAL PERIOD 1981 TO 2010
CLIMATE RECORD PERIOD 1905 TO 2017


WEATHER ITEM   OBSERVED TIME   RECORD YEAR NORMAL DEPARTURE LAST
                VALUE   (LST)  VALUE       VALUE  FROM      YEAR
                                                  NORMAL
..................................................................
TEMPERATURE (F)
 TODAY
  MAXIMUM         36        MM  78    1930  49    -13       41
  MINIMUM         25        MM  10    1914  32     -7       27
  AVERAGE         31                        41    -10       34

PRECIPITATION (IN)
  TODAY            0.00          1.02 1921   0.12  -0.12     0.00
  MONTH TO DATE    2.37                      2.02   0.35     0.97
  SINCE SEP 1      7.76                      8.31  -0.55     7.04
  SINCE JAN 1     32.88                     35.73  -2.85    36.48

SNOWFALL (IN)
  TODAY            0.0           4.0  1961   0.0    0.0      0.0
  MONTH TO DATE    T                         0.2   -0.2      0.0
  SINCE SEP 1      T                         0.2   -0.2      0.0
  SINCE JUL 1      T                         0.2   -0.2      0.0
  SNOW DEPTH       0

DEGREE DAYS
 HEATING
  TODAY           34                        24     10       31
  MONTH TO DATE  454                       385     69      267
  SINCE SEP 1    792                       832    -40      488
  SINCE JUL 1    798                       841    -43      497

 COOLING
  TODAY            0                         0      0        0
  MONTH TO DATE    0                         0      0        7
  SINCE SEP 1    185                       128     57      250
  SINCE JAN 1    984                      1017    -33     1241
..................................................................







THE LINCOLN IL CLIMATE NORMALS FOR TOMORROW
                         NORMAL    RECORD    YEAR
 MAXIMUM TEMPERATURE (F)   49        73      1913
 MINIMUM TEMPERATURE (F)   31         2      1914


SUNRISE AND SUNSET
NOVEMBER 19 2017......SUNRISE   648 AM CST   SUNSET   438 PM CST
NOVEMBER 20 2017......SUNRISE   649 AM CST   SUNSET   437 PM CST


-  INDICATES NEGATIVE NUMBERS.
R  INDICATES RECORD WAS SET OR TIED.
MM INDICATES DATA IS MISSING.
T  INDICATES TRACE AMOUNT.




$$
