000
CDUS43 KILX 010640
CLIILX


CLIMATE REPORT
NATIONAL WEATHER SERVICE LINCOLN IL
1240 AM CST SUN FEB 1 2015


...................................

...THE LINCOLN IL CLIMATE SUMMARY FOR JANUARY 31 2015...

CLIMATE NORMAL PERIOD 1981 TO 2010
CLIMATE RECORD PERIOD 1905 TO 2015


WEATHER ITEM   OBSERVED TIME   RECORD YEAR NORMAL DEPARTURE LAST
                VALUE   (LST)  VALUE       VALUE  FROM      YEAR
                                                  NORMAL
..................................................................
TEMPERATURE (F)
 YESTERDAY
  MAXIMUM         39        MM  63    2012  35      4       24
  MINIMUM         21        MM -14    2004  19      2       19
  AVERAGE         30                        27      3       22

PRECIPITATION (IN)
  YESTERDAY        0.17          1.16 2002   0.05   0.12     0.13
  MONTH TO DATE    1.39                      1.93  -0.54     1.83
  SINCE DEC 1      2.84                      4.57  -1.73     3.34
  SINCE JAN 1      1.39                      1.93  -0.54     1.83

SNOWFALL (IN)
  YESTERDAY        T             8.5  1914   0.2   -0.2      1.7
  MONTH TO DATE    4.6                       5.9   -1.3     18.0
  SINCE DEC 1      5.0                      12.1   -7.1     24.4
  SINCE JUL 1      6.0                      12.7   -6.7     24.9
  SNOW DEPTH       0

DEGREE DAYS
 HEATING
  YESTERDAY       35                        38     -3       43
  MONTH TO DATE 1240                      1207     33     1425
  SINCE DEC 1   2246                      2311    -65     2634
  SINCE JUL 1   3644                      3454    190     3912

 COOLING
  YESTERDAY        0                         0      0        0
  MONTH TO DATE    0                         0      0        0
  SINCE DEC 1      0                         0      0        0
  SINCE JAN 1      0                         0      0        0
..................................................................


WIND (MPH)
  HIGHEST WIND SPEED    MM   HIGHEST WIND DIRECTION    MM
  HIGHEST GUST SPEED    MM   HIGHEST GUST DIRECTION    MM
  AVERAGE WIND SPEED    MM


SKY COVER
  POSSIBLE SUNSHINE  MM


WEATHER CONDITIONS
 THE FOLLOWING WEATHER WAS RECORDED YESTERDAY.
  LIGHT RAIN
  LIGHT SNOW
  FOG


..........................................................


THE LINCOLN IL CLIMATE NORMALS FOR TODAY
                         NORMAL    RECORD    YEAR
 MAXIMUM TEMPERATURE (F)   35        69      1989
 MINIMUM TEMPERATURE (F)   19       -12      1996


SUNRISE AND SUNSET
FEBRUARY  1 2015......SUNRISE   706 AM CST   SUNSET   516 PM CST
FEBRUARY  2 2015......SUNRISE   705 AM CST   SUNSET   517 PM CST


-  INDICATES NEGATIVE NUMBERS.
R  INDICATES RECORD WAS SET OR TIED.
MM INDICATES DATA IS MISSING.
T  INDICATES TRACE AMOUNT.




$$
