000
CDUS43 KIND 270534
CLIIND


CLIMATE REPORT
NATIONAL WEATHER SERVICE INDIANAPOLIS IN
1233 AM EST THU NOV 27 2014


...................................

...THE INDIANAPOLIS IN CLIMATE SUMMARY FOR NOVEMBER 26 2014...

CLIMATE NORMAL PERIOD 1981 TO 2010
CLIMATE RECORD PERIOD 1871 TO 2014


WEATHER ITEM   OBSERVED TIME   RECORD YEAR NORMAL DEPARTURE LAST
                VALUE   (LST)  VALUE       VALUE  FROM      YEAR
                                                  NORMAL
..................................................................
TEMPERATURE (F)
 YESTERDAY
  MAXIMUM         34    353 PM  70    1984  47    -13       36
  MINIMUM         26    830 AM   3    1898  31     -5       29
  AVERAGE         30                        39     -9       33

PRECIPITATION (IN)
  YESTERDAY        0.00          1.16 1940   0.12  -0.12      T
  MONTH TO DATE    2.78                      3.22  -0.44     3.23
  SINCE SEP 1      8.48                      9.46  -0.98    11.55
  SINCE JAN 1     39.00                     38.79   0.21    41.48

SNOWFALL (IN)
  YESTERDAY        0.0           2.9  1975   0.0    0.0       T
  MONTH TO DATE    2.5                       0.5    2.0      0.1
  SINCE SEP 1      2.6                       0.9    1.7      0.1
  SINCE JUL 1      2.6                       0.9    1.7      0.1
  SNOW DEPTH       0

DEGREE DAYS
 HEATING
  YESTERDAY       35                        26      9       32
  MONTH TO DATE  756                       531    225      621
  SINCE SEP 1   1164                       928    236      993
  SINCE JUL 1   1170                       932    238     1001

 COOLING
  YESTERDAY        0                         0      0        0
  MONTH TO DATE    0                         0      0        0
  SINCE SEP 1    103                       144    -41      201
  SINCE JAN 1    900                      1065   -165     1160
..................................................................


WIND (MPH)
  HIGHEST WIND SPEED    12   HIGHEST WIND DIRECTION     N (20)
  HIGHEST GUST SPEED    14   HIGHEST GUST DIRECTION    NE (30)
  AVERAGE WIND SPEED     6.0


SKY COVER
  AVERAGE SKY COVER 0.9


WEATHER CONDITIONS
 THE FOLLOWING WEATHER WAS RECORDED YESTERDAY.
  HAZE


RELATIVE HUMIDITY (PERCENT)
 HIGHEST    81          1200 AM
 LOWEST     61           300 PM
 AVERAGE    71

..........................................................


THE INDIANAPOLIS IN CLIMATE NORMALS FOR TODAY
                         NORMAL    RECORD    YEAR
 MAXIMUM TEMPERATURE (F)   46        70      1990
 MINIMUM TEMPERATURE (F)   31         1      1930


SUNRISE AND SUNSET
NOVEMBER 27 2014......SUNRISE   743 AM EST   SUNSET   522 PM EST
NOVEMBER 28 2014......SUNRISE   744 AM EST   SUNSET   522 PM EST


-  INDICATES NEGATIVE NUMBERS.
R  INDICATES RECORD WAS SET OR TIED.
MM INDICATES DATA IS MISSING.
T  INDICATES TRACE AMOUNT.




$$
