000
CDUS43 KIND 230534
CLIIND


CLIMATE REPORT
NATIONAL WEATHER SERVICE INDIANAPOLIS IN
1231 AM EST TUE JAN 23 2018


...................................

...THE INDIANAPOLIS IN CLIMATE SUMMARY FOR JANUARY 22 2018...

CLIMATE NORMAL PERIOD 1981 TO 2010
CLIMATE RECORD PERIOD 1871 TO 2018


WEATHER ITEM   OBSERVED TIME   RECORD YEAR NORMAL DEPARTURE LAST
                VALUE   (LST)  VALUE       VALUE  FROM      YEAR
                                                  NORMAL
..................................................................
TEMPERATURE (F)
 YESTERDAY
  MAXIMUM         54    542 PM  64    1964  36     18       61
                                      1887
  MINIMUM         37   1131 PM -17    1936  20     17       47
  AVERAGE         46                        28     18       54

PRECIPITATION (IN)
  YESTERDAY        0.47          1.87 1999   0.07   0.40     0.00
  MONTH TO DATE    1.63                      1.94  -0.31     4.32
  SINCE DEC 1      2.75                      5.11  -2.36     5.84
  SINCE JAN 1      1.63                      1.94  -0.31     4.32

SNOWFALL (IN)
  YESTERDAY        T             6.8  1915   0.3   -0.3      0.0
  MONTH TO DATE    3.6                       6.0   -2.4      1.2
  SINCE DEC 1      7.5                      12.9   -5.4      6.1
  SINCE JUL 1      7.5                      14.0   -6.5      6.1
  SNOW DEPTH       0

DEGREE DAYS
 HEATING
  YESTERDAY       19                        37    -18       11
  MONTH TO DATE  965                       814    151      657
  SINCE DEC 1   2034                      1848    186     1724
  SINCE JUL 1   2938                      2890     48     2417

 COOLING
  YESTERDAY        0                         0      0        0
  MONTH TO DATE    0                         0      0        0
  SINCE DEC 1      0                         0      0        0
  SINCE JAN 1      0                         0      0        0
..................................................................


WIND (MPH)
  HIGHEST WIND SPEED    39   HIGHEST WIND DIRECTION    SW (240)
  HIGHEST GUST SPEED    48   HIGHEST GUST DIRECTION     W (250)
  AVERAGE WIND SPEED    14.8


SKY COVER
  AVERAGE SKY COVER 0.8


WEATHER CONDITIONS
 THE FOLLOWING WEATHER WAS RECORDED YESTERDAY.
  THUNDERSTORM
  HEAVY RAIN
  RAIN
  LIGHT RAIN
  HAIL
  FOG


RELATIVE HUMIDITY (PERCENT)
 HIGHEST   100          1200 AM
 LOWEST     80           800 AM
 AVERAGE    90

..........................................................


THE INDIANAPOLIS IN CLIMATE NORMALS FOR TODAY
                         NORMAL    RECORD    YEAR
 MAXIMUM TEMPERATURE (F)   36        67      1909
 MINIMUM TEMPERATURE (F)   20       -18      1936


SUNRISE AND SUNSET
JANUARY 23 2018.......SUNRISE   800 AM EST   SUNSET   554 PM EST
JANUARY 24 2018.......SUNRISE   759 AM EST   SUNSET   555 PM EST


-  INDICATES NEGATIVE NUMBERS.
R  INDICATES RECORD WAS SET OR TIED.
MM INDICATES DATA IS MISSING.
T  INDICATES TRACE AMOUNT.




$$
