195
CDUS43 KIND 310533
CLIIND


CLIMATE REPORT
NATIONAL WEATHER SERVICE INDIANAPOLIS IN
133 AM EDT TUE MAY 31 2016


...................................

...THE INDIANAPOLIS IN CLIMATE SUMMARY FOR MAY 30 2016...

CLIMATE NORMAL PERIOD 1981 TO 2010
CLIMATE RECORD PERIOD 1871 TO 2016


WEATHER ITEM   OBSERVED TIME   RECORD YEAR NORMAL DEPARTURE LAST
                VALUE   (LST)  VALUE       VALUE  FROM      YEAR
                                                  NORMAL
..................................................................
TEMPERATURE (F)
 YESTERDAY
  MAXIMUM         86    220 PM  94    1895  77      9       84
  MINIMUM         61    359 AM  37    1947  57      4       66
                                      1889
  AVERAGE         74                        67      7       75

PRECIPITATION (IN)
  YESTERDAY        0.00          3.80 2004   0.15  -0.15     1.28
  MONTH TO DATE    3.74                      4.89  -1.15     2.37
  SINCE MAR 1     13.80                     12.26   1.54     9.90
  SINCE JAN 1     17.51                     17.24   0.27    13.05

SNOWFALL (IN)
  YESTERDAY        0.0                       0.0    0.0      0.0
  MONTH TO DATE    T                         0.0    0.0      0.0
  SINCE MAR 1      1.2                       2.8   -1.6      5.9
  SINCE JUL 1     13.3                      25.9  -12.6     25.6
  SNOW DEPTH       0

DEGREE DAYS
 HEATING
  YESTERDAY        0                         2     -2        0
  MONTH TO DATE  159                       139     20       75
  SINCE MAR 1    991                      1218   -227     1178
  SINCE JUL 1   4444                      5361   -917     5904

 COOLING
  YESTERDAY        9                         4      5       10
  MONTH TO DATE   72                        65      7      142
  SINCE MAR 1     90                        80     10      148
  SINCE JAN 1     90                        80     10      148
..................................................................


WIND (MPH)
  HIGHEST WIND SPEED    12   HIGHEST WIND DIRECTION    SW (210)
  HIGHEST GUST SPEED    14   HIGHEST GUST DIRECTION     S (200)
  AVERAGE WIND SPEED     4.6


SKY COVER
  AVERAGE SKY COVER 0.7


WEATHER CONDITIONS
 THE FOLLOWING WEATHER WAS RECORDED YESTERDAY.
  NO SIGNIFICANT WEATHER WAS OBSERVED.


RELATIVE HUMIDITY (PERCENT)
 HIGHEST    90           400 AM
 LOWEST     37           100 PM
 AVERAGE    64

..........................................................


THE INDIANAPOLIS IN CLIMATE NORMALS FOR TODAY
                         NORMAL    RECORD    YEAR
 MAXIMUM TEMPERATURE (F)   77        96      1895
 MINIMUM TEMPERATURE (F)   58        36      1889


SUNRISE AND SUNSET
MAY 31 2016...........SUNRISE   619 AM EDT   SUNSET   907 PM EDT
JUNE  1 2016..........SUNRISE   619 AM EDT   SUNSET   907 PM EDT


-  INDICATES NEGATIVE NUMBERS.
R  INDICATES RECORD WAS SET OR TIED.
MM INDICATES DATA IS MISSING.
T  INDICATES TRACE AMOUNT.




$$
