000
CDUS43 KIND 050534
CLIIND


CLIMATE REPORT
NATIONAL WEATHER SERVICE INDIANAPOLIS IN
133 AM EDT SAT SEP 5 2015


...................................

...THE INDIANAPOLIS IN CLIMATE SUMMARY FOR SEPTEMBER 4 2015...

CLIMATE NORMAL PERIOD 1981 TO 2010
CLIMATE RECORD PERIOD 1871 TO 2015


WEATHER ITEM   OBSERVED TIME   RECORD YEAR NORMAL DEPARTURE LAST
                VALUE   (LST)  VALUE       VALUE  FROM      YEAR
                                                  NORMAL
..................................................................
TEMPERATURE (F)
 YESTERDAY
  MAXIMUM         94    235 PM  98    1954  82     12       87
  MINIMUM         69    643 AM  46    1952  61      8       66
  AVERAGE         82                        71     11       77

PRECIPITATION (IN)
  YESTERDAY        0.03          6.80 1895   0.09  -0.06     0.00
  MONTH TO DATE    0.03                      0.39  -0.36     1.00
  SINCE SEP 1      0.03                      0.39  -0.36     1.00
  SINCE JAN 1     36.21                     29.72   6.49    31.52

SNOWFALL (IN)
  YESTERDAY        0.0           0.0    MM   0.0    0.0      0.0
  MONTH TO DATE    0.0                       0.0    0.0      0.0
  SINCE SEP 1      0.0                       0.0    0.0      0.0
  SINCE JUL 1      0.0                       0.0    0.0      0.0
  SNOW DEPTH       0

DEGREE DAYS
 HEATING
  YESTERDAY        0                         0      0        0
  MONTH TO DATE    0                         0      0        0
  SINCE SEP 1      0                         0      0        0
  SINCE JUL 1      2                         4     -2        6

 COOLING
  YESTERDAY       17                         7     10       12
  MONTH TO DATE   59                        29     30       40
  SINCE SEP 1     59                        29     30       40
  SINCE JAN 1   1014                       950     64      837
..................................................................


WIND (MPH)
  HIGHEST WIND SPEED    20   HIGHEST WIND DIRECTION     N (360)
  HIGHEST GUST SPEED    23   HIGHEST GUST DIRECTION    NE (50)
  AVERAGE WIND SPEED     7.1


SKY COVER
  AVERAGE SKY COVER 0.5


WEATHER CONDITIONS
 THE FOLLOWING WEATHER WAS RECORDED YESTERDAY.
  THUNDERSTORM
  LIGHT RAIN
  FOG


RELATIVE HUMIDITY (PERCENT)
 HIGHEST    90           600 AM
 LOWEST     39           200 PM
 AVERAGE    65

..........................................................


THE INDIANAPOLIS IN CLIMATE NORMALS FOR TODAY
                         NORMAL    RECORD    YEAR
 MAXIMUM TEMPERATURE (F)   82       100      1954
 MINIMUM TEMPERATURE (F)   61        45      1974


SUNRISE AND SUNSET
SEPTEMBER  5 2015.....SUNRISE   717 AM EDT   SUNSET   810 PM EDT
SEPTEMBER  6 2015.....SUNRISE   718 AM EDT   SUNSET   809 PM EDT


-  INDICATES NEGATIVE NUMBERS.
R  INDICATES RECORD WAS SET OR TIED.
MM INDICATES DATA IS MISSING.
T  INDICATES TRACE AMOUNT.




$$
