000
CDUS43 KIND 270540
CLIIND


CLIMATE REPORT
NATIONAL WEATHER SERVICE INDIANAPOLIS IN
137 AM EDT SAT MAY 27 2017


...................................

...THE INDIANAPOLIS IN CLIMATE SUMMARY FOR MAY 26 2017...

CLIMATE NORMAL PERIOD 1981 TO 2010
CLIMATE RECORD PERIOD 1871 TO 2017


WEATHER ITEM   OBSERVED TIME   RECORD YEAR NORMAL DEPARTURE LAST
                VALUE   (LST)  VALUE       VALUE  FROM      YEAR
                                                  NORMAL
..................................................................
TEMPERATURE (F)
 YESTERDAY
  MAXIMUM         78    240 PM  94    1911  76      2       77
  MINIMUM         51    547 AM  35    1961  56     -5       65
  AVERAGE         65                        66     -1       71

PRECIPITATION (IN)
  YESTERDAY        0.62          2.33 1879   0.16   0.46     0.23
  MONTH TO DATE    7.59                      4.27   3.32     3.74
  SINCE MAR 1     17.91                     11.64   6.27    13.80
  SINCE JAN 1     23.36                     16.62   6.74    17.51

SNOWFALL (IN)
  YESTERDAY        0.0           0.0    MM   0.0    0.0      0.0
  MONTH TO DATE    0.0                       0.0    0.0       T
  SINCE MAR 1      1.0                       2.8   -1.8      1.2
  SINCE JUL 1      9.7                      25.9  -16.2     13.3
  SNOW DEPTH       0

DEGREE DAYS
 HEATING
  YESTERDAY        0                         3     -3        0
  MONTH TO DATE  147                       130     17      159
  SINCE MAR 1    988                      1209   -221      991
  SINCE JUL 1   4272                      5352  -1080     4444

 COOLING
  YESTERDAY        0                         3     -3        6
  MONTH TO DATE   53                        49      4       29
  SINCE MAR 1     85                        64     21       47
  SINCE JAN 1     85                        64     21       47
..................................................................


WIND (MPH)
  HIGHEST WIND SPEED    35   HIGHEST WIND DIRECTION    NW (320)
  HIGHEST GUST SPEED    42   HIGHEST GUST DIRECTION    NW (320)
  AVERAGE WIND SPEED     7.0


SKY COVER
  AVERAGE SKY COVER 0.6


WEATHER CONDITIONS
 THE FOLLOWING WEATHER WAS RECORDED YESTERDAY.
  THUNDERSTORM
  HEAVY RAIN
  RAIN
  LIGHT RAIN
  FOG


RELATIVE HUMIDITY (PERCENT)
 HIGHEST   100           200 AM
 LOWEST     54           100 PM
 AVERAGE    77

..........................................................


THE INDIANAPOLIS IN CLIMATE NORMALS FOR TODAY
                         NORMAL    RECORD    YEAR
 MAXIMUM TEMPERATURE (F)   76        94      1911
 MINIMUM TEMPERATURE (F)   56        31      1961


SUNRISE AND SUNSET
MAY 27 2017...........SUNRISE   622 AM EDT   SUNSET   904 PM EDT
MAY 28 2017...........SUNRISE   621 AM EDT   SUNSET   904 PM EDT


-  INDICATES NEGATIVE NUMBERS.
R  INDICATES RECORD WAS SET OR TIED.
MM INDICATES DATA IS MISSING.
T  INDICATES TRACE AMOUNT.




$$
