000
CDUS43 KIND 230545
CLIIND


CLIMATE REPORT
NATIONAL WEATHER SERVICE INDIANAPOLIS IN
144 AM EDT SAT SEP 23 2017


...................................

...THE INDIANAPOLIS IN CLIMATE SUMMARY FOR SEPTEMBER 22 2017...

CLIMATE NORMAL PERIOD 1981 TO 2010
CLIMATE RECORD PERIOD 1871 TO 2017


WEATHER ITEM   OBSERVED TIME   RECORD YEAR NORMAL DEPARTURE LAST
                VALUE   (LST)  VALUE       VALUE  FROM      YEAR
                                                  NORMAL
..................................................................
TEMPERATURE (F)
 YESTERDAY
  MAXIMUM         93R   357 PM  93    1895  75     18       88
  MINIMUM         71    710 AM  37    1999  53     18       64
                                      1995
                                      1976
  AVERAGE         82                        64     18       76

PRECIPITATION (IN)
  YESTERDAY        T             1.22 2003   0.11  -0.11     0.00
  MONTH TO DATE    0.66                      2.27  -1.61     3.01
  SINCE SEP 1      0.66                      2.27  -1.61     3.01
  SINCE JAN 1     39.42                     31.60   7.82    38.03

SNOWFALL (IN)
  YESTERDAY        0.0           0.0    MM   0.0    0.0      0.0
  MONTH TO DATE    0.0                       0.0    0.0      0.0
  SINCE SEP 1      0.0                       0.0    0.0      0.0
  SINCE JUL 1      0.0                       0.0    0.0      0.0
  SNOW DEPTH       0

DEGREE DAYS
 HEATING
  YESTERDAY        0                         3     -3        0
  MONTH TO DATE   23                        31     -8        0
  SINCE SEP 1     23                        31     -8        0
  SINCE JUL 1     23                        35    -12        2

 COOLING
  YESTERDAY       17                         3     14       11
  MONTH TO DATE  115                       112      3      182
  SINCE SEP 1    115                       112      3      182
  SINCE JAN 1   1055                      1033     22     1362
..................................................................


WIND (MPH)
  HIGHEST WIND SPEED    23   HIGHEST WIND DIRECTION    SE (120)
  HIGHEST GUST SPEED    29   HIGHEST GUST DIRECTION    SE (120)
  AVERAGE WIND SPEED     3.1


SKY COVER
  AVERAGE SKY COVER 0.3


WEATHER CONDITIONS
 THE FOLLOWING WEATHER WAS RECORDED YESTERDAY.
  THUNDERSTORM
  LIGHT RAIN
  FOG


RELATIVE HUMIDITY (PERCENT)
 HIGHEST    93           600 AM
 LOWEST     39           400 PM
 AVERAGE    66

..........................................................


THE INDIANAPOLIS IN CLIMATE NORMALS FOR TODAY
                         NORMAL    RECORD    YEAR
 MAXIMUM TEMPERATURE (F)   75        94      2010
 MINIMUM TEMPERATURE (F)   53        34      1995
                                             1974


SUNRISE AND SUNSET
SEPTEMBER 23 2017.....SUNRISE   734 AM EDT   SUNSET   740 PM EDT
SEPTEMBER 24 2017.....SUNRISE   735 AM EDT   SUNSET   738 PM EDT


-  INDICATES NEGATIVE NUMBERS.
R  INDICATES RECORD WAS SET OR TIED.
MM INDICATES DATA IS MISSING.
T  INDICATES TRACE AMOUNT.




$$
