000
CDUS43 KIND 300531
CLIIND


CLIMATE REPORT
NATIONAL WEATHER SERVICE INDIANAPOLIS IN
131 AM EDT TUE JUN 30 2015


...................................

...THE INDIANAPOLIS IN CLIMATE SUMMARY FOR JUNE 29 2015...

CLIMATE NORMAL PERIOD 1981 TO 2010
CLIMATE RECORD PERIOD 1871 TO 2015


WEATHER ITEM   OBSERVED TIME   RECORD YEAR NORMAL DEPARTURE LAST
                VALUE   (LST)  VALUE       VALUE  FROM      YEAR
                                                  NORMAL
..................................................................
TEMPERATURE (F)
 YESTERDAY
  MAXIMUM         77    511 PM 103    2012  85     -8       82
  MINIMUM         63    902 AM  48    1923  65     -2       70
  AVERAGE         70                        75     -5       76

PRECIPITATION (IN)
  YESTERDAY        0.21          1.63 1902   0.14   0.07     0.00
  MONTH TO DATE    8.36                      4.11   4.25     6.28
  SINCE JUN 1      8.36                      4.11   4.25     6.28
  SINCE JAN 1     21.49                     21.51  -0.02    23.71

SNOWFALL (IN)
  YESTERDAY        0.0           0.0    MM   0.0    0.0      0.0
  MONTH TO DATE    T                         0.0    0.0      0.0
  SINCE JUN 1      T                         0.0    0.0      0.0
  SINCE JUL 1     25.6                      25.9   -0.3     55.7
  SNOW DEPTH       0

DEGREE DAYS
 HEATING
  YESTERDAY        0                         0      0        0
  MONTH TO DATE   16                        13      3        2
  SINCE JUN 1     16                        13      3        2
  SINCE JUL 1   5924                      5375    549     6208

 COOLING
  YESTERDAY        5                        10     -5       11
  MONTH TO DATE  243                       217     26      227
  SINCE JUN 1    243                       217     26      227
  SINCE JAN 1    391                       301     90      331
..................................................................


WIND (MPH)
  HIGHEST WIND SPEED    14   HIGHEST WIND DIRECTION     W (290)
  HIGHEST GUST SPEED    20   HIGHEST GUST DIRECTION    NW (320)
  AVERAGE WIND SPEED     8.1


SKY COVER
  AVERAGE SKY COVER 0.9


WEATHER CONDITIONS
 THE FOLLOWING WEATHER WAS RECORDED YESTERDAY.
  LIGHT RAIN
  FOG


RELATIVE HUMIDITY (PERCENT)
 HIGHEST    93           300 AM
 LOWEST     64           400 PM
 AVERAGE    79

..........................................................


THE INDIANAPOLIS IN CLIMATE NORMALS FOR TODAY
                         NORMAL    RECORD    YEAR
 MAXIMUM TEMPERATURE (F)   85        97      2012
                                             1933
                                             1913
 MINIMUM TEMPERATURE (F)   65        46      1943


SUNRISE AND SUNSET
JUNE 30 2015..........SUNRISE   620 AM EDT   SUNSET   917 PM EDT
JULY  1 2015..........SUNRISE   621 AM EDT   SUNSET   917 PM EDT


-  INDICATES NEGATIVE NUMBERS.
R  INDICATES RECORD WAS SET OR TIED.
MM INDICATES DATA IS MISSING.
T  INDICATES TRACE AMOUNT.




$$
