000
CDUS43 KDLH 290618
CLIINL


CLIMATE REPORT
NATIONAL WEATHER SERVICE DULUTH MN
117 AM CDT THU JUN 29 2017


...................................

...THE INTERNATIONAL FALLS MN CLIMATE SUMMARY FOR JUNE 28 2017...

CLIMATE NORMAL PERIOD 1981 TO 2010
CLIMATE RECORD PERIOD 1895 TO 2017


WEATHER ITEM   OBSERVED TIME   RECORD YEAR NORMAL DEPARTURE LAST
                VALUE   (LST)  VALUE       VALUE  FROM      YEAR
                                                  NORMAL
..................................................................
TEMPERATURE (F)
 YESTERDAY
  MAXIMUM         63    439 PM  98    1921  76    -13       74
  MINIMUM         51    114 AM  38    1993  52     -1       41
                                      1925
                                      1911
  AVERAGE         57                        64     -7       58

PRECIPITATION (IN)
  YESTERDAY        0.28          0.95 1952   0.13   0.15     0.00
  MONTH TO DATE    3.63                      3.64  -0.01     6.87
  SINCE JUN 1      3.63                      3.64  -0.01     6.87
  SINCE JAN 1     10.25                     10.17   0.08    14.67

SNOWFALL (IN)
  YESTERDAY        0.0           0.0  2002   0.0    0.0      0.0
                                      2001
  MONTH TO DATE    0.0                       0.0    0.0      0.0
  SINCE JUN 1      0.0                       0.0    0.0      0.0
  SINCE JUL 1     70.4                      71.0   -0.6     47.7
  SNOW DEPTH       0

DEGREE DAYS
 HEATING
  YESTERDAY        8                         3      5        7
  MONTH TO DATE  117                       158    -41      153
  SINCE JUN 1    117                       158    -41      153
  SINCE JUL 1   9081                     10215  -1134     8981

 COOLING
  YESTERDAY        0                         2     -2        0
  MONTH TO DATE   12                        38    -26       18
  SINCE JUN 1     12                        38    -26       18
  SINCE JAN 1     12                        47    -35       20
..................................................................


WIND (MPH)
  HIGHEST WIND SPEED    13   HIGHEST WIND DIRECTION     E (110)
  HIGHEST GUST SPEED    21   HIGHEST GUST DIRECTION    NE (60)
  AVERAGE WIND SPEED     7.3


SKY COVER
  AVERAGE SKY COVER 0.8


WEATHER CONDITIONS
 THE FOLLOWING WEATHER WAS RECORDED YESTERDAY.
  RAIN
  LIGHT RAIN
  FOG


RELATIVE HUMIDITY (PERCENT)
 HIGHEST    93           400 PM
 LOWEST     67           800 AM
 AVERAGE    80

..........................................................


THE INTERNATIONAL FALLS MN CLIMATE NORMALS FOR TODAY
                         NORMAL    RECORD    YEAR
 MAXIMUM TEMPERATURE (F)   76        98      1913
 MINIMUM TEMPERATURE (F)   52        35      1992


SUNRISE AND SUNSET
JUNE 29 2017..........SUNRISE   514 AM CDT   SUNSET   920 PM CDT
JUNE 30 2017..........SUNRISE   515 AM CDT   SUNSET   919 PM CDT


-  INDICATES NEGATIVE NUMBERS.
R  INDICATES RECORD WAS SET OR TIED.
MM INDICATES DATA IS MISSING.
T  INDICATES TRACE AMOUNT.




$$
