160
CDUS43 KDLH 191256
CLIINL


CLIMATE REPORT
NATIONAL WEATHER SERVICE DULUTH MN
754 AM CDT THU OCT 19 2017


...................................

...THE INTERNATIONAL FALLS MN CLIMATE SUMMARY FOR OCTOBER 18 2017...

CLIMATE NORMAL PERIOD 1981 TO 2010
CLIMATE RECORD PERIOD 1895 TO 2017


WEATHER ITEM   OBSERVED TIME   RECORD YEAR NORMAL DEPARTURE LAST
                VALUE   (LST)  VALUE       VALUE  FROM      YEAR
                                                  NORMAL
..................................................................
TEMPERATURE (F)
 YESTERDAY
  MAXIMUM         65   1106 AM  81    1910  50     15       52
  MINIMUM         47   1159 PM  16    1992  31     16       38
  AVERAGE         56                        40     16       45

PRECIPITATION (IN)
  YESTERDAY        0.00          2.16 1965   0.06  -0.06     0.00
  MONTH TO DATE    0.82                      1.31  -0.49     1.15
  SINCE SEP 1      3.89                      4.30  -0.41     4.48
  SINCE JAN 1     20.63                     21.26  -0.63    25.04

SNOWFALL (IN)
  YESTERDAY        0.0           1.5  1996   0.1   -0.1      0.0
  MONTH TO DATE    0.0                       0.7   -0.7       T
  SINCE SEP 1      0.0                       0.8   -0.8       T
  SINCE JUL 1      0.0                       0.8   -0.8       T
  SNOW DEPTH       0

DEGREE DAYS
 HEATING
  YESTERDAY        9                        25    -16       20
  MONTH TO DATE  334                       383    -49      304
  SINCE SEP 1    603                       736   -133      542
  SINCE JUL 1    814                       917   -103      659

 COOLING
  YESTERDAY        0                         0      0        0
  MONTH TO DATE    0                         0      0        0
  SINCE SEP 1      7                        11     -4        7
  SINCE JAN 1     86                       192   -106      155
..................................................................


WIND (MPH)
  HIGHEST WIND SPEED    26   HIGHEST WIND DIRECTION     W (270)
  HIGHEST GUST SPEED    40   HIGHEST GUST DIRECTION     W (260)
  AVERAGE WIND SPEED    14.1


SKY COVER
  AVERAGE SKY COVER 0.0


WEATHER CONDITIONS
 THE FOLLOWING WEATHER WAS RECORDED YESTERDAY.
  LIGHT RAIN


RELATIVE HUMIDITY (PERCENT)
 HIGHEST    51           200 AM
 LOWEST     15           400 PM
 AVERAGE    33

..........................................................


THE INTERNATIONAL FALLS MN CLIMATE NORMALS FOR TODAY
                         NORMAL    RECORD    YEAR
 MAXIMUM TEMPERATURE (F)   50        77      1953
 MINIMUM TEMPERATURE (F)   30        12      1972


SUNRISE AND SUNSET
OCTOBER 19 2017.......SUNRISE   740 AM CDT   SUNSET   616 PM CDT
OCTOBER 20 2017.......SUNRISE   742 AM CDT   SUNSET   614 PM CDT


-  INDICATES NEGATIVE NUMBERS.
R  INDICATES RECORD WAS SET OR TIED.
MM INDICATES DATA IS MISSING.
T  INDICATES TRACE AMOUNT.




$$
