000
CDUS43 KDLH 270631
CLIINL


CLIMATE REPORT
NATIONAL WEATHER SERVICE DULUTH MN
130 AM CDT THU APR 27 2017


...................................

...THE INTERNATIONAL FALLS MN CLIMATE SUMMARY FOR APRIL 26 2017...

CLIMATE NORMAL PERIOD 1981 TO 2010
CLIMATE RECORD PERIOD 1895 TO 2017


WEATHER ITEM   OBSERVED TIME   RECORD YEAR NORMAL DEPARTURE LAST
                VALUE   (LST)  VALUE       VALUE  FROM      YEAR
                                                  NORMAL
..................................................................
TEMPERATURE (F)
 YESTERDAY
  MAXIMUM         28    459 PM  83    1952  57    -29       54
  MINIMUM         23   1159 PM  14    1996  32     -9       33
                                      1959
  AVERAGE         26                        44    -18       44

PRECIPITATION (IN)
  YESTERDAY        0.23          1.02 1912   0.06   0.17     0.00
  MONTH TO DATE    1.55                      1.25   0.30     2.11
  SINCE MAR 1      2.23                      2.20   0.03     4.82
  SINCE JAN 1      4.98                      3.39   1.59     6.19

SNOWFALL (IN)
  YESTERDAY        1.4           7.4  1994   0.2    1.2      0.0
  MONTH TO DATE    2.3                       6.0   -3.7      4.9
  SINCE MAR 1      6.8                      13.6   -6.8     14.2
  SINCE JUL 1     70.1                      70.4   -0.3     47.7
  SNOW DEPTH       T

DEGREE DAYS
 HEATING
  YESTERDAY       39                        21     18       21
  MONTH TO DATE  629                       693    -64      738
  SINCE MAR 1   1886                      1976    -90     1841
  SINCE JUL 1   8360                      9559  -1199     8373

 COOLING
  YESTERDAY        0                         0      0        0
  MONTH TO DATE    0                         0      0        0
  SINCE MAR 1      0                         0      0        0
  SINCE JAN 1      0                         0      0        0
..................................................................


WIND (MPH)
  HIGHEST WIND SPEED    21   HIGHEST WIND DIRECTION    NE (40)
  HIGHEST GUST SPEED    30   HIGHEST GUST DIRECTION    NE (40)
  AVERAGE WIND SPEED    14.5


SKY COVER
  AVERAGE SKY COVER 1.0


WEATHER CONDITIONS
 THE FOLLOWING WEATHER WAS RECORDED YESTERDAY.
  HEAVY SNOW
  SNOW
  LIGHT SNOW
  FOG
  HAZE


RELATIVE HUMIDITY (PERCENT)
 HIGHEST    81          1200 AM
 LOWEST     68           900 PM
 AVERAGE    75

..........................................................


THE INTERNATIONAL FALLS MN CLIMATE NORMALS FOR TODAY
                         NORMAL    RECORD    YEAR
 MAXIMUM TEMPERATURE (F)   58        93      1952
 MINIMUM TEMPERATURE (F)   32        12      1956


SUNRISE AND SUNSET
APRIL 27 2017.........SUNRISE   600 AM CDT   SUNSET   823 PM CDT
APRIL 28 2017.........SUNRISE   559 AM CDT   SUNSET   825 PM CDT


-  INDICATES NEGATIVE NUMBERS.
R  INDICATES RECORD WAS SET OR TIED.
MM INDICATES DATA IS MISSING.
T  INDICATES TRACE AMOUNT.




$$
