000
CDUS45 KFGZ 310742
CLIINW
CLIMATE REPORT
NATIONAL WEATHER SERVICE FLAGSTAFF, AZ
1241 AM MST FRI JUL 31 2015


...................................

...THE WINSLOW AZ AIRPORT CLIMATE SUMMARY FOR JULY 30 2015...

CLIMATE NORMAL PERIOD 1981 TO 2010
CLIMATE RECORD PERIOD 1915 TO 2015


WEATHER ITEM   OBSERVED TIME   RECORD YEAR NORMAL DEPARTURE LAST
                VALUE   (LST)  VALUE       VALUE  FROM      YEAR
                                                  NORMAL
..................................................................
TEMPERATURE (F)
 YESTERDAY
  MAXIMUM         89    351 PM 102    1978  93     -4       98
  MINIMUM         65    426 AM  54    1915  63      2       67
  AVERAGE         77                        78     -1       83

PRECIPITATION (IN)
  YESTERDAY        T             0.84 1945   0.04  -0.04     0.00
  MONTH TO DATE    1.33                      1.00   0.33     0.32
  SINCE SEP 1      8.49                      5.77   2.72     5.31
  SINCE JAN 1      5.64                      3.29   2.35     1.50

DEGREE DAYS
 HEATING
  YESTERDAY        0                         0      0        0
  MONTH TO DATE    0                         0      0        0
  SINCE JUL 1      0                         0      0        0

 COOLING
  YESTERDAY       12                        13     -1       18
  MONTH TO DATE  354                       397    -43      467
  SINCE JAN 1    707                       705      2      804
..................................................................


WIND (MPH)
  HIGHEST WIND SPEED    17   HIGHEST WIND DIRECTION     W (270)
  HIGHEST GUST SPEED    24   HIGHEST GUST DIRECTION     W (270)
  AVERAGE WIND SPEED     4.3


SKY COVER
  POSSIBLE SUNSHINE  MM
  AVERAGE SKY COVER 0.4


WEATHER CONDITIONS
 THE FOLLOWING WEATHER WAS RECORDED YESTERDAY.
  LIGHT RAIN


RELATIVE HUMIDITY (PERCENT)
 HIGHEST    78           400 AM
 LOWEST     29           400 PM
 AVERAGE    54

..........................................................


THE WINSLOW AZ AIRPORT CLIMATE NORMALS FOR TODAY
                         NORMAL    RECORD    YEAR
 MAXIMUM TEMPERATURE (F)   93       102      1970
 MINIMUM TEMPERATURE (F)   63        52      1973
                                             1921


SUNRISE AND SUNSET
JULY 31 2015..........SUNRISE   531 AM MST   SUNSET   727 PM MST
AUGUST  1 2015........SUNRISE   532 AM MST   SUNSET   726 PM MST


-  INDICATES NEGATIVE NUMBERS.
R  INDICATES RECORD WAS SET OR TIED.
MM INDICATES DATA IS MISSING.
T  INDICATES TRACE AMOUNT.




$$
