000
CDUS45 KFGZ 030058
CLIINW
CLIMATE REPORT
NATIONAL WEATHER SERVICE FLAGSTAFF, AZ
557 PM MST TUE JUN 2 2015


...................................

...THE WINSLOW AZ AIRPORT CLIMATE SUMMARY FOR JUNE 2 2015...
VALID TODAY AS OF 0500 PM LOCAL TIME.

CLIMATE NORMAL PERIOD 1981 TO 2010
CLIMATE RECORD PERIOD 1915 TO 2015


WEATHER ITEM   OBSERVED TIME   RECORD YEAR NORMAL DEPARTURE LAST
                VALUE   (LST)  VALUE       VALUE  FROM      YEAR
                                                  NORMAL
..................................................................
TEMPERATURE (F)
 TODAY
  MAXIMUM         92    141 PM  98    2014  88      4       98
  MINIMUM         49    516 AM  30    1919  50     -1       46
  AVERAGE         71                        68      3       72

PRECIPITATION (IN)
  TODAY            0.00          0.23 1915   0.00   0.00     0.00
  MONTH TO DATE    0.00                      0.01  -0.01     0.00
  SINCE SEP 1      6.26                      4.60   1.66     4.99
  SINCE JAN 1      3.41                      2.12   1.29     1.18

DEGREE DAYS
 HEATING
  TODAY            0                         1     -1        0
  MONTH TO DATE    0                         2     -2        0
  SINCE JUL 1   3828                      4489   -661     4298

 COOLING
  TODAY            6                         5      1        7
  MONTH TO DATE   15                         9      6       13
  SINCE JAN 1     34                        76    -42       64
..................................................................


WIND (MPH)
  HIGHEST WIND SPEED    25   HIGHEST WIND DIRECTION    SW (210)
  HIGHEST GUST SPEED    32   HIGHEST GUST DIRECTION    SW (210)
  AVERAGE WIND SPEED     9.5


SKY COVER
  POSSIBLE SUNSHINE  MM
  AVERAGE SKY COVER 0.0


WEATHER CONDITIONS
 THE FOLLOWING WEATHER WAS RECORDED TODAY.
  NO SIGNIFICANT WEATHER WAS OBSERVED.


RELATIVE HUMIDITY (PERCENT)
 HIGHEST    35           500 AM
 LOWEST      8           200 PM
 AVERAGE    22

..........................................................


THE WINSLOW AZ AIRPORT CLIMATE NORMALS FOR TOMORROW
                         NORMAL    RECORD    YEAR
 MAXIMUM TEMPERATURE (F)   88        98      2004
 MINIMUM TEMPERATURE (F)   50        39      1919


SUNRISE AND SUNSET
JUNE  2 2015..........SUNRISE   510 AM MST   SUNSET   732 PM MST
JUNE  3 2015..........SUNRISE   510 AM MST   SUNSET   733 PM MST


-  INDICATES NEGATIVE NUMBERS.
R  INDICATES RECORD WAS SET OR TIED.
MM INDICATES DATA IS MISSING.
T  INDICATES TRACE AMOUNT.




$$
