000
CDUS45 KFGZ 060127
CLIINW
CLIMATE REPORT
NATIONAL WEATHER SERVICE FLAGSTAFF, AZ
625 PM MST MON DEC 5 2016


...................................

...THE WINSLOW AZ AIRPORT CLIMATE SUMMARY FOR DECEMBER 5 2016...
VALID TODAY AS OF 0500 PM LOCAL TIME.

CLIMATE NORMAL PERIOD 1981 TO 2010
CLIMATE RECORD PERIOD 1915 TO 2016


WEATHER ITEM   OBSERVED TIME   RECORD YEAR NORMAL DEPARTURE LAST
                VALUE   (LST)  VALUE       VALUE  FROM      YEAR
                                                  NORMAL
..................................................................
TEMPERATURE (F)
 TODAY
  MAXIMUM         64    138 PM  72    2012  51     13       55
  MINIMUM         24    735 AM   3    2005  22      2       20
  AVERAGE         44                        36      8       38

PRECIPITATION (IN)
  TODAY            0.00          0.39 1926   0.02  -0.02     0.00
  MONTH TO DATE    0.00                      0.09  -0.09     0.00
  SINCE SEP 1      2.02                      2.01   0.01     3.67
  SINCE JAN 1      5.64                      6.54  -0.90    12.57

DEGREE DAYS
 HEATING
  TODAY           21                        29     -8       27
  MONTH TO DATE  152                       140     12      153
  SINCE JUL 1    843                      1076   -233     1016

 COOLING
  TODAY            0                         0      0        0
  MONTH TO DATE    0                         0      0        0
  SINCE JAN 1   1278                      1208     70     1316
..................................................................


WIND (MPH)
  HIGHEST WIND SPEED    18   HIGHEST WIND DIRECTION     W (290)
  HIGHEST GUST SPEED    24   HIGHEST GUST DIRECTION     W (270)
  AVERAGE WIND SPEED     7.0


SKY COVER
  POSSIBLE SUNSHINE  MM
  AVERAGE SKY COVER 0.0


WEATHER CONDITIONS
 THE FOLLOWING WEATHER WAS RECORDED TODAY.
  NO SIGNIFICANT WEATHER WAS OBSERVED.


RELATIVE HUMIDITY (PERCENT)
 HIGHEST    74           700 AM
 LOWEST     14           100 PM
 AVERAGE    44

..........................................................


THE WINSLOW AZ AIRPORT CLIMATE NORMALS FOR TOMORROW
                         NORMAL    RECORD    YEAR
 MAXIMUM TEMPERATURE (F)   51        70      1977
 MINIMUM TEMPERATURE (F)   22         1      1978


SUNRISE AND SUNSET
DECEMBER  5 2016......SUNRISE   716 AM MST   SUNSET   511 PM MST
DECEMBER  6 2016......SUNRISE   717 AM MST   SUNSET   511 PM MST


-  INDICATES NEGATIVE NUMBERS.
R  INDICATES RECORD WAS SET OR TIED.
MM INDICATES DATA IS MISSING.
T  INDICATES TRACE AMOUNT.




$$
