000
CDUS45 KFGZ 200743
CLIINW
CLIMATE REPORT
NATIONAL WEATHER SERVICE FLAGSTAFF, AZ
1242 AM MST SUN APR 20 2014


...................................

...THE WINSLOW AZ AIRPORT CLIMATE SUMMARY FOR APRIL 19 2014...

CLIMATE NORMAL PERIOD 1981 TO 2010
CLIMATE RECORD PERIOD 1898 TO 2014


WEATHER ITEM   OBSERVED TIME   RECORD YEAR NORMAL DEPARTURE LAST
                VALUE   (LST)  VALUE       VALUE  FROM      YEAR
                                                  NORMAL
..................................................................
TEMPERATURE (F)
 YESTERDAY
  MAXIMUM         71    428 PM  89    1989  73     -2       68
  MINIMUM         36    530 AM  19    2013  38     -2       19
  AVERAGE         54                        55     -1       44

PRECIPITATION (IN)
  YESTERDAY        T             0.45 1951   0.01  -0.01     0.00
  MONTH TO DATE    0.03                      0.19  -0.16     0.31
  SINCE SEP 1      4.86                      4.19   0.67     3.06
  SINCE JAN 1      1.05                      1.71  -0.66     1.79

DEGREE DAYS
 HEATING
  YESTERDAY       11                        10      1       21
  MONTH TO DATE  208                       237    -29      203
  SINCE JUL 1   4066                      4290   -224     4054

 COOLING
  YESTERDAY        0                         0      0        0
  MONTH TO DATE    0                         0      0        0
  SINCE JAN 1      0                         0      0        0
..................................................................


WIND (MPH)
  HIGHEST WIND SPEED    28   HIGHEST WIND DIRECTION     S (160)
  HIGHEST GUST SPEED    34   HIGHEST GUST DIRECTION     S (160)
  AVERAGE WIND SPEED     7.4


SKY COVER
  POSSIBLE SUNSHINE  MM
  AVERAGE SKY COVER 0.4


WEATHER CONDITIONS
 THE FOLLOWING WEATHER WAS RECORDED YESTERDAY.
  LIGHT RAIN


RELATIVE HUMIDITY (PERCENT)
 HIGHEST    89           500 AM
 LOWEST     28           300 PM
 AVERAGE    59

..........................................................


THE WINSLOW AZ AIRPORT CLIMATE NORMALS FOR TODAY
                         NORMAL    RECORD    YEAR
 MAXIMUM TEMPERATURE (F)   73        90      1965
 MINIMUM TEMPERATURE (F)   38        22      1967


SUNRISE AND SUNSET
APRIL 20 2014.........SUNRISE   545 AM MST   SUNSET   700 PM MST
APRIL 21 2014.........SUNRISE   543 AM MST   SUNSET   700 PM MST


-  INDICATES NEGATIVE NUMBERS.
R  INDICATES RECORD WAS SET OR TIED.
MM INDICATES DATA IS MISSING.
T  INDICATES TRACE AMOUNT.




$$
