000
CDUS45 KFGZ 250813
CLIINW
CLIMATE REPORT
NATIONAL WEATHER SERVICE FLAGSTAFF, AZ
112 AM MST SUN JUN 25 2017


...................................

...THE WINSLOW AZ AIRPORT CLIMATE SUMMARY FOR JUNE 24 2017...

CLIMATE NORMAL PERIOD 1981 TO 2010
CLIMATE RECORD PERIOD 1915 TO 2017


WEATHER ITEM   OBSERVED TIME   RECORD YEAR NORMAL DEPARTURE LAST
                VALUE   (LST)  VALUE       VALUE  FROM      YEAR
                                                  NORMAL
..................................................................
TEMPERATURE (F)
 YESTERDAY
  MAXIMUM        104R   419 PM 104    2017  94     10      100
                                      1961
  MINIMUM         62    535 AM  45    1976  57      5       77
  AVERAGE         83                        75      8       89

PRECIPITATION (IN)
  YESTERDAY        0.00          0.40 1988   0.01  -0.01      T
  MONTH TO DATE    0.00                      0.12  -0.12      T
  SINCE SEP 1      5.22                      4.71   0.51     5.62
  SINCE JAN 1      2.14                      2.23  -0.09     1.60

DEGREE DAYS
 HEATING
  YESTERDAY        0                         0      0        0
  MONTH TO DATE    4                         8     -4        0
  SINCE JUL 1   3637                      4495   -858     4253

 COOLING
  YESTERDAY       18                        10      8       24
  MONTH TO DATE  276                       173    103      290
  SINCE JAN 1    317                       240     77      307
..................................................................


WIND (MPH)
  HIGHEST WIND SPEED    18   HIGHEST WIND DIRECTION     W (270)
  HIGHEST GUST SPEED    23   HIGHEST GUST DIRECTION     W (270)
  AVERAGE WIND SPEED     6.8


SKY COVER
  POSSIBLE SUNSHINE  MM
  AVERAGE SKY COVER 0.0


WEATHER CONDITIONS
 THE FOLLOWING WEATHER WAS RECORDED YESTERDAY.
  NO SIGNIFICANT WEATHER WAS OBSERVED.


RELATIVE HUMIDITY (PERCENT)
 HIGHEST    22           600 AM
 LOWEST      6           300 PM
 AVERAGE    14

..........................................................


THE WINSLOW AZ AIRPORT CLIMATE NORMALS FOR TODAY
                         NORMAL    RECORD    YEAR
 MAXIMUM TEMPERATURE (F)   94       103      1994
                                             1981
                                             1970
 MINIMUM TEMPERATURE (F)   57        43      1998
                                             1976
                                             1975


SUNRISE AND SUNSET
JUNE 25 2017..........SUNRISE   510 AM MST   SUNSET   741 PM MST
JUNE 26 2017..........SUNRISE   511 AM MST   SUNSET   741 PM MST


-  INDICATES NEGATIVE NUMBERS.
R  INDICATES RECORD WAS SET OR TIED.
MM INDICATES DATA IS MISSING.
T  INDICATES TRACE AMOUNT.




$$
