000
CDUS45 KFGZ 300735
CLIINW
CLIMATE REPORT
NATIONAL WEATHER SERVICE FLAGSTAFF, AZ
1234 AM MST SAT JUL 30 2016


...................................

...THE WINSLOW AZ AIRPORT CLIMATE SUMMARY FOR JULY 29 2016...

CLIMATE NORMAL PERIOD 1981 TO 2010
CLIMATE RECORD PERIOD 1915 TO 2016


WEATHER ITEM   OBSERVED TIME   RECORD YEAR NORMAL DEPARTURE LAST
                VALUE   (LST)  VALUE       VALUE  FROM      YEAR
                                                  NORMAL
..................................................................
TEMPERATURE (F)
 YESTERDAY
  MAXIMUM        105R   152 PM 103    2000  93     12       93
                                      1971
  MINIMUM         66    406 AM  56    1941  63      3       68
                                      1924
                                      1919
  AVERAGE         86                        78      8       81

PRECIPITATION (IN)
  YESTERDAY        T             0.87 1946   0.05  -0.05     0.01
  MONTH TO DATE    0.36                      0.96  -0.60     1.33
  SINCE SEP 1      5.99                      5.73   0.26     8.49
  SINCE JAN 1      1.97                      3.25  -1.28     5.64

DEGREE DAYS
 HEATING
  YESTERDAY        0                         0      0        0
  MONTH TO DATE    0                         0      0        0
  SINCE JUL 1      0                         0      0        0

 COOLING
  YESTERDAY       21                        13      8       16
  MONTH TO DATE  414                       384     30      342
  SINCE JAN 1    820                       692    128      695
..................................................................


WIND (MPH)
  HIGHEST WIND SPEED    28   HIGHEST WIND DIRECTION     W (290)
  HIGHEST GUST SPEED    34   HIGHEST GUST DIRECTION     W (280)
  AVERAGE WIND SPEED     8.2


SKY COVER
  POSSIBLE SUNSHINE  MM
  AVERAGE SKY COVER 0.0


WEATHER CONDITIONS
 THE FOLLOWING WEATHER WAS RECORDED YESTERDAY.
  LIGHT RAIN


RELATIVE HUMIDITY (PERCENT)
 HIGHEST    49           300 AM
 LOWEST     10           200 PM
 AVERAGE    30

..........................................................


THE WINSLOW AZ AIRPORT CLIMATE NORMALS FOR TODAY
                         NORMAL    RECORD    YEAR
 MAXIMUM TEMPERATURE (F)   93       102      1978
 MINIMUM TEMPERATURE (F)   63        54      1915


SUNRISE AND SUNSET
JULY 30 2016..........SUNRISE   531 AM MST   SUNSET   727 PM MST
JULY 31 2016..........SUNRISE   532 AM MST   SUNSET   726 PM MST


-  INDICATES NEGATIVE NUMBERS.
R  INDICATES RECORD WAS SET OR TIED.
MM INDICATES DATA IS MISSING.
T  INDICATES TRACE AMOUNT.




$$
