000
CDUS43 KDVN 290907
CLIIOW


CLIMATE REPORT
NATIONAL WEATHER SERVICE QUAD CITIES IA IL
406 AM CDT WED JUL 29 2015


...................................

...THE IOWA CITY IA CLIMATE SUMMARY FOR JULY 28 2015...

CLIMATE NORMAL PERIOD 1981 TO 2010
CLIMATE RECORD PERIOD 9999 TO 9999


WEATHER ITEM   OBSERVED TIME   RECORD YEAR NORMAL DEPARTURE LAST
                VALUE   (LST)  VALUE       VALUE  FROM      YEAR
                                                  NORMAL
..................................................................
TEMPERATURE (F)
 YESTERDAY
  MAXIMUM         84    353 PM  MM      MM  84      0       75
  MINIMUM         71   1203 PM  MM      MM  65      6       59
  AVERAGE         78                        75      3       67

PRECIPITATION (IN)
  YESTERDAY        1.01         MM      MM   0.12   0.89     0.00
  MONTH TO DATE    2.57                      4.57  -2.00     2.96
  SINCE JUN 1      8.45                      9.18  -0.73    12.76
  SINCE JAN 1     18.30                     21.27  -2.97    23.81

DEGREE DAYS
 HEATING
  YESTERDAY        0                         0      0        0
  MONTH TO DATE    2                         0      2       12
  SINCE JUN 1      9                        17     -8       16
  SINCE JUL 1      2                         0      2       12

 COOLING
  YESTERDAY       13                        10      3        2
  MONTH TO DATE  251                       280    -29      152
  SINCE JUN 1    451                       491    -40      366
  SINCE JAN 1    514                       552    -38      455
..................................................................


WIND (MPH)
  HIGHEST WIND SPEED    25   HIGHEST WIND DIRECTION     N (350)
  HIGHEST GUST SPEED    39   HIGHEST GUST DIRECTION     N (350)
  AVERAGE WIND SPEED     7.7


SKY COVER
  POSSIBLE SUNSHINE  MM
  AVERAGE SKY COVER 0.4


WEATHER CONDITIONS
 THE FOLLOWING WEATHER WAS RECORDED YESTERDAY.
  THUNDERSTORM
  HEAVY RAIN
  RAIN
  LIGHT RAIN
  FOG
  HAZE


RELATIVE HUMIDITY (PERCENT)
 HIGHEST    94           800 AM
 LOWEST     70           400 PM
 AVERAGE    82

..........................................................


THE IOWA CITY IA CLIMATE NORMALS FOR TODAY
                         NORMAL    RECORD    YEAR
 MAXIMUM TEMPERATURE (F)   84        MM        MM
 MINIMUM TEMPERATURE (F)   65        MM        MM


SUNRISE AND SUNSET
JULY 29 2015..........SUNRISE   557 AM CDT   SUNSET   827 PM CDT
JULY 30 2015..........SUNRISE   558 AM CDT   SUNSET   826 PM CDT


-  INDICATES NEGATIVE NUMBERS.
R  INDICATES RECORD WAS SET OR TIED.
MM INDICATES DATA IS MISSING.
T  INDICATES TRACE AMOUNT.




$$
