000
CDUS43 KDVN 030910
CLIIOW


CLIMATE REPORT
NATIONAL WEATHER SERVICE QUAD CITIES IA IL
410 AM CDT FRI JUL 3 2015


...................................

...THE IOWA CITY IA CLIMATE SUMMARY FOR JULY 2 2015...

CLIMATE NORMAL PERIOD 1981 TO 2010
CLIMATE RECORD PERIOD 9999 TO 9999


WEATHER ITEM   OBSERVED TIME   RECORD YEAR NORMAL DEPARTURE LAST
                VALUE   (LST)  VALUE       VALUE  FROM      YEAR
                                                  NORMAL
..................................................................
TEMPERATURE (F)
 YESTERDAY
  MAXIMUM         74    109 PM  MM      MM  85    -11       65
  MINIMUM         57    529 AM  MM      MM  65     -8       55
  AVERAGE         66                        74     -8       60

PRECIPITATION (IN)
  YESTERDAY        0.00         MM      MM   0.19  -0.19     0.02
  MONTH TO DATE    0.00                      0.37  -0.37     0.05
  SINCE JUN 1      5.88                      4.98   0.90     9.85
  SINCE JAN 1     15.73                     17.07  -1.34    20.90

DEGREE DAYS
 HEATING
  YESTERDAY        0                         0      0        5
  MONTH TO DATE    0                         0      0        5
  SINCE JUN 1      7                        17    -10        9
  SINCE JUL 1      0                         0      0        5

 COOLING
  YESTERDAY        1                        10     -9        0
  MONTH TO DATE    4                        20    -16        7
  SINCE JUN 1    204                       231    -27      221
  SINCE JAN 1    267                       292    -25      310
..................................................................


WIND (MPH)
  HIGHEST WIND SPEED    15   HIGHEST WIND DIRECTION    NE (60)
  HIGHEST GUST SPEED    20   HIGHEST GUST DIRECTION    NE (60)
  AVERAGE WIND SPEED     7.1


SKY COVER
  POSSIBLE SUNSHINE  MM
  AVERAGE SKY COVER 0.1


WEATHER CONDITIONS
 THE FOLLOWING WEATHER WAS RECORDED YESTERDAY.
  NO SIGNIFICANT WEATHER WAS OBSERVED.


RELATIVE HUMIDITY (PERCENT)
 HIGHEST    87           400 AM
 LOWEST     47          1200 PM
 AVERAGE    67

..........................................................


THE IOWA CITY IA CLIMATE NORMALS FOR TODAY
                         NORMAL    RECORD    YEAR
 MAXIMUM TEMPERATURE (F)   85        MM        MM
 MINIMUM TEMPERATURE (F)   65        MM        MM


SUNRISE AND SUNSET
JULY  3 2015..........SUNRISE   537 AM CDT   SUNSET   844 PM CDT
JULY  4 2015..........SUNRISE   537 AM CDT   SUNSET   844 PM CDT


-  INDICATES NEGATIVE NUMBERS.
R  INDICATES RECORD WAS SET OR TIED.
MM INDICATES DATA IS MISSING.
T  INDICATES TRACE AMOUNT.




$$
