000
CDUS43 KDVN 232124
CLIIOW


CLIMATE REPORT
NATIONAL WEATHER SERVICE QUAD CITIES IA IL
421 PM CDT SAT MAY 23 2015


...................................

...THE IOWA CITY IA CLIMATE SUMMARY FOR MAY 23 2015...
VALID TODAY AS OF 0400 PM LOCAL TIME.

CLIMATE NORMAL PERIOD 1981 TO 2010
CLIMATE RECORD PERIOD 9999 TO 9999


WEATHER ITEM   OBSERVED TIME   RECORD YEAR NORMAL DEPARTURE LAST
                VALUE   (LST)  VALUE       VALUE  FROM      YEAR
                                                  NORMAL
..................................................................
TEMPERATURE (F)
 TODAY
  MAXIMUM         77    142 PM  MM      MM  75      2       77
  MINIMUM         53    515 AM  MM      MM  54     -1       53
  AVERAGE         65                        64      1       65

PRECIPITATION (IN)
  TODAY            0.00         MM      MM   0.15  -0.15     0.00
  MONTH TO DATE    3.26                      3.23   0.03     2.71
  SINCE MAR 1      6.89                      8.95  -2.06     9.16
  SINCE JAN 1      8.47                     11.11  -2.64    10.99

DEGREE DAYS
 HEATING
  TODAY            0                         4     -4        0
  MONTH TO DATE  117                       148    -31      170
  SINCE MAR 1   1345                      1391    -46     1689
  SINCE JUL 1   6710                      6341    369     7482

 COOLING
  TODAY            0                         3     -3        0
  MONTH TO DATE   34                        30      4       30
  SINCE MAR 1     34                        34      0       33
  SINCE JAN 1     34                        34      0       33
..................................................................


WIND (MPH)
  HIGHEST WIND SPEED    16   HIGHEST WIND DIRECTION     S (170)
  HIGHEST GUST SPEED    23   HIGHEST GUST DIRECTION     S (160)
  AVERAGE WIND SPEED     5.1


SKY COVER
  POSSIBLE SUNSHINE  MM
  AVERAGE SKY COVER 0.4


WEATHER CONDITIONS
 THE FOLLOWING WEATHER WAS RECORDED TODAY.
  NO SIGNIFICANT WEATHER WAS OBSERVED.


RELATIVE HUMIDITY (PERCENT)
 HIGHEST    86           600 AM
 LOWEST     38           200 PM
 AVERAGE    62

..........................................................


THE IOWA CITY IA CLIMATE NORMALS FOR TOMORROW
                         NORMAL    RECORD    YEAR
 MAXIMUM TEMPERATURE (F)   75        MM        MM
 MINIMUM TEMPERATURE (F)   54        MM        MM


SUNRISE AND SUNSET
MAY 23 2015...........SUNRISE   540 AM CDT   SUNSET   826 PM CDT
MAY 24 2015...........SUNRISE   539 AM CDT   SUNSET   827 PM CDT


-  INDICATES NEGATIVE NUMBERS.
R  INDICATES RECORD WAS SET OR TIED.
MM INDICATES DATA IS MISSING.
T  INDICATES TRACE AMOUNT.




$$
