000
CDUS43 KDVN 092121
CLIIOW


CLIMATE REPORT
NATIONAL WEATHER SERVICE QUAD CITIES IA IL
419 PM CDT WED JUL 9 2014


...................................

...THE IOWA CITY IA CLIMATE SUMMARY FOR JULY 9 2014...
VALID TODAY AS OF 0400 PM LOCAL TIME.

CLIMATE NORMAL PERIOD 1981 TO 2010
CLIMATE RECORD PERIOD 9999 TO 9999


WEATHER ITEM   OBSERVED TIME   RECORD YEAR NORMAL DEPARTURE LAST
                VALUE   (LST)  VALUE       VALUE  FROM      YEAR
                                                  NORMAL
..................................................................
TEMPERATURE (F)
 TODAY
  MAXIMUM         79    239 PM  MM      MM  85     -6       89
  MINIMUM         59    420 AM  MM      MM  65     -6       74
  AVERAGE         69                        75     -6       82

PRECIPITATION (IN)
  TODAY            0.00         MM      MM   0.18  -0.18     0.30
  MONTH TO DATE    0.65                      1.64  -0.99     0.30
  SINCE JUN 1     10.45                      6.25   4.20     5.13
  SINCE JAN 1     21.50                     18.34   3.16    26.37

DEGREE DAYS
 HEATING
  TODAY            0                         0      0        0
  MONTH TO DATE    7                         0      7        0
  SINCE JUN 1     11                        17     -6       21
  SINCE JUL 1      7                         0      7        0

 COOLING
  TODAY            4                        10     -6       17
  MONTH TO DATE   43                        90    -47       89
  SINCE JUN 1    257                       301    -44      294
  SINCE JAN 1    346                       362    -16      381
..................................................................


WIND (MPH)
  HIGHEST WIND SPEED    15   HIGHEST WIND DIRECTION    NW (310)
  HIGHEST GUST SPEED    18   HIGHEST GUST DIRECTION    NW (310)
  AVERAGE WIND SPEED     7.2


SKY COVER
  POSSIBLE SUNSHINE  MM
  AVERAGE SKY COVER 0.2


WEATHER CONDITIONS
 THE FOLLOWING WEATHER WAS RECORDED TODAY.
  NO SIGNIFICANT WEATHER WAS OBSERVED.


RELATIVE HUMIDITY (PERCENT)
 HIGHEST    90           200 AM
 LOWEST     50          1200 PM
 AVERAGE    70

..........................................................


THE IOWA CITY IA CLIMATE NORMALS FOR TOMORROW
                         NORMAL    RECORD    YEAR
 MAXIMUM TEMPERATURE (F)   85        MM        MM
 MINIMUM TEMPERATURE (F)   65        MM        MM


SUNRISE AND SUNSET
JULY  9 2014..........SUNRISE   541 AM CDT   SUNSET   842 PM CDT
JULY 10 2014..........SUNRISE   541 AM CDT   SUNSET   842 PM CDT


-  INDICATES NEGATIVE NUMBERS.
R  INDICATES RECORD WAS SET OR TIED.
MM INDICATES DATA IS MISSING.
T  INDICATES TRACE AMOUNT.




$$
