000
CDUS43 KDVN 232120
CLIIOW


CLIMATE REPORT
NATIONAL WEATHER SERVICE QUAD CITIES IA IL
420 PM CDT TUE SEP 23 2014


...................................

...THE IOWA CITY IA CLIMATE SUMMARY FOR SEPTEMBER 23 2014...
VALID TODAY AS OF 0400 PM LOCAL TIME.

CLIMATE NORMAL PERIOD 1981 TO 2010
CLIMATE RECORD PERIOD 9999 TO 9999


WEATHER ITEM   OBSERVED TIME   RECORD YEAR NORMAL DEPARTURE LAST
                VALUE   (LST)  VALUE       VALUE  FROM      YEAR
                                                  NORMAL
..................................................................
TEMPERATURE (F)
 TODAY
  MAXIMUM         73    220 PM  MM      MM  73      0       75
  MINIMUM         44    619 AM  MM      MM  49     -5       48
  AVERAGE         59                        61     -2       62

PRECIPITATION (IN)
  TODAY            0.00         MM      MM   0.11  -0.11     0.00
  MONTH TO DATE    5.87                      2.70   3.17     1.64
  SINCE SEP 1      5.87                      2.70   3.17     1.64
  SINCE JAN 1     33.30                     28.85   4.45    29.90

DEGREE DAYS
 HEATING
  TODAY            6                         5      1        3
  MONTH TO DATE  115                        57     58       42
  SINCE SEP 1    115                        57     58       42
  SINCE JUL 1    127                        65     62       51

 COOLING
  TODAY            0                         1     -1        0
  MONTH TO DATE   44                        71    -27      161
  SINCE SEP 1     44                        71    -27      161
  SINCE JAN 1    760                       893   -133     1029
..................................................................


WIND (MPH)
  HIGHEST WIND SPEED    13   HIGHEST WIND DIRECTION     S (170)
  HIGHEST GUST SPEED    18   HIGHEST GUST DIRECTION     S (190)
  AVERAGE WIND SPEED     4.0


SKY COVER
  POSSIBLE SUNSHINE  MM
  AVERAGE SKY COVER 0.0


WEATHER CONDITIONS
 THE FOLLOWING WEATHER WAS RECORDED TODAY.
  FOG


RELATIVE HUMIDITY (PERCENT)
 HIGHEST   100          1200 AM
 LOWEST     44           100 PM
 AVERAGE    72

..........................................................


THE IOWA CITY IA CLIMATE NORMALS FOR TOMORROW
                         NORMAL    RECORD    YEAR
 MAXIMUM TEMPERATURE (F)   73        MM        MM
 MINIMUM TEMPERATURE (F)   49        MM        MM


SUNRISE AND SUNSET
SEPTEMBER 23 2014.....SUNRISE   655 AM CDT   SUNSET   702 PM CDT
SEPTEMBER 24 2014.....SUNRISE   656 AM CDT   SUNSET   700 PM CDT


-  INDICATES NEGATIVE NUMBERS.
R  INDICATES RECORD WAS SET OR TIED.
MM INDICATES DATA IS MISSING.
T  INDICATES TRACE AMOUNT.




$$
