553
CDUS43 KDVN 201001
CLIIOW


CLIMATE REPORT
NATIONAL WEATHER SERVICE QUAD CITIES IA IL
359 AM CST FRI JAN 20 2017


...................................

...THE IOWA CITY IA CLIMATE SUMMARY FOR JANUARY 19 2017...

CLIMATE NORMAL PERIOD 1981 TO 2010
CLIMATE RECORD PERIOD 9999 TO 9999


WEATHER ITEM   OBSERVED TIME   RECORD YEAR NORMAL DEPARTURE LAST
                VALUE   (LST)  VALUE       VALUE  FROM      YEAR
                                                  NORMAL
..................................................................
TEMPERATURE (F)
 YESTERDAY
  MAXIMUM         40    608 PM  MM      MM  30     10       14
  MINIMUM         28    702 AM  MM      MM  14     14        2
  AVERAGE         34                        22     12        8

PRECIPITATION (IN)
  YESTERDAY        0.35         MM      MM   0.03   0.32      T
  MONTH TO DATE    1.37                      0.40   0.97     0.18
  SINCE DEC 1      2.21                      1.92   0.29     3.65
  SINCE JAN 1      1.37                      0.40   0.97     0.18

DEGREE DAYS
 HEATING
  YESTERDAY       31                        43    -12       57
  MONTH TO DATE  739                       817    -78      859
  SINCE DEC 1   1957                      2049    -92     1732
  SINCE JUL 1   2759                      3356   -597     2782

 COOLING
  YESTERDAY        0                         0      0        0
  MONTH TO DATE    0                         0      0        0
  SINCE DEC 1      0                         0      0        0
  SINCE JAN 1      0                         0      0        0
..................................................................


WIND (MPH)
  HIGHEST WIND SPEED    12   HIGHEST WIND DIRECTION     E (90)
  HIGHEST GUST SPEED    16   HIGHEST GUST DIRECTION     E (90)
  AVERAGE WIND SPEED     4.8


SKY COVER
  POSSIBLE SUNSHINE  MM
  AVERAGE SKY COVER 0.9


WEATHER CONDITIONS
 THE FOLLOWING WEATHER WAS RECORDED YESTERDAY.
  HEAVY RAIN
  RAIN
  LIGHT RAIN
  FOG
  FOG W/VISIBILITY <= 1/4 MILE


RELATIVE HUMIDITY (PERCENT)
 HIGHEST   100          1200 AM
 LOWEST     92           500 AM
 AVERAGE    96

..........................................................


THE IOWA CITY IA CLIMATE NORMALS FOR TODAY
                         NORMAL    RECORD    YEAR
 MAXIMUM TEMPERATURE (F)   30        MM        MM
 MINIMUM TEMPERATURE (F)   14        MM        MM


SUNRISE AND SUNSET
JANUARY 20 2017.......SUNRISE   728 AM CST   SUNSET   507 PM CST
JANUARY 21 2017.......SUNRISE   727 AM CST   SUNSET   509 PM CST


-  INDICATES NEGATIVE NUMBERS.
R  INDICATES RECORD WAS SET OR TIED.
MM INDICATES DATA IS MISSING.
T  INDICATES TRACE AMOUNT.




$$
