000
CDUS41 KCTP 230613
CLIIPT


CLIMATE REPORT
NATIONAL WEATHER SERVICE STATE COLLEGE PA
212 AM EDT SAT MAY 23 2015


...................................

...THE WILLIAMSPORT PA CLIMATE SUMMARY FOR MAY 22 2015...

CLIMATE NORMAL PERIOD 1981 TO 2010
CLIMATE RECORD PERIOD 1895 TO 2015


WEATHER ITEM   OBSERVED TIME   RECORD YEAR NORMAL DEPARTURE LAST
                VALUE   (LST)  VALUE       VALUE  FROM      YEAR
                                                  NORMAL
..................................................................
TEMPERATURE (F)
 YESTERDAY
  MAXIMUM         72    408 PM  95    1941  73     -1       80
  MINIMUM         45    450 AM  32    2002  50     -5       54
  AVERAGE         59                        62     -3       67

PRECIPITATION (IN)
  YESTERDAY        0.01          1.77 1901   0.12  -0.11     1.47
  MONTH TO DATE    1.66                      2.56  -0.90     4.84
  SINCE MAR 1      8.22                      8.77  -0.55    10.60
  SINCE JAN 1     11.01                     13.81  -2.80    14.40

SNOWFALL (IN)
  YESTERDAY        0.0           T    1953   0.0    0.0      0.0
  MONTH TO DATE    0.0                       0.0    0.0      0.0
  SINCE MAR 1     11.4                       8.0    3.4      0.1
  SINCE JUL 1     44.4                      36.0    8.4     45.9
  SNOW DEPTH       0

DEGREE DAYS
 HEATING
  YESTERDAY        6                         5      1        0
  MONTH TO DATE   79                       166    -87      131
  SINCE MAR 1   1503                      1454     49     1614
  SINCE JUL 1   6140                      5921    219     6446

 COOLING
  YESTERDAY        0                         2     -2        2
  MONTH TO DATE   75                        18     57       26
  SINCE MAR 1     75                        23     52       35
  SINCE JAN 1     75                        23     52       35
..................................................................


WIND (MPH)
  HIGHEST WIND SPEED    23   HIGHEST WIND DIRECTION     W (290)
  HIGHEST GUST SPEED    32   HIGHEST GUST DIRECTION     W (280)
  AVERAGE WIND SPEED    12.0


SKY COVER
  POSSIBLE SUNSHINE  MM
  AVERAGE SKY COVER 0.2


WEATHER CONDITIONS
 THE FOLLOWING WEATHER WAS RECORDED YESTERDAY.
  LIGHT RAIN


RELATIVE HUMIDITY (PERCENT)
 HIGHEST    86          1200 AM
 LOWEST     16           600 PM
 AVERAGE    51

..........................................................


THE WILLIAMSPORT PA CLIMATE NORMALS FOR TODAY
                         NORMAL    RECORD    YEAR
 MAXIMUM TEMPERATURE (F)   74        96      1925
 MINIMUM TEMPERATURE (F)   50        34      1932


SUNRISE AND SUNSET
MAY 23 2015...........SUNRISE   543 AM EDT   SUNSET   827 PM EDT
MAY 24 2015...........SUNRISE   542 AM EDT   SUNSET   828 PM EDT


-  INDICATES NEGATIVE NUMBERS.
R  INDICATES RECORD WAS SET OR TIED.
MM INDICATES DATA IS MISSING.
T  INDICATES TRACE AMOUNT.




$$
