000
CDUS41 KCTP 240611
CLIIPT


CLIMATE REPORT
NATIONAL WEATHER SERVICE STATE COLLEGE PA
210 AM EDT SUN JUL 24 2016


...................................

...THE WILLIAMSPORT PA CLIMATE SUMMARY FOR JULY 23 2016...

CLIMATE NORMAL PERIOD 1981 TO 2010
CLIMATE RECORD PERIOD 1895 TO 2016


WEATHER ITEM   OBSERVED TIME   RECORD YEAR NORMAL DEPARTURE LAST
                VALUE   (LST)  VALUE       VALUE  FROM      YEAR
                                                  NORMAL
..................................................................
TEMPERATURE (F)
 YESTERDAY
  MAXIMUM         99R   410 PM  99    1955  84     15       82
  MINIMUM         69   1141 PM  47    1983  62      7       54
  AVERAGE         84                        73     11       68

PRECIPITATION (IN)
  YESTERDAY        0.00          3.00 2008   0.14  -0.14     0.00
  MONTH TO DATE    1.19                      3.16  -1.97     3.43
  SINCE JUN 1      5.64                      7.08  -1.44    11.24
  SINCE JAN 1     16.98                     21.99  -5.01    23.66

DEGREE DAYS
 HEATING
  YESTERDAY        0                         0      0        0
  MONTH TO DATE    0                         0      0        2
  SINCE JUN 1      9                        37    -28       23
  SINCE JUL 1      0                         0      0        2

 COOLING
  YESTERDAY       19                         8     11        3
  MONTH TO DATE  258                       181     77      170
  SINCE JUN 1    430                       327    103      342
  SINCE JAN 1    503                       370    133      470
..................................................................


WIND (MPH)
  HIGHEST WIND SPEED    18   HIGHEST WIND DIRECTION     N (340)
  HIGHEST GUST SPEED    23   HIGHEST GUST DIRECTION    NW (300)
  AVERAGE WIND SPEED     5.8


SKY COVER
  POSSIBLE SUNSHINE  MM
  AVERAGE SKY COVER 0.1


WEATHER CONDITIONS
 THE FOLLOWING WEATHER WAS RECORDED YESTERDAY.
  NO SIGNIFICANT WEATHER WAS OBSERVED.


RELATIVE HUMIDITY (PERCENT)
 HIGHEST    79           200 AM
 LOWEST     18           400 PM
 AVERAGE    49

..........................................................


THE WILLIAMSPORT PA CLIMATE NORMALS FOR TODAY
                         NORMAL    RECORD    YEAR
 MAXIMUM TEMPERATURE (F)   84        96      2001
 MINIMUM TEMPERATURE (F)   62        48      1985


SUNRISE AND SUNSET
JULY 24 2016..........SUNRISE   556 AM EDT   SUNSET   832 PM EDT
JULY 25 2016..........SUNRISE   557 AM EDT   SUNSET   831 PM EDT


-  INDICATES NEGATIVE NUMBERS.
R  INDICATES RECORD WAS SET OR TIED.
MM INDICATES DATA IS MISSING.
T  INDICATES TRACE AMOUNT.




$$
