000
CDUS41 KCTP 300625
CLIIPT


CLIMATE REPORT
NATIONAL WEATHER SERVICE STATE COLLEGE PA
225 AM EDT FRI SEP 30 2016


...................................

...THE WILLIAMSPORT PA CLIMATE SUMMARY FOR SEPTEMBER 29 2016...

CLIMATE NORMAL PERIOD 1981 TO 2010
CLIMATE RECORD PERIOD 1895 TO 2016


WEATHER ITEM   OBSERVED TIME   RECORD YEAR NORMAL DEPARTURE LAST
                VALUE   (LST)  VALUE       VALUE  FROM      YEAR
                                                  NORMAL
..................................................................
TEMPERATURE (F)
 YESTERDAY
  MAXIMUM         61    528 PM  84    1921  68     -7       74
                                      1900
  MINIMUM         57    621 AM  31    1942  48      9       68
  AVERAGE         59                        58      1       71

PRECIPITATION (IN)
  YESTERDAY        0.65          1.89 1959   0.14   0.51     1.30
  MONTH TO DATE    2.73                      4.02  -1.29     3.13
  SINCE SEP 1      2.73                      4.02  -1.29     3.13
  SINCE JAN 1     26.16                     31.05  -4.89    31.42

DEGREE DAYS
 HEATING
  YESTERDAY        6                         8     -2        0
  MONTH TO DATE   32                       107    -75       20
  SINCE SEP 1     32                       107    -75       20
  SINCE JUL 1     32                       121    -89       22

 COOLING
  YESTERDAY        0                         1     -1        6
  MONTH TO DATE  164                        63    101      152
  SINCE SEP 1    164                        63    101      152
  SINCE JAN 1   1137                       697    440      937
..................................................................


WIND (MPH)
  HIGHEST WIND SPEED    14   HIGHEST WIND DIRECTION     E (110)
  HIGHEST GUST SPEED    19   HIGHEST GUST DIRECTION     E (90)
  AVERAGE WIND SPEED     5.2


SKY COVER
  POSSIBLE SUNSHINE  MM
  AVERAGE SKY COVER 1.0


WEATHER CONDITIONS
 THE FOLLOWING WEATHER WAS RECORDED YESTERDAY.
  HEAVY RAIN
  RAIN
  LIGHT RAIN
  FOG


RELATIVE HUMIDITY (PERCENT)
 HIGHEST   100           900 AM
 LOWEST     80          1000 PM
 AVERAGE    90

..........................................................


THE WILLIAMSPORT PA CLIMATE NORMALS FOR TODAY
                         NORMAL    RECORD    YEAR
 MAXIMUM TEMPERATURE (F)   68        93      1953
 MINIMUM TEMPERATURE (F)   47        31      1932


SUNRISE AND SUNSET
SEPTEMBER 30 2016.....SUNRISE   704 AM EDT   SUNSET   650 PM EDT
OCTOBER  1 2016.......SUNRISE   705 AM EDT   SUNSET   649 PM EDT


-  INDICATES NEGATIVE NUMBERS.
R  INDICATES RECORD WAS SET OR TIED.
MM INDICATES DATA IS MISSING.
T  INDICATES TRACE AMOUNT.




$$
