000
CDUS41 KCTP 272123
CLIIPT


CLIMATE REPORT
NATIONAL WEATHER SERVICE STATE COLLEGE PA
523 PM EDT SAT AUG 27 2016


...................................

...THE WILLIAMSPORT PA CLIMATE SUMMARY FOR AUGUST 27 2016...
VALID TODAY AS OF 0500 PM LOCAL TIME.

CLIMATE NORMAL PERIOD 1981 TO 2010
CLIMATE RECORD PERIOD 1895 TO 2016


WEATHER ITEM   OBSERVED TIME   RECORD YEAR NORMAL DEPARTURE LAST
                VALUE   (LST)  VALUE       VALUE  FROM      YEAR
                                                  NORMAL
..................................................................
TEMPERATURE (F)
 TODAY
  MAXIMUM         86    350 PM  98    1948  80      6       75
  MINIMUM         64    548 AM  41    1944  59      5       58
  AVERAGE         75                        70      5       67

PRECIPITATION (IN)
  TODAY            0.00          1.71 1937   0.12  -0.12     0.00
  MONTH TO DATE    4.52                      3.37   1.15     3.88
  SINCE JUN 1     12.08                     11.63   0.45    15.62
  SINCE JAN 1     23.42                     26.54  -3.12    28.04

DEGREE DAYS
 HEATING
  TODAY            0                         1     -1        0
  MONTH TO DATE    0                         3     -3        0
  SINCE JUN 1      9                        44    -35       23
  SINCE JUL 1      0                         7     -7        2

 COOLING
  TODAY           10                         5      5        2
  MONTH TO DATE  315                       182    133      200
  SINCE JUN 1    863                       572    291      628
  SINCE JAN 1    936                       615    321      756
..................................................................


WIND (MPH)
  HIGHEST WIND SPEED     7   HIGHEST WIND DIRECTION     E (100)
  HIGHEST GUST SPEED     9   HIGHEST GUST DIRECTION    SE (120)
  AVERAGE WIND SPEED     2.0


SKY COVER
  POSSIBLE SUNSHINE  MM
  AVERAGE SKY COVER 0.0


WEATHER CONDITIONS
 THE FOLLOWING WEATHER WAS RECORDED TODAY.
  NO SIGNIFICANT WEATHER WAS OBSERVED.


RELATIVE HUMIDITY (PERCENT)
 HIGHEST    93           500 AM
 LOWEST     45           300 PM
 AVERAGE    69

..........................................................


THE WILLIAMSPORT PA CLIMATE NORMALS FOR TOMORROW
                         NORMAL    RECORD    YEAR
 MAXIMUM TEMPERATURE (F)   80        98      1953
 MINIMUM TEMPERATURE (F)   59        42      1941


SUNRISE AND SUNSET
AUGUST 27 2016........SUNRISE   630 AM EDT   SUNSET   748 PM EDT
AUGUST 28 2016........SUNRISE   631 AM EDT   SUNSET   746 PM EDT


-  INDICATES NEGATIVE NUMBERS.
R  INDICATES RECORD WAS SET OR TIED.
MM INDICATES DATA IS MISSING.
T  INDICATES TRACE AMOUNT.




$$
