000
CDUS41 KCTP 240634
CLIIPT


CLIMATE REPORT
NATIONAL WEATHER SERVICE STATE COLLEGE PA
134 AM EST FRI NOV 24 2017


...................................

...THE WILLIAMSPORT PA CLIMATE SUMMARY FOR NOVEMBER 23 2017...

CLIMATE NORMAL PERIOD 1981 TO 2010
CLIMATE RECORD PERIOD 1895 TO 2017


WEATHER ITEM   OBSERVED TIME   RECORD YEAR NORMAL DEPARTURE LAST
                VALUE   (LST)  VALUE       VALUE  FROM      YEAR
                                                  NORMAL
..................................................................
TEMPERATURE (F)
 YESTERDAY
  MAXIMUM         41    358 PM  66    1992  47     -6       43
                                      1979
                                      1931
  MINIMUM         28    720 AM  14    1964  31     -3       23
  AVERAGE         35                        39     -4       33

PRECIPITATION (IN)
  YESTERDAY        0.00          0.80 1953   0.13  -0.13      T
  MONTH TO DATE    1.21                      2.82  -1.61     0.42
  SINCE SEP 1      9.15                     10.40  -1.25     7.32
  SINCE JAN 1     45.18                     37.43   7.75    30.75

SNOWFALL (IN)
  YESTERDAY        0.0           2.2  1989   0.0    0.0      0.0
  MONTH TO DATE    0.1                       1.0   -0.9      0.1
  SINCE SEP 1      0.1                       1.1   -1.0      0.1
  SINCE JUL 1      0.1                       1.1   -1.0      0.1
  SNOW DEPTH       0

DEGREE DAYS
 HEATING
  YESTERDAY       30                        26      4       32
  MONTH TO DATE  531                       509     22      453
  SINCE SEP 1    815                      1038   -223      787
  SINCE JUL 1    817                      1052   -235      787

 COOLING
  YESTERDAY        0                         0      0        0
  MONTH TO DATE    0                         0      0        0
  SINCE SEP 1    187                        68    119      175
  SINCE JAN 1    929                       702    227     1148
..................................................................


WIND (MPH)
  HIGHEST WIND SPEED    10   HIGHEST WIND DIRECTION    NW (330)
  HIGHEST GUST SPEED    12   HIGHEST GUST DIRECTION     N (340)
  AVERAGE WIND SPEED     2.5


SKY COVER
  POSSIBLE SUNSHINE  MM
  AVERAGE SKY COVER 0.7


WEATHER CONDITIONS
 THE FOLLOWING WEATHER WAS RECORDED YESTERDAY.
  NO SIGNIFICANT WEATHER WAS OBSERVED.


RELATIVE HUMIDITY (PERCENT)
 HIGHEST    72          1000 PM
 LOWEST     44           200 PM
 AVERAGE    58

..........................................................


THE WILLIAMSPORT PA CLIMATE NORMALS FOR TODAY
                         NORMAL    RECORD    YEAR
 MAXIMUM TEMPERATURE (F)   46        69      2014
 MINIMUM TEMPERATURE (F)   31        15      1914


SUNRISE AND SUNSET
NOVEMBER 24 2017......SUNRISE   707 AM EST   SUNSET   442 PM EST
NOVEMBER 25 2017......SUNRISE   708 AM EST   SUNSET   442 PM EST


-  INDICATES NEGATIVE NUMBERS.
R  INDICATES RECORD WAS SET OR TIED.
MM INDICATES DATA IS MISSING.
T  INDICATES TRACE AMOUNT.




$$
