000
CDUS41 KCTP 260617
CLIIPT


CLIMATE REPORT
NATIONAL WEATHER SERVICE STATE COLLEGE PA
217 AM EDT WED JUL 26 2017


...................................

...THE WILLIAMSPORT PA CLIMATE SUMMARY FOR JULY 25 2017...

CLIMATE NORMAL PERIOD 1981 TO 2010
CLIMATE RECORD PERIOD 1895 TO 2017


WEATHER ITEM   OBSERVED TIME   RECORD YEAR NORMAL DEPARTURE LAST
                VALUE   (LST)  VALUE       VALUE  FROM      YEAR
                                                  NORMAL
..................................................................
TEMPERATURE (F)
 YESTERDAY
  MAXIMUM         76    344 PM 100    1934  84     -8       98
  MINIMUM         61   1159 PM  48    1953  62     -1       70
  AVERAGE         69                        73     -4       84

PRECIPITATION (IN)
  YESTERDAY        0.00          0.97 2010   0.15  -0.15     0.53
  MONTH TO DATE    7.45                      3.46   3.99     1.72
  SINCE JUN 1     11.15                      7.38   3.77     6.17
  SINCE JAN 1     30.27                     22.29   7.98    17.51

DEGREE DAYS
 HEATING
  YESTERDAY        0                         0      0        0
  MONTH TO DATE    0                         0      0        0
  SINCE JUN 1     21                        37    -16        9
  SINCE JUL 1      0                         0      0        0

 COOLING
  YESTERDAY        4                         8     -4       19
  MONTH TO DATE  274                       197     77      291
  SINCE JUN 1    453                       343    110      463
  SINCE JAN 1    503                       386    117      536
..................................................................


WIND (MPH)
  HIGHEST WIND SPEED    14   HIGHEST WIND DIRECTION     W (280)
  HIGHEST GUST SPEED    18   HIGHEST GUST DIRECTION     W (280)
  AVERAGE WIND SPEED     6.4


SKY COVER
  POSSIBLE SUNSHINE  MM
  AVERAGE SKY COVER 1.0


WEATHER CONDITIONS
 THE FOLLOWING WEATHER WAS RECORDED YESTERDAY.
  NO SIGNIFICANT WEATHER WAS OBSERVED.


RELATIVE HUMIDITY (PERCENT)
 HIGHEST    90          1100 PM
 LOWEST     57           200 PM
 AVERAGE    74

..........................................................


THE WILLIAMSPORT PA CLIMATE NORMALS FOR TODAY
                         NORMAL    RECORD    YEAR
 MAXIMUM TEMPERATURE (F)   84        98      1934
 MINIMUM TEMPERATURE (F)   62        48      1920


SUNRISE AND SUNSET
JULY 26 2017..........SUNRISE   558 AM EDT   SUNSET   830 PM EDT
JULY 27 2017..........SUNRISE   558 AM EDT   SUNSET   829 PM EDT


-  INDICATES NEGATIVE NUMBERS.
R  INDICATES RECORD WAS SET OR TIED.
MM INDICATES DATA IS MISSING.
T  INDICATES TRACE AMOUNT.




$$
