000
CDUS43 KEAX 280640
CLIIRK


CLIMATE REPORT
NATIONAL WEATHER SERVICE KANSAS CITY/PLEASANT HILL MO
140 AM CDT FRI JUL 28 2017


...................................

...THE KIRKSVILLE MO CLIMATE SUMMARY FOR JULY 27 2017...

CLIMATE NORMAL PERIOD 1981 TO 2010
CLIMATE RECORD PERIOD 9999 TO 9999


WEATHER ITEM   OBSERVED TIME   NORMAL DEPARTURE LAST
                VALUE   (LST)  VALUE  FROM      YEAR
                                      NORMAL
......................................................
TEMPERATURE (F)
 YESTERDAY
  MAXIMUM         86    457 PM  86      0       92
  MINIMUM         70   1139 PM  65      5       63
  AVERAGE         78            76      2       78

PRECIPITATION (IN)
  YESTERDAY        0.16          0.15   0.01     0.00
  MONTH TO DATE    0.92          4.01  -3.09     2.12
  SINCE JUN 1      5.92          8.79  -2.87     3.61
  SINCE JAN 1     19.34         22.94  -3.60    15.90

DEGREE DAYS
 HEATING
  YESTERDAY        0             0      0        0
  MONTH TO DATE    0             0      0        6
  SINCE JUN 1      7            16     -9        6
  SINCE JUL 1      0             0      0        6

 COOLING
  YESTERDAY       13            11      2       13
  MONTH TO DATE  378           272    106      324
  SINCE JUN 1    626           464    162      647
  SINCE JAN 1    718           526    192      719
......................................................


WIND (MPH)
  HIGHEST WIND SPEED    14   HIGHEST WIND DIRECTION    NE (40)
  HIGHEST GUST SPEED    19   HIGHEST GUST DIRECTION     N (20)
  AVERAGE WIND SPEED     6.8


SKY COVER
  AVERAGE SKY COVER 0.8


WEATHER CONDITIONS
 THE FOLLOWING WEATHER WAS RECORDED YESTERDAY.
  HEAVY RAIN
  LIGHT RAIN
  FOG


RELATIVE HUMIDITY (PERCENT)
 HIGHEST   100           500 AM
 LOWEST     61           500 PM
 AVERAGE    81

..........................................................


THE KIRKSVILLE MO CLIMATE NORMALS FOR TODAY
                         NORMAL
 MAXIMUM TEMPERATURE (F)   86
 MINIMUM TEMPERATURE (F)   65


SUNRISE AND SUNSET
JULY 28 2017..........SUNRISE   605 AM CDT   SUNSET   828 PM CDT
JULY 29 2017..........SUNRISE   606 AM CDT   SUNSET   827 PM CDT


-  INDICATES NEGATIVE NUMBERS.
R  INDICATES RECORD WAS SET OR TIED.
MM INDICATES DATA IS MISSING.
T  INDICATES TRACE AMOUNT.




$$
