000
CDUS43 KEAX 300636
CLIIRK


CLIMATE REPORT
NATIONAL WEATHER SERVICE KANSAS CITY/PLEASANT HILL MO
135 AM CDT TUE MAY 30 2017


...................................

...THE KIRKSVILLE MO CLIMATE SUMMARY FOR MAY 29 2017...

CLIMATE NORMAL PERIOD 1981 TO 2010
CLIMATE RECORD PERIOD 9999 TO 9999


WEATHER ITEM   OBSERVED TIME   NORMAL DEPARTURE LAST
                VALUE   (LST)  VALUE  FROM      YEAR
                                      NORMAL
......................................................
TEMPERATURE (F)
 YESTERDAY
  MAXIMUM         79    300 PM  77      2       84
  MINIMUM         51   1052 PM  56     -5       61
  AVERAGE         65            66     -1       73

PRECIPITATION (IN)
  YESTERDAY        0.00          0.17  -0.17     0.00
  MONTH TO DATE    1.79          4.63  -2.84     4.72
  SINCE MAR 1     11.56         11.02   0.54     9.70
  SINCE JAN 1     13.42         13.82  -0.40    12.29

DEGREE DAYS
 HEATING
  YESTERDAY        0             2     -2        0
  MONTH TO DATE  152           147      5      170
  SINCE MAR 1   1080          1304   -224     1031
  SINCE JUL 1   4609          5837  -1228     4738

 COOLING
  YESTERDAY        0             3     -3        8
  MONTH TO DATE   68            49     19       50
  SINCE MAR 1     92            56     36       58
  SINCE JAN 1     92            56     36       58
......................................................


WIND (MPH)
  HIGHEST WIND SPEED    18   HIGHEST WIND DIRECTION    NW (300)
  HIGHEST GUST SPEED    25   HIGHEST GUST DIRECTION    NW (300)
  AVERAGE WIND SPEED     8.1


SKY COVER
  AVERAGE SKY COVER 0.1


WEATHER CONDITIONS
 THE FOLLOWING WEATHER WAS RECORDED YESTERDAY.
  NO SIGNIFICANT WEATHER WAS OBSERVED.


RELATIVE HUMIDITY (PERCENT)
 HIGHEST    77          1200 AM
 LOWEST     27           200 PM
 AVERAGE    52

..........................................................


THE KIRKSVILLE MO CLIMATE NORMALS FOR TODAY
                         NORMAL
 MAXIMUM TEMPERATURE (F)   77
 MINIMUM TEMPERATURE (F)   56


SUNRISE AND SUNSET
MAY 30 2017...........SUNRISE   544 AM CDT   SUNSET   832 PM CDT
MAY 31 2017...........SUNRISE   543 AM CDT   SUNSET   833 PM CDT


-  INDICATES NEGATIVE NUMBERS.
R  INDICATES RECORD WAS SET OR TIED.
MM INDICATES DATA IS MISSING.
T  INDICATES TRACE AMOUNT.




$$
