000
CDUS43 KEAX 300654
CLIIRK


CLIMATE REPORT
NATIONAL WEATHER SERVICE KANSAS CITY/PLEASANT HILL MO
154 AM CDT WED JUL 30 2014


...................................

...THE KIRKSVILLE MO CLIMATE SUMMARY FOR JULY 29 2014...

CLIMATE NORMAL PERIOD 1981 TO 2010
CLIMATE RECORD PERIOD 9999 TO 9999


WEATHER ITEM   OBSERVED TIME   NORMAL DEPARTURE LAST
                VALUE   (LST)  VALUE  FROM      YEAR
                                      NORMAL
......................................................
TEMPERATURE (F)
 YESTERDAY
  MAXIMUM         81    335 PM  86     -5       76
  MINIMUM         52    539 AM  65    -13       47
  AVERAGE         67            76     -9       62

PRECIPITATION (IN)
  YESTERDAY        0.00          0.16  -0.16     1.10
  MONTH TO DATE    2.81          4.33  -1.52     1.87
  SINCE JUN 1     10.23          9.11   1.12     5.31
  SINCE JAN 1     19.33         23.26  -3.93    29.78

DEGREE DAYS
 HEATING
  YESTERDAY        0             0      0        3
  MONTH TO DATE    6             0      6        8
  SINCE JUN 1     12            16     -4       44
  SINCE JUL 1      6             0      6        8

 COOLING
  YESTERDAY        2            11     -9        0
  MONTH TO DATE  184           294   -110      245
  SINCE JUN 1    431           486    -55      452
  SINCE JAN 1    553           548      5      520
......................................................


WIND (MPH)
  HIGHEST WIND SPEED    10   HIGHEST WIND DIRECTION    NW (300)
  HIGHEST GUST SPEED    14   HIGHEST GUST DIRECTION     W (290)
  AVERAGE WIND SPEED     2.8


SKY COVER
  AVERAGE SKY COVER 0.1


WEATHER CONDITIONS
 THE FOLLOWING WEATHER WAS RECORDED YESTERDAY.
  FOG
  FOG W/VISIBILITY <= 1/4 MILE


RELATIVE HUMIDITY (PERCENT)
 HIGHEST    93          1200 AM
 LOWEST     39           300 PM
 AVERAGE    66

..........................................................


THE KIRKSVILLE MO CLIMATE NORMALS FOR TODAY
                         NORMAL
 MAXIMUM TEMPERATURE (F)   86
 MINIMUM TEMPERATURE (F)   65


SUNRISE AND SUNSET
JULY 30 2014..........SUNRISE   607 AM CDT   SUNSET   826 PM CDT
JULY 31 2014..........SUNRISE   607 AM CDT   SUNSET   825 PM CDT


-  INDICATES NEGATIVE NUMBERS.
R  INDICATES RECORD WAS SET OR TIED.
MM INDICATES DATA IS MISSING.
T  INDICATES TRACE AMOUNT.




$$
