000
CDUS43 KEAX 310639
CLIIRK


CLIMATE REPORT
NATIONAL WEATHER SERVICE KANSAS CITY/PLEASANT HILL MO
138 AM CDT SUN AUG 31 2014


...................................

...THE KIRKSVILLE MO CLIMATE SUMMARY FOR AUGUST 30 2014...

CLIMATE NORMAL PERIOD 1981 TO 2010
CLIMATE RECORD PERIOD 9999 TO 9999


WEATHER ITEM   OBSERVED TIME   NORMAL DEPARTURE LAST
                VALUE   (LST)  VALUE  FROM      YEAR
                                      NORMAL
......................................................
TEMPERATURE (F)
 YESTERDAY
  MAXIMUM         86    345 PM  82      4      102
  MINIMUM         66   1142 PM  60      6       74
  AVERAGE         76            71      5       88

PRECIPITATION (IN)
  YESTERDAY        0.25          0.17   0.08     0.00
  MONTH TO DATE    8.76          3.65   5.11      T
  SINCE JUN 1     18.99         13.09   5.90     5.42
  SINCE JAN 1     28.09         27.24   0.85    29.89

DEGREE DAYS
 HEATING
  YESTERDAY        0             1     -1        0
  MONTH TO DATE    0             1     -1        5
  SINCE JUN 1     12            18     -6       49
  SINCE JUL 1      6             2      4       13

 COOLING
  YESTERDAY       11             6      5       23
  MONTH TO DATE  296           269     27      262
  SINCE JUN 1    734           774    -40      726
  SINCE JAN 1    856           836     20      794
......................................................


WIND (MPH)
  HIGHEST WIND SPEED    20   HIGHEST WIND DIRECTION    SW (230)
  HIGHEST GUST SPEED    31   HIGHEST GUST DIRECTION    SW (240)
  AVERAGE WIND SPEED     5.3


SKY COVER
  AVERAGE SKY COVER 0.2


WEATHER CONDITIONS
 THE FOLLOWING WEATHER WAS RECORDED YESTERDAY.
  THUNDERSTORM
  HEAVY RAIN
  RAIN
  LIGHT RAIN
  FOG


RELATIVE HUMIDITY (PERCENT)
 HIGHEST   100          1100 PM
 LOWEST     55           200 PM
 AVERAGE    78

..........................................................


THE KIRKSVILLE MO CLIMATE NORMALS FOR TODAY
                         NORMAL
 MAXIMUM TEMPERATURE (F)   82
 MINIMUM TEMPERATURE (F)   59


SUNRISE AND SUNSET
AUGUST 31 2014........SUNRISE   637 AM CDT   SUNSET   743 PM CDT
SEPTEMBER  1 2014.....SUNRISE   638 AM CDT   SUNSET   742 PM CDT


-  INDICATES NEGATIVE NUMBERS.
R  INDICATES RECORD WAS SET OR TIED.
MM INDICATES DATA IS MISSING.
T  INDICATES TRACE AMOUNT.




$$
