000
CDUS43 KEAX 230646
CLIIRK


CLIMATE REPORT
NATIONAL WEATHER SERVICE KANSAS CITY/PLEASANT HILL MO
146 AM CDT SAT SEP 23 2017


...................................

...THE KIRKSVILLE MO CLIMATE SUMMARY FOR SEPTEMBER 22 2017...

CLIMATE NORMAL PERIOD 1981 TO 2010
CLIMATE RECORD PERIOD 9999 TO 9999


WEATHER ITEM   OBSERVED TIME   NORMAL DEPARTURE LAST
                VALUE   (LST)  VALUE  FROM      YEAR
                                      NORMAL
......................................................
TEMPERATURE (F)
 YESTERDAY
  MAXIMUM         93    226 PM  73     20       88
  MINIMUM         67    535 AM  50     17       67
  AVERAGE         80            62     18       78

PRECIPITATION (IN)
  YESTERDAY        0.00          0.13  -0.13     0.00
  MONTH TO DATE    0.22          3.17  -2.95     2.12
  SINCE SEP 1      0.22          3.17  -2.95     2.12
  SINCE JAN 1     24.49         30.58  -6.09    25.26

DEGREE DAYS
 HEATING
  YESTERDAY        0             5     -5        0
  MONTH TO DATE   21            49    -28        4
  SINCE SEP 1     21            49    -28        4
  SINCE JUL 1     22            56    -34       10

 COOLING
  YESTERDAY       15             1     14       13
  MONTH TO DATE  114            73     41      152
  SINCE SEP 1    114            73     41      152
  SINCE JAN 1   1039           917    122     1230
......................................................


WIND (MPH)
  HIGHEST WIND SPEED    18   HIGHEST WIND DIRECTION     S (180)
  HIGHEST GUST SPEED    24   HIGHEST GUST DIRECTION     S (180)
  AVERAGE WIND SPEED     8.4


SKY COVER
  AVERAGE SKY COVER 0.0


WEATHER CONDITIONS
 THE FOLLOWING WEATHER WAS RECORDED YESTERDAY.
  NO SIGNIFICANT WEATHER WAS OBSERVED.


RELATIVE HUMIDITY (PERCENT)
 HIGHEST    93          1200 AM
 LOWEST     44           300 PM
 AVERAGE    69

..........................................................


THE KIRKSVILLE MO CLIMATE NORMALS FOR TODAY
                         NORMAL
 MAXIMUM TEMPERATURE (F)   73
 MINIMUM TEMPERATURE (F)   50


SUNRISE AND SUNSET
SEPTEMBER 23 2017.....SUNRISE   659 AM CDT   SUNSET   705 PM CDT
SEPTEMBER 24 2017.....SUNRISE   700 AM CDT   SUNSET   703 PM CDT


-  INDICATES NEGATIVE NUMBERS.
R  INDICATES RECORD WAS SET OR TIED.
MM INDICATES DATA IS MISSING.
T  INDICATES TRACE AMOUNT.




$$
