000
CDUS43 KEAX 260635
CLIIRK


CLIMATE REPORT
NATIONAL WEATHER SERVICE KANSAS CITY/PLEASANT HILL MO
135 AM CDT FRI AUG 26 2016


...................................

...THE KIRKSVILLE MO CLIMATE SUMMARY FOR AUGUST 25 2016...

CLIMATE NORMAL PERIOD 1981 TO 2010
CLIMATE RECORD PERIOD 9999 TO 9999


WEATHER ITEM   OBSERVED TIME   NORMAL DEPARTURE LAST
                VALUE   (LST)  VALUE  FROM      YEAR
                                      NORMAL
......................................................
TEMPERATURE (F)
 YESTERDAY
  MAXIMUM         78    442 PM  83     -5       77
  MINIMUM         67   1056 PM  61      6       49
  AVERAGE         73            72      1       63

PRECIPITATION (IN)
  YESTERDAY        0.68          0.13   0.55     0.00
  MONTH TO DATE    4.46          2.92   1.54     2.42
  SINCE JUN 1      8.17         12.36  -4.19    20.46
  SINCE JAN 1     20.46         26.51  -6.05    31.22

DEGREE DAYS
 HEATING
  YESTERDAY        0             0      0        2
  MONTH TO DATE    0             0      0        7
  SINCE JUN 1      6            17    -11       27
  SINCE JUL 1      6             1      5       12

 COOLING
  YESTERDAY        8             8      0        0
  MONTH TO DATE  262           235     27      202
  SINCE JUN 1    944           740    204      776
  SINCE JAN 1   1016           802    214      844
......................................................


WIND (MPH)
  HIGHEST WIND SPEED    14   HIGHEST WIND DIRECTION    NE (30)
  HIGHEST GUST SPEED    18   HIGHEST GUST DIRECTION    NE (40)
  AVERAGE WIND SPEED     5.4


SKY COVER
  AVERAGE SKY COVER 0.8


WEATHER CONDITIONS
 THE FOLLOWING WEATHER WAS RECORDED YESTERDAY.
  HEAVY RAIN
  RAIN
  LIGHT RAIN
  FOG


RELATIVE HUMIDITY (PERCENT)
 HIGHEST   100          1200 AM
 LOWEST     69           500 PM
 AVERAGE    85

..........................................................


THE KIRKSVILLE MO CLIMATE NORMALS FOR TODAY
                         NORMAL
 MAXIMUM TEMPERATURE (F)   83
 MINIMUM TEMPERATURE (F)   61


SUNRISE AND SUNSET
AUGUST 26 2016........SUNRISE   633 AM CDT   SUNSET   750 PM CDT
AUGUST 27 2016........SUNRISE   634 AM CDT   SUNSET   749 PM CDT


-  INDICATES NEGATIVE NUMBERS.
R  INDICATES RECORD WAS SET OR TIED.
MM INDICATES DATA IS MISSING.
T  INDICATES TRACE AMOUNT.




$$
