000
CDUS43 KEAX 180643
CLIIRK


CLIMATE REPORT
NATIONAL WEATHER SERVICE KANSAS CITY/PLEASANT HILL MO
142 AM CDT FRI APR 18 2014


...................................

...THE KIRKSVILLE MO CLIMATE SUMMARY FOR APRIL 17 2014...

CLIMATE NORMAL PERIOD 1981 TO 2010
CLIMATE RECORD PERIOD 9999 TO 9999


WEATHER ITEM   OBSERVED TIME   NORMAL DEPARTURE LAST
                VALUE   (LST)  VALUE  FROM      YEAR
                                      NORMAL
......................................................
TEMPERATURE (F)
 YESTERDAY
  MAXIMUM         53    429 PM  63    -10       56
  MINIMUM         34   1139 PM  41     -7       42
  AVERAGE         44            52     -8       49

PRECIPITATION (IN)
  YESTERDAY        0.00          0.14  -0.14     3.59
  MONTH TO DATE    1.25          1.73  -0.48     5.80
  SINCE MAR 1      2.32          4.28  -1.96     9.14
  SINCE JAN 1      5.87          7.08  -1.21    14.59

DEGREE DAYS
 HEATING
  YESTERDAY       21            13      8       16
  MONTH TO DATE  299           263     36      290
  SINCE MAR 1   1201          1017    184     1272
  SINCE JUL 1   6171          5550    621     5652

 COOLING
  YESTERDAY        0             0      0        0
  MONTH TO DATE    1             0      1        3
  SINCE MAR 1      1             0      1        3
  SINCE JAN 1      1             0      1        3
......................................................


WIND (MPH)
  HIGHEST WIND SPEED    15   HIGHEST WIND DIRECTION    NW (300)
  HIGHEST GUST SPEED    20   HIGHEST GUST DIRECTION    SW (220)
  AVERAGE WIND SPEED     6.4


SKY COVER
  AVERAGE SKY COVER 0.4


WEATHER CONDITIONS
 THE FOLLOWING WEATHER WAS RECORDED YESTERDAY.
  NO SIGNIFICANT WEATHER WAS OBSERVED.


RELATIVE HUMIDITY (PERCENT)
 HIGHEST    89          1000 PM
 LOWEST     50          1200 AM
 AVERAGE    70

..........................................................


THE KIRKSVILLE MO CLIMATE NORMALS FOR TODAY
                         NORMAL
 MAXIMUM TEMPERATURE (F)   64
 MINIMUM TEMPERATURE (F)   42


SUNRISE AND SUNSET
APRIL 18 2014.........SUNRISE   628 AM CDT   SUNSET   752 PM CDT
APRIL 19 2014.........SUNRISE   626 AM CDT   SUNSET   753 PM CDT


-  INDICATES NEGATIVE NUMBERS.
R  INDICATES RECORD WAS SET OR TIED.
MM INDICATES DATA IS MISSING.
T  INDICATES TRACE AMOUNT.




$$
