000
CDUS43 KEAX 282226
CLIIRK


CLIMATE REPORT
NATIONAL WEATHER SERVICE KANSAS CITY/PLEASANT HILL MO
425 PM CST SUN DEC 28 2014


...................................

...THE KIRKSVILLE MO CLIMATE SUMMARY FOR DECEMBER 28 2014...
VALID AS OF 0400 PM LOCAL TIME.

CLIMATE NORMAL PERIOD 1981 TO 2010
CLIMATE RECORD PERIOD 9999 TO 9999


WEATHER ITEM   OBSERVED TIME   NORMAL DEPARTURE LAST
                VALUE   (LST)  VALUE  FROM      YEAR
                                      NORMAL
......................................................
TEMPERATURE (F)
 TODAY
  MAXIMUM         38    252 PM  35      3       54
  MINIMUM         18    810 AM  18      0       35
  AVERAGE         28            26      2       45

PRECIPITATION (IN)
  TODAY            0.00          0.04  -0.04     0.00
  MONTH TO DATE    0.90          1.63  -0.73     1.31
  SINCE DEC 1      0.90          1.63  -0.73     1.31
  SINCE JAN 1     44.53         39.19   5.34    38.22

DEGREE DAYS
 HEATING
  TODAY           37            39     -2       20
  MONTH TO DATE  831          1006   -175     1095
  SINCE DEC 1    831          1006   -175     1095
  SINCE JUL 1   2152          2227    -75     2362

 COOLING
  TODAY            0             0      0        0
  MONTH TO DATE    0             0      0        0
  SINCE DEC 1      0             0      0        0
  SINCE JAN 1    958           939     19     1028
......................................................


WIND (MPH)
  HIGHEST WIND SPEED    12   HIGHEST WIND DIRECTION    SW (240)
  HIGHEST GUST SPEED    17   HIGHEST GUST DIRECTION    SW (220)
  AVERAGE WIND SPEED     5.1


SKY COVER
  AVERAGE SKY COVER 0.1


WEATHER CONDITIONS
 THE FOLLOWING WEATHER WAS RECORDED TODAY.
  FOG


RELATIVE HUMIDITY (PERCENT)
 HIGHEST   100           400 AM
 LOWEST     44           300 PM
 AVERAGE    72

..........................................................


THE KIRKSVILLE MO CLIMATE NORMALS FOR TOMORROW
                         NORMAL
 MAXIMUM TEMPERATURE (F)   35
 MINIMUM TEMPERATURE (F)   18


SUNRISE AND SUNSET
DECEMBER 28 2014......SUNRISE   731 AM CST   SUNSET   452 PM CST
DECEMBER 29 2014......SUNRISE   732 AM CST   SUNSET   453 PM CST


-  INDICATES NEGATIVE NUMBERS.
R  INDICATES RECORD WAS SET OR TIED.
MM INDICATES DATA IS MISSING.
T  INDICATES TRACE AMOUNT.




$$
