000
CDUS43 KBIS 020726
CLIISN


CLIMATE REPORT
NATIONAL WEATHER SERVICE BISMARCK ND
225 AM CDT THU OCT 2 2014


...................................

...THE WILLISTON ND CLIMATE SUMMARY FOR OCTOBER 1 2014...

CLIMATE NORMAL PERIOD 1981 TO 2010
CLIMATE RECORD PERIOD 1894 TO 2014


WEATHER ITEM   OBSERVED TIME   RECORD YEAR NORMAL DEPARTURE LAST
                VALUE   (LST)  VALUE       VALUE  FROM      YEAR
                                                  NORMAL
..................................................................
TEMPERATURE (F)
 YESTERDAY
  MAXIMUM         59    239 PM  93    1897  64     -5       67
  MINIMUM         44   1159 PM  19    2004  35      9       35
                                      2003
                                      2002
  AVERAGE         52                        50      2       51

PRECIPITATION (IN)
  YESTERDAY        0.03          0.66 1971   0.04  -0.01     0.00
  MONTH TO DATE    0.03                      0.04  -0.01     0.00
  SINCE SEP 1      1.38                      1.10   0.28     1.90
  SINCE JAN 1      9.81                     12.22  -2.41    17.79

SNOWFALL (IN)
  YESTERDAY       MM             T    1996   0.0   MM       MM
  MONTH TO DATE   MM                         0.0   MM       MM
  SINCE SEP 1     MM                         0.2   MM       MM
  SINCE JUL 1     MM                         0.2   MM       MM
  SNOW DEPTH      MM

DEGREE DAYS
 HEATING
  YESTERDAY       13                        15     -2       14
  MONTH TO DATE   13                        15     -2       14
  SINCE SEP 1    263                       290    -27      154
  SINCE JUL 1    320                       361    -41      200

 COOLING
  YESTERDAY        0                         0      0        0
  MONTH TO DATE    0                         0      0        0
  SINCE SEP 1     34                        26      8       78
  SINCE JAN 1    425                       455    -30      405
..................................................................


WIND (MPH)
  HIGHEST WIND SPEED    26   HIGHEST WIND DIRECTION    NW (300)
  HIGHEST GUST SPEED    31   HIGHEST GUST DIRECTION    NW (310)
  AVERAGE WIND SPEED    14.7


SKY COVER
  POSSIBLE SUNSHINE  MM
  AVERAGE SKY COVER 0.8


WEATHER CONDITIONS
 THE FOLLOWING WEATHER WAS RECORDED YESTERDAY.
  LIGHT RAIN
  FOG


RELATIVE HUMIDITY (PERCENT)
 HIGHEST    93           200 AM
 LOWEST     62           300 PM
 AVERAGE    78

..........................................................


THE WILLISTON ND CLIMATE NORMALS FOR TODAY
                         NORMAL    RECORD    YEAR
 MAXIMUM TEMPERATURE (F)   63        92      1997
                                             1957
 MINIMUM TEMPERATURE (F)   35        14      2002


SUNRISE AND SUNSET
OCTOBER  2 2014.......SUNRISE   755 AM CDT   SUNSET   732 PM CDT
OCTOBER  3 2014.......SUNRISE   757 AM CDT   SUNSET   729 PM CDT


-  INDICATES NEGATIVE NUMBERS.
R  INDICATES RECORD WAS SET OR TIED.
MM INDICATES DATA IS MISSING.
T  INDICATES TRACE AMOUNT.




$$
