000
CDUS43 KBIS 220728
CLIISN


CLIMATE REPORT
NATIONAL WEATHER SERVICE BISMARCK ND
227 AM CDT MON SEP 22 2014


...................................

...THE WILLISTON ND CLIMATE SUMMARY FOR SEPTEMBER 21 2014...

CLIMATE NORMAL PERIOD 1981 TO 2010
CLIMATE RECORD PERIOD 1894 TO 2014


WEATHER ITEM   OBSERVED TIME   RECORD YEAR NORMAL DEPARTURE LAST
                VALUE   (LST)  VALUE       VALUE  FROM      YEAR
                                                  NORMAL
..................................................................
TEMPERATURE (F)
 YESTERDAY
  MAXIMUM         73    522 PM  91    1938  69      4       76
  MINIMUM         37    643 AM  18    1995  40     -3       38
  AVERAGE         55                        54      1       57

PRECIPITATION (IN)
  YESTERDAY        0.00          0.85 1969   0.03  -0.03     0.00
  MONTH TO DATE    0.39                      0.74  -0.35     1.62
  SINCE SEP 1      0.39                      0.74  -0.35     1.62
  SINCE JAN 1      8.82                     11.86  -3.04    17.51

SNOWFALL (IN)
  YESTERDAY       MM             0.0  2002   0.0   MM       MM
                                      2001
  MONTH TO DATE    0.0                       0.0    0.0     MM
  SINCE SEP 1      0.0                       0.0    0.0     MM
  SINCE JUL 1      0.0                       0.0    0.0     MM
  SNOW DEPTH      MM

DEGREE DAYS
 HEATING
  YESTERDAY       10                        11     -1        8
  MONTH TO DATE  202                       154     48       55
  SINCE SEP 1    202                       154     48       55
  SINCE JUL 1    259                       225     34      101

 COOLING
  YESTERDAY        0                         0      0        0
  MONTH TO DATE    4                        24    -20       78
  SINCE SEP 1      4                        24    -20       78
  SINCE JAN 1    395                       453    -58      405
..................................................................


WIND (MPH)
  HIGHEST WIND SPEED    13   HIGHEST WIND DIRECTION    NW (300)
  HIGHEST GUST SPEED    15   HIGHEST GUST DIRECTION    NW (300)
  AVERAGE WIND SPEED     5.1


SKY COVER
  POSSIBLE SUNSHINE  MM
  AVERAGE SKY COVER 0.0


WEATHER CONDITIONS
 THE FOLLOWING WEATHER WAS RECORDED YESTERDAY.
  HAZE


RELATIVE HUMIDITY (PERCENT)
 HIGHEST    85           600 AM
 LOWEST     22           500 PM
 AVERAGE    54

..........................................................


THE WILLISTON ND CLIMATE NORMALS FOR TODAY
                         NORMAL    RECORD    YEAR
 MAXIMUM TEMPERATURE (F)   68        93      1938
 MINIMUM TEMPERATURE (F)   39        19      1983


SUNRISE AND SUNSET
SEPTEMBER 22 2014.....SUNRISE   741 AM CDT   SUNSET   752 PM CDT
SEPTEMBER 23 2014.....SUNRISE   743 AM CDT   SUNSET   750 PM CDT


-  INDICATES NEGATIVE NUMBERS.
R  INDICATES RECORD WAS SET OR TIED.
MM INDICATES DATA IS MISSING.
T  INDICATES TRACE AMOUNT.




$$
