000
CDUS43 KBIS 190749
CLIISN


CLIMATE REPORT
NATIONAL WEATHER SERVICE BISMARCK ND
147 AM CST FRI DEC 19 2014


...................................

...THE WILLISTON ND CLIMATE SUMMARY FOR DECEMBER 18 2014...

CLIMATE NORMAL PERIOD 1981 TO 2010
CLIMATE RECORD PERIOD 1894 TO 2014


WEATHER ITEM   OBSERVED TIME   RECORD YEAR NORMAL DEPARTURE LAST
                VALUE   (LST)  VALUE       VALUE  FROM      YEAR
                                                  NORMAL
..................................................................
TEMPERATURE (F)
 YESTERDAY
  MAXIMUM         29    802 PM  56    1979  23      6       34
  MINIMUM         20    343 AM -36    1929   2     18        0
  AVERAGE         25                        13     12       17

PRECIPITATION (IN)
  YESTERDAY        0.00          0.40 1903   0.03  -0.03     0.00
                                      1901
  MONTH TO DATE    0.01                      0.35  -0.34     0.59
  SINCE DEC 1      0.01                      0.35  -0.34     0.59
  SINCE JAN 1     10.66                     14.10  -3.44    20.80

SNOWFALL (IN)
  YESTERDAY        0.0           4.0  1901   0.3   -0.3     MM
                                      1903
  MONTH TO DATE    0.0                       4.7   -4.7     MM
  SINCE DEC 1      0.0                       4.7   -4.7     MM
  SINCE JUL 1      0.0                      13.6  -13.6     MM
  SNOW DEPTH      MM

DEGREE DAYS
 HEATING
  YESTERDAY       40                        52    -12       48
  MONTH TO DATE  775                       890   -115     1024
  SINCE DEC 1    775                       890   -115     1024
  SINCE JUL 1   2968                      3052    -84     3098

 COOLING
  YESTERDAY        0                         0      0        0
  MONTH TO DATE    0                         0      0        0
  SINCE DEC 1      0                         0      0        0
  SINCE JAN 1    425                       456    -31      405
..................................................................


WIND (MPH)
  HIGHEST WIND SPEED    10   HIGHEST WIND DIRECTION    SW (220)
  HIGHEST GUST SPEED    12   HIGHEST GUST DIRECTION     S (160)
  AVERAGE WIND SPEED     5.5


SKY COVER
  POSSIBLE SUNSHINE  MM
  AVERAGE SKY COVER 1.0


WEATHER CONDITIONS
 THE FOLLOWING WEATHER WAS RECORDED YESTERDAY.
  FOG


RELATIVE HUMIDITY (PERCENT)
 HIGHEST    92           700 PM
 LOWEST     77          1200 AM
 AVERAGE    85

..........................................................


THE WILLISTON ND CLIMATE NORMALS FOR TODAY
                         NORMAL    RECORD    YEAR
 MAXIMUM TEMPERATURE (F)   23        51      2004
 MINIMUM TEMPERATURE (F)    2       -40      1983


SUNRISE AND SUNSET
DECEMBER 19 2014......SUNRISE   841 AM CST   SUNSET   502 PM CST
DECEMBER 20 2014......SUNRISE   842 AM CST   SUNSET   503 PM CST


-  INDICATES NEGATIVE NUMBERS.
R  INDICATES RECORD WAS SET OR TIED.
MM INDICATES DATA IS MISSING.
T  INDICATES TRACE AMOUNT.




$$
