000
CDUS43 KBIS 230730
CLIISN


CLIMATE REPORT
NATIONAL WEATHER SERVICE BISMARCK ND
229 AM CDT FRI JUN 23 2017


...................................

...THE WILLISTON ND CLIMATE SUMMARY FOR JUNE 22 2017...

CLIMATE NORMAL PERIOD 1981 TO 2010
CLIMATE RECORD PERIOD 1894 TO 2017


WEATHER ITEM   OBSERVED TIME   RECORD YEAR NORMAL DEPARTURE LAST
                VALUE   (LST)  VALUE       VALUE  FROM      YEAR
                                                  NORMAL
..................................................................
TEMPERATURE (F)
 YESTERDAY
  MAXIMUM         75   1251 PM 102    1900  79     -4       72
  MINIMUM         52    533 AM  41    1985  52      0       56
  AVERAGE         64                        65     -1       64

PRECIPITATION (IN)
  YESTERDAY        0.04          1.53 1922   0.09  -0.05     0.02
  MONTH TO DATE    1.15                      1.81  -0.66     1.31
  SINCE JUN 1      1.15                      1.81  -0.66     1.31
  SINCE JAN 1      4.62                      6.42  -1.80     6.38

DEGREE DAYS
 HEATING
  YESTERDAY        1                         3     -2        1
  MONTH TO DATE   11                       103    -92       14
  SINCE JUN 1     11                       103    -92       14
  SINCE JUL 1   7941                      8977  -1036     7366

 COOLING
  YESTERDAY        0                         3     -3        0
  MONTH TO DATE   71                        40     31       72
  SINCE JUN 1     71                        40     31       72
  SINCE JAN 1     94                        53     41       82
..................................................................


WIND (MPH)
  HIGHEST WIND SPEED    38   HIGHEST WIND DIRECTION    NW (300)
  HIGHEST GUST SPEED    46   HIGHEST GUST DIRECTION    NW (300)
  AVERAGE WIND SPEED    20.8


SKY COVER
  POSSIBLE SUNSHINE  MM
  AVERAGE SKY COVER 0.6


WEATHER CONDITIONS
 THE FOLLOWING WEATHER WAS RECORDED YESTERDAY.
  LIGHT RAIN
  FOG


RELATIVE HUMIDITY (PERCENT)
 HIGHEST    83           100 AM
 LOWEST     23           100 PM
 AVERAGE    53

..........................................................


THE WILLISTON ND CLIMATE NORMALS FOR TODAY
                         NORMAL    RECORD    YEAR
 MAXIMUM TEMPERATURE (F)   79       102      1988
 MINIMUM TEMPERATURE (F)   52        35      1967


SUNRISE AND SUNSET
JUNE 23 2017..........SUNRISE   555 AM CDT   SUNSET   959 PM CDT
JUNE 24 2017..........SUNRISE   555 AM CDT   SUNSET   959 PM CDT


-  INDICATES NEGATIVE NUMBERS.
R  INDICATES RECORD WAS SET OR TIED.
MM INDICATES DATA IS MISSING.
T  INDICATES TRACE AMOUNT.




$$
