000
CDUS43 KBIS 010724
CLIISN


CLIMATE REPORT
NATIONAL WEATHER SERVICE BISMARCK ND
123 AM CST SUN MAR 1 2015


...................................

...THE WILLISTON ND CLIMATE SUMMARY FOR FEBRUARY 28 2015...

CLIMATE NORMAL PERIOD 1981 TO 2010
CLIMATE RECORD PERIOD 1894 TO 2015


WEATHER ITEM   OBSERVED TIME   RECORD YEAR NORMAL DEPARTURE LAST
                VALUE   (LST)  VALUE       VALUE  FROM      YEAR
                                                  NORMAL
..................................................................
TEMPERATURE (F)
 YESTERDAY
  MAXIMUM         17    519 PM  60    1992  32    -15       19
  MINIMUM         -2    757 AM -41    1962  12    -14      -14
  AVERAGE          8                        22    -14        3

PRECIPITATION (IN)
  YESTERDAY        T             0.35 1951   0.02  -0.02      T
  MONTH TO DATE    0.46                      0.39   0.07     0.26
  SINCE DEC 1      0.97                      1.60  -0.63     1.51
  SINCE JAN 1      0.94                      0.98  -0.04     0.44

SNOWFALL (IN)
  YESTERDAY       MM             6.0  2007   0.2   MM       MM
  MONTH TO DATE   MM                         5.7   MM       MM
  SINCE DEC 1     MM                        25.2   MM       MM
  SINCE JUL 1     MM                        34.1   MM       MM
  SNOW DEPTH      MM

DEGREE DAYS
 HEATING
  YESTERDAY       57                        43     14       62
  MONTH TO DATE 1469                      1346    123     1550
  SINCE DEC 1   4323                      4606   -283     4875
  SINCE JUL 1   6516                      6768   -252     6949

 COOLING
  YESTERDAY        0                         0      0        0
  MONTH TO DATE    0                         0      0        0
  SINCE DEC 1      0                         0      0        0
  SINCE JAN 1      0                         0      0        0
..................................................................


WIND (MPH)
  HIGHEST WIND SPEED    23   HIGHEST WIND DIRECTION    NW (310)
  HIGHEST GUST SPEED    26   HIGHEST GUST DIRECTION    NW (320)
  AVERAGE WIND SPEED     8.1


SKY COVER
  POSSIBLE SUNSHINE  MM
  AVERAGE SKY COVER 0.6


WEATHER CONDITIONS
 THE FOLLOWING WEATHER WAS RECORDED YESTERDAY.
  LIGHT SNOW


RELATIVE HUMIDITY (PERCENT)
 HIGHEST    87           100 AM
 LOWEST     53           200 PM
 AVERAGE    70

..........................................................


THE WILLISTON ND CLIMATE NORMALS FOR TODAY
                         NORMAL    RECORD    YEAR
 MAXIMUM TEMPERATURE (F)   33        67      1992
 MINIMUM TEMPERATURE (F)   12       -28      2003


SUNRISE AND SUNSET
MARCH  1 2015.........SUNRISE   736 AM CST   SUNSET   638 PM CST
MARCH  2 2015.........SUNRISE   734 AM CST   SUNSET   640 PM CST


-  INDICATES NEGATIVE NUMBERS.
R  INDICATES RECORD WAS SET OR TIED.
MM INDICATES DATA IS MISSING.
T  INDICATES TRACE AMOUNT.




$$
