000
CDUS43 KBIS 270733
CLIISN


CLIMATE REPORT
NATIONAL WEATHER SERVICE BISMARCK ND
232 AM CDT FRI MAY 27 2016


...................................

...THE WILLISTON ND CLIMATE SUMMARY FOR MAY 26 2016...

CLIMATE NORMAL PERIOD 1981 TO 2010
CLIMATE RECORD PERIOD 1894 TO 2016


WEATHER ITEM   OBSERVED TIME   RECORD YEAR NORMAL DEPARTURE LAST
                VALUE   (LST)  VALUE       VALUE  FROM      YEAR
                                                  NORMAL
..................................................................
TEMPERATURE (F)
 YESTERDAY
  MAXIMUM         68    147 PM  98    1934  71     -3       82
  MINIMUM         44    243 AM  26    1907  44      0       42
  AVERAGE         56                        57     -1       62

PRECIPITATION (IN)
  YESTERDAY        T             1.46 1929   0.07  -0.07      T
  MONTH TO DATE    0.56                      1.54  -0.98     1.44
  SINCE MAR 1      2.69                      3.25  -0.56     2.18
  SINCE JAN 1      3.82                      4.23  -0.41     3.12

SNOWFALL (IN)
  YESTERDAY       MM
  SNOW DEPTH      MM

DEGREE DAYS
 HEATING
  YESTERDAY        9                         8      1        3
  MONTH TO DATE  231                       311    -80      338
  SINCE MAR 1   1698                      2068   -370     1810
  SINCE JUL 1   7308                      8836  -1528     8326

 COOLING
  YESTERDAY        0                         1     -1        0
  MONTH TO DATE   10                         2      8        1
  SINCE MAR 1     10                         3      7        1
  SINCE JAN 1     10                         3      7        1
..................................................................


WIND (MPH)
  HIGHEST WIND SPEED    21   HIGHEST WIND DIRECTION    NE (30)
  HIGHEST GUST SPEED    25   HIGHEST GUST DIRECTION    NE (60)
  AVERAGE WIND SPEED     6.4


SKY COVER
  POSSIBLE SUNSHINE  MM
  AVERAGE SKY COVER 0.6


WEATHER CONDITIONS
 THE FOLLOWING WEATHER WAS RECORDED YESTERDAY.
  THUNDERSTORM
  LIGHT RAIN
  FOG


RELATIVE HUMIDITY (PERCENT)
 HIGHEST   100           400 AM
 LOWEST     52           200 PM
 AVERAGE    76

..........................................................


THE WILLISTON ND CLIMATE NORMALS FOR TODAY
                         NORMAL    RECORD    YEAR
 MAXIMUM TEMPERATURE (F)   71       101      1900
 MINIMUM TEMPERATURE (F)   44        28      1947


SUNRISE AND SUNSET
MAY 27 2016...........SUNRISE   602 AM CDT   SUNSET   942 PM CDT
MAY 28 2016...........SUNRISE   601 AM CDT   SUNSET   943 PM CDT


-  INDICATES NEGATIVE NUMBERS.
R  INDICATES RECORD WAS SET OR TIED.
MM INDICATES DATA IS MISSING.
T  INDICATES TRACE AMOUNT.




$$
