000
CDUS43 KBIS 280726
CLIISN


CLIMATE REPORT
NATIONAL WEATHER SERVICE BISMARCK ND
225 AM CDT FRI APR 28 2017


...................................

...THE WILLISTON ND CLIMATE SUMMARY FOR APRIL 27 2017...

CLIMATE NORMAL PERIOD 1981 TO 2010
CLIMATE RECORD PERIOD 1894 TO 2017


WEATHER ITEM   OBSERVED TIME   RECORD YEAR NORMAL DEPARTURE LAST
                VALUE   (LST)  VALUE       VALUE  FROM      YEAR
                                                  NORMAL
..................................................................
TEMPERATURE (F)
 YESTERDAY
  MAXIMUM         55    450 PM  88    1910  62     -7       52
  MINIMUM         23    506 AM  10    1907  34    -11       39
  AVERAGE         39                        48     -9       46

PRECIPITATION (IN)
  YESTERDAY        0.00          1.00 1984   0.04  -0.04     0.08
  MONTH TO DATE    0.50                      0.86  -0.36     1.95
  SINCE MAR 1      1.35                      1.57  -0.22     2.13
  SINCE JAN 1      2.49                      2.55  -0.06     3.26

SNOWFALL (IN)
  YESTERDAY       MM
  SNOW DEPTH      MM

DEGREE DAYS
 HEATING
  YESTERDAY       26                        17      9       19
  MONTH TO DATE  561                       601    -40      546
  SINCE MAR 1   1601                      1708   -107     1416
  SINCE JUL 1   7623                      8476   -853     7026

 COOLING
  YESTERDAY        0                         0      0        0
  MONTH TO DATE    0                         0      0        0
  SINCE MAR 1      0                         0      0        0
  SINCE JAN 1      0                         0      0        0
..................................................................


WIND (MPH)
  HIGHEST WIND SPEED    16   HIGHEST WIND DIRECTION     E (100)
  HIGHEST GUST SPEED    19   HIGHEST GUST DIRECTION     E (100)
  AVERAGE WIND SPEED     7.7


SKY COVER
  POSSIBLE SUNSHINE  MM
  AVERAGE SKY COVER 0.0


WEATHER CONDITIONS
 THE FOLLOWING WEATHER WAS RECORDED YESTERDAY.
  NO SIGNIFICANT WEATHER WAS OBSERVED.


RELATIVE HUMIDITY (PERCENT)
 HIGHEST    85           300 AM
 LOWEST     22           600 PM
 AVERAGE    54

..........................................................


THE WILLISTON ND CLIMATE NORMALS FOR TODAY
                         NORMAL    RECORD    YEAR
 MAXIMUM TEMPERATURE (F)   62        91      1952
 MINIMUM TEMPERATURE (F)   34        15      1958


SUNRISE AND SUNSET
APRIL 28 2017.........SUNRISE   640 AM CDT   SUNSET   904 PM CDT
APRIL 29 2017.........SUNRISE   639 AM CDT   SUNSET   906 PM CDT


-  INDICATES NEGATIVE NUMBERS.
R  INDICATES RECORD WAS SET OR TIED.
MM INDICATES DATA IS MISSING.
T  INDICATES TRACE AMOUNT.




$$
