910
CDUS43 KBIS 230910
CLIISN


CLIMATE REPORT
NATIONAL WEATHER SERVICE BISMARCK ND
310 AM CST MON JAN 23 2017


...................................

...THE WILLISTON ND CLIMATE SUMMARY FOR JANUARY 22 2017...

CLIMATE NORMAL PERIOD 1981 TO 2010
CLIMATE RECORD PERIOD 1894 TO 2017


WEATHER ITEM   OBSERVED TIME   RECORD YEAR NORMAL DEPARTURE LAST
                VALUE   (LST)  VALUE       VALUE  FROM      YEAR
                                                  NORMAL
..................................................................
TEMPERATURE (F)
 YESTERDAY
  MAXIMUM         31    526 PM  47    1981  22      9       38
  MINIMUM         27   1159 PM -34    1922   0     27       17
  AVERAGE         29                        11     18       28

PRECIPITATION (IN)
  YESTERDAY        0.00          0.38 1896   0.02  -0.02     0.00
  MONTH TO DATE    0.40                      0.45  -0.05     0.38
  SINCE DEC 1      1.36                      1.07   0.29     0.93
  SINCE JAN 1      0.40                      0.45  -0.05     0.38

SNOWFALL (IN)
  YESTERDAY       MM
  SNOW DEPTH      MM

DEGREE DAYS
 HEATING
  YESTERDAY       36                        54    -18       37
  MONTH TO DATE 1309                      1198    111     1167
  SINCE DEC 1   2818                      2783     35     2511
  SINCE JUL 1   4397                      4945   -548     4261

 COOLING
  YESTERDAY        0                         0      0        0
  MONTH TO DATE    0                         0      0        0
  SINCE DEC 1      0                         0      0        0
  SINCE JAN 1      0                         0      0        0
..................................................................


WIND (MPH)
  HIGHEST WIND SPEED    16   HIGHEST WIND DIRECTION     W (260)
  HIGHEST GUST SPEED    19   HIGHEST GUST DIRECTION     W (260)
  AVERAGE WIND SPEED     9.9


SKY COVER
  POSSIBLE SUNSHINE  MM
  AVERAGE SKY COVER 1.0


WEATHER CONDITIONS
 THE FOLLOWING WEATHER WAS RECORDED YESTERDAY.
  FOG


RELATIVE HUMIDITY (PERCENT)
 HIGHEST    92          1200 AM
 LOWEST     78           500 PM
 AVERAGE    85

..........................................................


THE WILLISTON ND CLIMATE NORMALS FOR TODAY
                         NORMAL    RECORD    YEAR
 MAXIMUM TEMPERATURE (F)   22        55      1944
 MINIMUM TEMPERATURE (F)    0       -40      1935


SUNRISE AND SUNSET
JANUARY 23 2017.......SUNRISE   833 AM CST   SUNSET   541 PM CST
JANUARY 24 2017.......SUNRISE   832 AM CST   SUNSET   542 PM CST


-  INDICATES NEGATIVE NUMBERS.
R  INDICATES RECORD WAS SET OR TIED.
MM INDICATES DATA IS MISSING.
T  INDICATES TRACE AMOUNT.




$$
