000
CDUS43 KBIS 310737
CLIISN


CLIMATE REPORT
NATIONAL WEATHER SERVICE BISMARCK ND
137 AM CST SAT JAN 31 2015


...................................

...THE WILLISTON ND CLIMATE SUMMARY FOR JANUARY 30 2015...

CLIMATE NORMAL PERIOD 1981 TO 2010
CLIMATE RECORD PERIOD 1894 TO 2015


WEATHER ITEM   OBSERVED TIME   RECORD YEAR NORMAL DEPARTURE LAST
                VALUE   (LST)  VALUE       VALUE  FROM      YEAR
                                                  NORMAL
..................................................................
TEMPERATURE (F)
 YESTERDAY
  MAXIMUM         41    445 PM  51    2012  23     18        9
  MINIMUM         15    731 AM -33    1996   2     13      -11
                                      1969
  AVERAGE         28                        12     16       -1

PRECIPITATION (IN)
  YESTERDAY        0.00          0.48 1926   0.02  -0.02      T
  MONTH TO DATE    0.34                      0.58  -0.24     0.18
  SINCE DEC 1      0.37                      1.20  -0.83     1.25
  SINCE JAN 1      0.34                      0.58  -0.24     0.18

SNOWFALL (IN)
  YESTERDAY       MM             4.5  2004   0.3   MM       MM
  MONTH TO DATE    0.0                       9.8   -9.8     MM
  SINCE DEC 1      0.0                      19.3  -19.3     MM
  SINCE JUL 1      0.0                      28.2  -28.2     MM
  SNOW DEPTH      MM

DEGREE DAYS
 HEATING
  YESTERDAY       37                        52    -15       66
  MONTH TO DATE 1399                      1623   -224     1492
  SINCE DEC 1   2800                      3208   -408     3267
  SINCE JUL 1   4993                      5370   -377     5341

 COOLING
  YESTERDAY        0                         0      0        0
  MONTH TO DATE    0                         0      0        0
  SINCE DEC 1      0                         0      0        0
  SINCE JAN 1      0                         0      0        0
..................................................................


WIND (MPH)
  HIGHEST WIND SPEED    17   HIGHEST WIND DIRECTION    NE (40)
  HIGHEST GUST SPEED    20   HIGHEST GUST DIRECTION    NE (40)
  AVERAGE WIND SPEED     6.9


SKY COVER
  POSSIBLE SUNSHINE  MM
  AVERAGE SKY COVER 0.1


WEATHER CONDITIONS
 THE FOLLOWING WEATHER WAS RECORDED YESTERDAY.
  FOG


RELATIVE HUMIDITY (PERCENT)
 HIGHEST    96          1100 PM
 LOWEST     55           400 PM
 AVERAGE    76

..........................................................


THE WILLISTON ND CLIMATE NORMALS FOR TODAY
                         NORMAL    RECORD    YEAR
 MAXIMUM TEMPERATURE (F)   24        54      1931
 MINIMUM TEMPERATURE (F)    2       -36      1917


SUNRISE AND SUNSET
JANUARY 31 2015.......SUNRISE   824 AM CST   SUNSET   552 PM CST
FEBRUARY  1 2015......SUNRISE   823 AM CST   SUNSET   554 PM CST


-  INDICATES NEGATIVE NUMBERS.
R  INDICATES RECORD WAS SET OR TIED.
MM INDICATES DATA IS MISSING.
T  INDICATES TRACE AMOUNT.




$$
