754
CDUS43 KBIS 280724
CLIISN


CLIMATE REPORT
NATIONAL WEATHER SERVICE BISMARCK ND
124 AM CST TUE FEB 28 2017


...................................

...THE WILLISTON ND CLIMATE SUMMARY FOR FEBRUARY 27 2017...

CLIMATE NORMAL PERIOD 1981 TO 2010
CLIMATE RECORD PERIOD 1894 TO 2017


WEATHER ITEM   OBSERVED TIME   RECORD YEAR NORMAL DEPARTURE LAST
                VALUE   (LST)  VALUE       VALUE  FROM      YEAR
                                                  NORMAL
..................................................................
TEMPERATURE (F)
 YESTERDAY
  MAXIMUM         17    520 PM  66    1992  32    -15       60
                                      1932
  MINIMUM          3   1142 PM -35    1962  11     -8       29
  AVERAGE         10                        21    -11       45

PRECIPITATION (IN)
  YESTERDAY        0.07          0.31 1972   0.01   0.06     0.00
  MONTH TO DATE    0.66                      0.37   0.29     0.71
  SINCE DEC 1      2.06                      1.58   0.48     1.64
  SINCE JAN 1      1.10                      0.96   0.14     1.09

SNOWFALL (IN)
  YESTERDAY       MM
  SNOW DEPTH      MM

DEGREE DAYS
 HEATING
  YESTERDAY       55                        44     11       20
  MONTH TO DATE 1207                      1303    -96      959
  SINCE DEC 1   4393                      4562   -169     3788
  SINCE JUL 1   5972                      6724   -752     5538

 COOLING
  YESTERDAY        0                         0      0        0
  MONTH TO DATE    0                         0      0        0
  SINCE DEC 1      0                         0      0        0
  SINCE JAN 1      0                         0      0        0
..................................................................


WIND (MPH)
  HIGHEST WIND SPEED    14   HIGHEST WIND DIRECTION    NE (30)
  HIGHEST GUST SPEED    17   HIGHEST GUST DIRECTION    NE (30)
  AVERAGE WIND SPEED     8.1


SKY COVER
  POSSIBLE SUNSHINE  MM
  AVERAGE SKY COVER 0.6


WEATHER CONDITIONS
 THE FOLLOWING WEATHER WAS RECORDED YESTERDAY.
  LIGHT SNOW
  FOG
  HAZE


RELATIVE HUMIDITY (PERCENT)
 HIGHEST    88           900 PM
 LOWEST     67           300 PM
 AVERAGE    78

..........................................................


THE WILLISTON ND CLIMATE NORMALS FOR TODAY
                         NORMAL    RECORD    YEAR
 MAXIMUM TEMPERATURE (F)   32        60      1992
 MINIMUM TEMPERATURE (F)   12       -41      1962


SUNRISE AND SUNSET
FEBRUARY 28 2017......SUNRISE   737 AM CST   SUNSET   638 PM CST
MARCH  1 2017.........SUNRISE   735 AM CST   SUNSET   639 PM CST


-  INDICATES NEGATIVE NUMBERS.
R  INDICATES RECORD WAS SET OR TIED.
MM INDICATES DATA IS MISSING.
T  INDICATES TRACE AMOUNT.




$$
