000
CDUS41 KOKX 222139
CLIISP


CLIMATE REPORT
NATIONAL WEATHER SERVICE NEW YORK NY
439 PM EST THU FEB 22 2018


...................................

...THE ISLIP NY CLIMATE SUMMARY FOR FEBRUARY 22 2018...
VALID TODAY AS OF 0400 PM LOCAL TIME.

CLIMATE NORMAL PERIOD 1981 TO 2010
CLIMATE RECORD PERIOD 1963 TO 2018


WEATHER ITEM   OBSERVED TIME   RECORD YEAR NORMAL DEPARTURE LAST
                VALUE   (LST)  VALUE       VALUE  FROM      YEAR
                                                  NORMAL
..................................................................
TEMPERATURE (F)
 TODAY
  MAXIMUM         56   1222 AM  66    1991  42     14       51
  MINIMUM         40    359 PM   7    1968  26     14       40
  AVERAGE         48                        34     14       46

PRECIPITATION (IN)
  TODAY            0.02          1.93 2003   0.12  -0.10      T
  MONTH TO DATE    5.10                      2.45   2.65     1.45
  SINCE DEC 1     10.96                     10.15   0.81     9.04
  SINCE JAN 1      8.84                      6.09   2.75     5.51

SNOWFALL (IN)
  TODAY            0.0           5.5  2008   0.3   -0.3      0.0
  MONTH TO DATE    1.4                       5.6   -4.2     14.7
  SINCE OCT 1     29.4                      18.2   11.2     31.9
  SINCE JUL 1     29.4                      18.2   11.2     31.9
  SNOW DEPTH       0

DEGREE DAYS
 HEATING
  TODAY           17                        31    -14       19
  MONTH TO DATE  583                       720   -137      643
  SINCE DEC 1   2614                      2696    -82     2401
  SINCE JUL 1   3365                      3712   -347     3192

 COOLING
  TODAY            0                         0      0        0
  MONTH TO DATE    0                         0      0        0
  SINCE DEC 1      0                         0      0        0
  SINCE JAN 1      0                         0      0        0
..................................................................


WIND (MPH)
  HIGHEST WIND SPEED    18   HIGHEST WIND DIRECTION     N (20)
  HIGHEST GUST SPEED    23   HIGHEST GUST DIRECTION    NE (30)
  AVERAGE WIND SPEED    12.2


SKY COVER
  AVERAGE SKY COVER 0.7


WEATHER CONDITIONS
 THE FOLLOWING WEATHER WAS RECORDED TODAY.
  LIGHT RAIN
  FOG


RELATIVE HUMIDITY (PERCENT)
 HIGHEST    92           400 PM
 LOWEST     65           600 AM
 AVERAGE    79

..........................................................


THE ISLIP NY CLIMATE NORMALS FOR TOMORROW
                         NORMAL    RECORD    YEAR
 MAXIMUM TEMPERATURE (F)   42        61      2012
 MINIMUM TEMPERATURE (F)   26        10      2015


SUNRISE AND SUNSET
FEBRUARY 22 2018......SUNRISE   637 AM EST   SUNSET   535 PM EST
FEBRUARY 23 2018......SUNRISE   635 AM EST   SUNSET   537 PM EST


-  INDICATES NEGATIVE NUMBERS.
R  INDICATES RECORD WAS SET OR TIED.
MM INDICATES DATA IS MISSING.
T  INDICATES TRACE AMOUNT.




$$
