000
CDCA42 TJSJ 072125
CLIIST


CLIMATE REPORT
NATIONAL WEATHER SERVICE SAN JUAN, PR
525 PM AST SUN FEB 7 2016


...................................

...THE CYRIL E. KING AP/ST THOMAS  CLIMATE SUMMARY FOR FEBRUARY 7 2016...
VALID TODAY AS OF 0500 PM LOCAL TIME.

CLIMATE NORMAL PERIOD 1981 TO 2010
CLIMATE RECORD PERIOD 1953 TO 2016


WEATHER ITEM   OBSERVED TIME   RECORD YEAR NORMAL DEPARTURE LAST
                VALUE   (LST)  VALUE       VALUE  FROM      YEAR
                                                  NORMAL
..................................................................
TEMPERATURE (F)
 TODAY
  MAXIMUM         83   1039 AM  92    1993  85     -2       85
  MINIMUM         73   1204 AM  70    1999  73      0       71
  AVERAGE         78                        79     -1       78

PRECIPITATION (IN)
  TODAY            0.35R         0.18 1992   0.06   0.29     0.02
  MONTH TO DATE    0.43                      0.38   0.05     0.03
  SINCE DEC 1      5.90                      5.72   0.18     4.38
  SINCE JAN 1      2.06                      2.76  -0.70     1.71

SNOWFALL (IN)
  TODAY            0.0                       0.0    0.0      0.0
  MONTH TO DATE    0.0                       0.0    0.0      0.0
  SINCE DEC 1      0.0                       0.0    0.0      0.0
  SINCE JUL 1      0.0                       0.0    0.0      0.0

DEGREE DAYS
 HEATING
  TODAY            0                         0      0        0
  MONTH TO DATE    0                         0      0        0
  SINCE DEC 1      0                         0      0        0
  SINCE JUL 1      0                         0      0        0

 COOLING
  TODAY           13                        14     -1       13
  MONTH TO DATE   92                        98     -6       98
  SINCE DEC 1   1000                       977     23      970
  SINCE JAN 1    525                       526     -1      517
..................................................................


WIND (MPH)
  HIGHEST WIND SPEED    25   HIGHEST WIND DIRECTION     E (110)
  HIGHEST GUST SPEED    36   HIGHEST GUST DIRECTION     E (100)
  AVERAGE WIND SPEED    15.7


SKY COVER
  AVERAGE SKY COVER 0.4


WEATHER CONDITIONS
 THE FOLLOWING WEATHER WAS RECORDED TODAY.
  HEAVY RAIN
  RAIN
  FOG


RELATIVE HUMIDITY (PERCENT)
 HIGHEST    91
 LOWEST     69
 AVERAGE    80

..........................................................


THE CYRIL E. KING AP/ST THOMAS  CLIMATE NORMALS FOR TOMORROW
                         NORMAL    RECORD    YEAR
 MAXIMUM TEMPERATURE (F)   85        92      1993
 MINIMUM TEMPERATURE (F)   73        69      2009


SUNRISE AND SUNSET
FEBRUARY  7 2016......SUNRISE   651 AM AST   SUNSET   617 PM AST
FEBRUARY  8 2016......SUNRISE   651 AM AST   SUNSET   617 PM AST


-  INDICATES NEGATIVE NUMBERS.
R  INDICATES RECORD WAS SET OR TIED.
MM INDICATES DATA IS MISSING.
T  INDICATES TRACE AMOUNT.




$$
