000
CDCA42 TJSJ 210002
CLIIST

CLIMATE REPORT
NATIONAL WEATHER SERVICE SAN JUAN, PR
600 PM AST MON OCT 20 2014


...................................

...THE CYRIL E. KING AIRPORT/USVI CLIMATE SUMMARY FOR OCTOBER 20 2014...
VALID TODAY AS OF 0600 PM LOCAL TIME.

CLIMATE NORMAL PERIOD 1981 TO 2010
CLIMATE RECORD PERIOD 1953 TO 2014


WEATHER ITEM   OBSERVED TIME   RECORD YEAR NORMAL DEPARTURE LAST
                VALUE   (LST)  VALUE       VALUE  FROM      YEAR
                                                  NORMAL
..................................................................
TEMPERATURE (F)
 TODAY
  MAXIMUM         88   1144 AM  95    1993  89     -1       89
  MINIMUM         76    625 AM  70    1954  77     -1       79
  AVERAGE         82                        83     -1       84

PRECIPITATION (IN)
  TODAY            0.02          0.63 1999   0.17  -0.15     0.26
  MONTH TO DATE    0.82                      3.41  -2.59     1.47
  SINCE SEP 1      2.57                      8.99  -6.42    11.29
  SINCE JAN 1     24.11                     29.14  -5.03    36.10

SNOWFALL (IN)
TODAY            0.0
MONTH TO DATE    0.0
SINCE SEP 1      0.0
SINCE JUL 1      0.0

DEGREE DAYS
 HEATING
  TODAY            0                         0      0        0
  MONTH TO DATE    0                         0      0        0
  SINCE SEP 1      0                         0      0        0
  SINCE JUL 1      0                         0      0        0

 COOLING
  TODAY           17                        18     -1       19
  MONTH TO DATE  358                       360     -2      388
  SINCE SEP 1    895                       928    -33      965
  SINCE JAN 1   4885                      4919    -34     4865
..................................................................


WIND (MPH)
  RESULTANT WIND SPEED  MM   RESULTANT WIND DIRECTION  MM
  HIGHEST WIND SPEED    16   HIGHEST WIND DIRECTION    SE (120)
  AVERAGE WIND SPEED    MM


SKY COVER
  AVERAGE SKY COVER  MM


WEATHER CONDITIONS
 THE FOLLOWING WEATHER WAS RECORDED TODAY.
  NO SIGNIFICANT WEATHER WAS OBSERVED.


RELATIVE HUMIDITY (PERCENT)
 HIGHEST    MM
 LOWEST     MM
 AVERAGE    MM

..........................................................


THE CYRIL E. KING AIRPORT/USVI CLIMATE NORMALS FOR TOMORROW
                         NORMAL    RECORD    YEAR
 MAXIMUM TEMPERATURE (F)   89        93      1992
 MINIMUM TEMPERATURE (F)   77        70      1956


SUNRISE AND SUNSET
OCTOBER 20 2014.......SUNRISE   615 AM AST   SUNSET   554 PM AST
OCTOBER 21 2014.......SUNRISE   615 AM AST   SUNSET   553 PM AST


-  INDICATES NEGATIVE NUMBERS.
R  INDICATES RECORD WAS SET OR TIED.
MM INDICATES DATA IS MISSING.
T  INDICATES TRACE AMOUNT.




$$
