000
CDHW43 PHFO 010246
CLIITO


CLIMATE REPORT
NATIONAL WEATHER SERVICE HONOLULU HI
446 PM HST FRI JUL 31 2015


...................................

...THE HILO HI CLIMATE SUMMARY FOR JULY 31 2015...
VALID TODAY AS OF 0400 PM LOCAL TIME.

CLIMATE NORMAL PERIOD 1981 TO 2010
CLIMATE RECORD PERIOD 1946 TO 2015


WEATHER ITEM   OBSERVED TIME   RECORD YEAR NORMAL DEPARTURE LAST
                VALUE   (LST)  VALUE       VALUE  FROM      YEAR
                                                  NORMAL
..................................................................
TEMPERATURE (F)
 TODAY
  MAXIMUM         88    142 PM  89    1977  83      5       86
  MINIMUM         74    639 AM  64    1999  70      4       72
  AVERAGE         81                        76      5       79

PRECIPITATION (IN)
  TODAY            0.13          4.19 1982   0.38  -0.25      T
  MONTH TO DATE    8.02                     10.81  -2.79    15.99
  SINCE JUN 1     13.25                     18.18  -4.93    22.56
  SINCE JAN 1     52.32                     70.09 -17.77    70.30

SNOWFALL (IN)
  TODAY            0.0
  MONTH TO DATE    0.0
  SINCE JUN 1      0.0
  SINCE JUL 1      0.0
  SNOW DEPTH       0

DEGREE DAYS
 HEATING
  TODAY            0                         0      0        0
  MONTH TO DATE    0                         0      0        0
  SINCE JUN 1      0                         0      0        0
  SINCE JUL 1      0                         0      0        0

 COOLING
  TODAY           16                        11      5       14
  MONTH TO DATE  455                       343    112      346
  SINCE JUN 1    816                       649    167      612
  SINCE JAN 1   2143                      1717    426     1868
..................................................................


WIND (MPH)
  HIGHEST WIND SPEED    13   HIGHEST WIND DIRECTION    NE (30)
  HIGHEST GUST SPEED    17   HIGHEST GUST DIRECTION    NE (60)
  AVERAGE WIND SPEED     5.8


SKY COVER
  POSSIBLE SUNSHINE  MM
  AVERAGE SKY COVER 0.7


WEATHER CONDITIONS
 THE FOLLOWING WEATHER WAS RECORDED TODAY.
  HEAVY RAIN
  LIGHT RAIN
  FOG


RELATIVE HUMIDITY (PERCENT)
 HIGHEST    94          1200 AM
 LOWEST     63           100 PM
 AVERAGE    79

..........................................................


THE HILO HI CLIMATE NORMALS FOR TOMORROW
                         NORMAL    RECORD    YEAR
 MAXIMUM TEMPERATURE (F)   83        87      2007
                                             1993
 MINIMUM TEMPERATURE (F)   70        63      1955


SUNRISE AND SUNSET
JULY 31 2015..........SUNRISE   556 AM HST   SUNSET   657 PM HST
AUGUST  1 2015........SUNRISE   556 AM HST   SUNSET   657 PM HST


-  INDICATES NEGATIVE NUMBERS.
R  INDICATES RECORD WAS SET OR TIED.
MM INDICATES DATA IS MISSING.
T  INDICATES TRACE AMOUNT.




$$
