000
CDHW43 PHFO 250253
CLIITO


CLIMATE REPORT
NATIONAL WEATHER SERVICE HONOLULU HI
453 PM HST MON JUL 24 2017


...................................

...THE HILO HI CLIMATE SUMMARY FOR JULY 24 2017...
VALID TODAY AS OF 0400 PM LOCAL TIME.

CLIMATE NORMAL PERIOD 1981 TO 2010
CLIMATE RECORD PERIOD 1946 TO 2017


WEATHER ITEM   OBSERVED TIME   RECORD YEAR NORMAL DEPARTURE LAST
                VALUE   (LST)  VALUE       VALUE  FROM      YEAR
                                                  NORMAL
..................................................................
TEMPERATURE (F)
 TODAY
  MAXIMUM         86    119 PM  91    2004  83      3       85
  MINIMUM         73    251 AM  63    1955  70      3       74
  AVERAGE         80                        76      4       80

PRECIPITATION (IN)
  TODAY            0.03          1.78 2003   0.38  -0.35     0.14
  MONTH TO DATE    3.98                      8.21  -4.23     6.92
  SINCE JUN 1      6.94                     15.58  -8.64    18.11
  SINCE JAN 1     41.58                     67.49 -25.91    42.97

SNOWFALL (IN)
  TODAY            0.0
  MONTH TO DATE    0.0
  SINCE JUN 1      0.0
  SINCE JUL 1      0.0
  SNOW DEPTH      MM

DEGREE DAYS
 HEATING
  TODAY            0                         0      0        0
  MONTH TO DATE    0                         0      0        0
  SINCE JUN 1      0                         0      0        0
  SINCE JUL 1      0                         0      0        0

 COOLING
  TODAY           15                        11      4       15
  MONTH TO DATE  291                       264     27      325
  SINCE JUN 1    643                       570     73      691
  SINCE JAN 1   1947                      1638    309     2237
..................................................................


WIND (MPH)
  HIGHEST WIND SPEED    17   HIGHEST WIND DIRECTION     E (90)
  HIGHEST GUST SPEED    22   HIGHEST GUST DIRECTION     E (100)
  AVERAGE WIND SPEED    MM


SKY COVER
  POSSIBLE SUNSHINE  MM
  AVERAGE SKY COVER  MM


WEATHER CONDITIONS
 THE FOLLOWING WEATHER WAS RECORDED TODAY.
  FOG


RELATIVE HUMIDITY (PERCENT)
 HIGHEST    MM
 LOWEST     MM
 AVERAGE    MM

..........................................................


THE HILO HI CLIMATE NORMALS FOR TOMORROW
                         NORMAL    RECORD    YEAR
 MAXIMUM TEMPERATURE (F)   83        89      2015
                                             2003
 MINIMUM TEMPERATURE (F)   70        63      1955


SUNRISE AND SUNSET
JULY 24 2017..........SUNRISE   553 AM HST   SUNSET   700 PM HST
JULY 25 2017..........SUNRISE   554 AM HST   SUNSET   700 PM HST


-  INDICATES NEGATIVE NUMBERS.
R  INDICATES RECORD WAS SET OR TIED.
MM INDICATES DATA IS MISSING.
T  INDICATES TRACE AMOUNT.




$$
