000
CDHW43 PHFO 271245
CLIITO


CLIMATE REPORT
NATIONAL WEATHER SERVICE HONOLULU HI
245 AM HST WED JUL 27 2016


...................................

...THE HILO HI CLIMATE SUMMARY FOR JULY 26 2016...

CLIMATE NORMAL PERIOD 1981 TO 2010
CLIMATE RECORD PERIOD 1946 TO 2016


WEATHER ITEM   OBSERVED TIME   RECORD YEAR NORMAL DEPARTURE LAST
                VALUE   (LST)  VALUE       VALUE  FROM      YEAR
                                                  NORMAL
..................................................................
TEMPERATURE (F)
 YESTERDAY
  MAXIMUM         88    100 PM  89    2003  83      5       88
  MINIMUM         72    632 AM  64    2012  70      2       71
                                      1971
                                      1956
  AVERAGE         80                        76      4       80

PRECIPITATION (IN)
  YESTERDAY        0.00          2.03 1996   0.36  -0.36     0.02
  MONTH TO DATE    6.88                      8.94  -2.06     7.29
  SINCE JUN 1     18.07                     16.31   1.76    12.52
  SINCE JAN 1     42.93                     68.22 -25.29    51.44

SNOWFALL (IN)
  YESTERDAY        0.0
  MONTH TO DATE    0.0
  SINCE JUN 1      0.0
  SINCE JUL 1      0.0
  SNOW DEPTH       0

DEGREE DAYS
 HEATING
  YESTERDAY        0                         0      0        0
  MONTH TO DATE    0                         0      0        0
  SINCE JUN 1      0                         0      0        0
  SINCE JUL 1      0                         0      0        0

 COOLING
  YESTERDAY       15                        11      4       15
  MONTH TO DATE  356                       286     70      350
  SINCE JUN 1    722                       592    130      711
  SINCE JAN 1   2268                      1660    608     2029
..................................................................


WIND (MPH)
  HIGHEST WIND SPEED    15   HIGHEST WIND DIRECTION     E (100)
  HIGHEST GUST SPEED    19   HIGHEST GUST DIRECTION     E (100)
  AVERAGE WIND SPEED     7.3


SKY COVER
  POSSIBLE SUNSHINE  MM
  AVERAGE SKY COVER 0.5


WEATHER CONDITIONS
 THE FOLLOWING WEATHER WAS RECORDED YESTERDAY.
  NO SIGNIFICANT WEATHER WAS OBSERVED.


RELATIVE HUMIDITY (PERCENT)
 HIGHEST    87          1200 AM
 LOWEST     59           100 PM
 AVERAGE    73

..........................................................


THE HILO HI CLIMATE NORMALS FOR TODAY
                         NORMAL    RECORD    YEAR
 MAXIMUM TEMPERATURE (F)   83        89      2003
 MINIMUM TEMPERATURE (F)   70        64      1955


SUNRISE AND SUNSET
JULY 27 2016..........SUNRISE   555 AM HST   SUNSET   659 PM HST
JULY 28 2016..........SUNRISE   555 AM HST   SUNSET   658 PM HST


-  INDICATES NEGATIVE NUMBERS.
R  INDICATES RECORD WAS SET OR TIED.
MM INDICATES DATA IS MISSING.
T  INDICATES TRACE AMOUNT.




$$
