000
CDUS43 KGLD 280739
CLIITR

CLIMATE REPORT
NATIONAL WEATHER SERVICE GOODLAND
137 AM MDT MON JUL 28 2014

...................................

...THE BURLINGTON CO CLIMATE SUMMARY FOR JULY 27 2014...

CLIMATE NORMAL PERIOD 1981 TO 2010
CLIMATE RECORD PERIOD 1896 TO 2014

WEATHER ITEM   OBSERVED TIME   RECORD YEAR NORMAL DEPARTURE LAST
                VALUE   (LST)  VALUE       VALUE  FROM      YEAR
                                                  NORMAL
..................................................................
TEMPERATURE (F)
 YESTERDAY
  MAXIMUM         86    227 PM 103    1960  89     -3       81
  MINIMUM         63    552 AM  49    2005  61      2       57
  AVERAGE         75                        75      0       69

PRECIPITATION (IN)
  YESTERDAY        0.00                      0.08  -0.08     0.12
  MONTH TO DATE    2.37                      2.81  -0.44     0.85
  SINCE JUN 1      4.73                      5.69  -0.96     2.84
  SINCE JAN 1      7.65                     11.42  -3.77     8.44

..................................................................

THE BURLINGTON CO CLIMATE NORMALS FOR TODAY
                         NORMAL    RECORD    YEAR
 MAXIMUM TEMPERATURE (F)   89       102      1947
 MINIMUM TEMPERATURE (F)   61        50      1958

-  INDICATES NEGATIVE NUMBERS.
R  INDICATES RECORD WAS SET OR TIED.
MM INDICATES DATA IS MISSING.
T  INDICATES TRACE AMOUNT.

$$
