000
CDUS44 KJAN 032124
CLIJAN


CLIMATE REPORT
NATIONAL WEATHER SERVICE JACKSON MS
421 PM CDT THU SEP 3 2015


...................................

...THE JACKSON CLIMATE SUMMARY FOR SEPTEMBER 3 2015...
VALID TODAY AS OF 0400 PM LOCAL TIME.

CLIMATE NORMAL PERIOD 1981 TO 2010
CLIMATE RECORD PERIOD 1896 TO 2015


WEATHER ITEM   OBSERVED TIME   RECORD YEAR NORMAL DEPARTURE LAST
                VALUE   (LST)  VALUE       VALUE  FROM      YEAR
                                                  NORMAL
..................................................................
TEMPERATURE (F)
 TODAY
  MAXIMUM         95   1255 PM 102    2000  90      5       90
  MINIMUM         69    527 AM  54    1952  69      0       70
  AVERAGE         82                        79      3       80

PRECIPITATION (IN)
  TODAY            T             1.34 1981   0.10  -0.10     0.00
  MONTH TO DATE    0.35                      0.31   0.04     1.49
  SINCE SEP 1      0.35                      0.31   0.04     1.49
  SINCE JAN 1     36.96                     37.59  -0.63    45.17

SNOWFALL (IN)
  TODAY            0.0           0.0  2002   0.0    0.0      0.0
                                      2001
  MONTH TO DATE    0.0                       0.0    0.0      0.0
  SINCE SEP 1      0.0                       0.0    0.0      0.0
  SINCE JUL 1      0.0                       0.0    0.0      0.0

DEGREE DAYS
 HEATING
  TODAY            0                         0      0        0
  MONTH TO DATE    0                         0      0        0
  SINCE SEP 1      0                         0      0        0
  SINCE JUL 1      0                         0      0        0

 COOLING
  TODAY           17                        14      3       15
  MONTH TO DATE   52                        44      8       51
  SINCE SEP 1     52                        44      8       51
  SINCE JAN 1   2181                      1843    338     1781
..................................................................


WIND (MPH)
  HIGHEST WIND SPEED    20   HIGHEST WIND DIRECTION     S (190)
  HIGHEST GUST SPEED    25   HIGHEST GUST DIRECTION     S (180)
  AVERAGE WIND SPEED     1.7


SKY COVER
  POSSIBLE SUNSHINE  MM
  AVERAGE SKY COVER 0.3


WEATHER CONDITIONS
 THE FOLLOWING WEATHER WAS RECORDED TODAY.
  LIGHT RAIN
  FOG


RELATIVE HUMIDITY (PERCENT)
 HIGHEST    93          1200 AM
 LOWEST     36           100 PM
 AVERAGE    65

..........................................................


THE JACKSON CLIMATE NORMALS FOR TOMORROW
                         NORMAL    RECORD    YEAR
 MAXIMUM TEMPERATURE (F)   90       105      1899
 MINIMUM TEMPERATURE (F)   69        51      1952


SUNRISE AND SUNSET
SEPTEMBER  3 2015.....SUNRISE   637 AM CDT   SUNSET   722 PM CDT
SEPTEMBER  4 2015.....SUNRISE   637 AM CDT   SUNSET   721 PM CDT


-  INDICATES NEGATIVE NUMBERS.
R  INDICATES RECORD WAS SET OR TIED.
MM INDICATES DATA IS MISSING.
T  INDICATES TRACE AMOUNT.

&&

AT 4 PM:

THE PEARL RIVER STAGE AT JACKSON WAS 3.4 FEET. THE RIVER HAS
FALLEN 0.1 FEET OVER THE PAST 24 HOURS.

THE MISSISSIPPI RIVER STAGE AT VICKSBURG WAS 15.9 FEET. THE RIVER
HAS FALLEN 0.7 FEET OVER THE PAST 24 HOURS.

THE AIR QUALITY INDEX AT JACKSON WAS 72...WHICH IS MODERATE.


$$
