000
CDUS44 KJAN 240749
CLIJAN


CLIMATE REPORT
NATIONAL WEATHER SERVICE JACKSON MS
238 AM CDT SAT JUN 24 2017


...................................

...THE JACKSON CLIMATE SUMMARY FOR JUNE 23 2017...

CLIMATE NORMAL PERIOD 1981 TO 2010
CLIMATE RECORD PERIOD 1896 TO 2017


WEATHER ITEM   OBSERVED TIME   RECORD YEAR NORMAL DEPARTURE LAST
                VALUE   (LST)  VALUE       VALUE  FROM      YEAR
                                                  NORMAL
..................................................................
TEMPERATURE (F)
 YESTERDAY
  MAXIMUM         87   1034 AM 101    1897  91     -4       93
  MINIMUM         73   1159 PM  56    1992  70      3       76
                                      1902
  AVERAGE         80                        80      0       85

PRECIPITATION (IN)
  YESTERDAY        1.04          2.31 1943   0.14   0.90      T
  MONTH TO DATE    8.08                      3.08   5.00     1.98
  SINCE JUN 1      8.08                      3.08   5.00     1.98
  SINCE JAN 1     39.57                     27.19  12.38    34.43

SNOWFALL (IN)
  YESTERDAY        0.0           0.0         0.0    0.0      0.0
  MONTH TO DATE    0.0                       0.0    0.0      0.0
  SINCE JUN 1      0.0                       0.0    0.0      0.0
  SINCE JUL 1      0.8                       0.8    0.0       T

DEGREE DAYS
 HEATING
  YESTERDAY        0                         0      0        0
  MONTH TO DATE    0                         0      0        0
  SINCE JUN 1      0                         0      0        0
  SINCE JUL 1   1328                      2391  -1063     1587

 COOLING
  YESTERDAY       15                        15      0       20
  MONTH TO DATE  288                       310    -22      381
  SINCE JUN 1    288                       310    -22      381
  SINCE JAN 1    784                       668    116      769
..................................................................


WIND (MPH)
  HIGHEST WIND SPEED    25   HIGHEST WIND DIRECTION     W (260)
  HIGHEST GUST SPEED    37   HIGHEST GUST DIRECTION     W (270)
  AVERAGE WIND SPEED    10.2


SKY COVER
  POSSIBLE SUNSHINE  MM
  AVERAGE SKY COVER 0.8


WEATHER CONDITIONS
 THE FOLLOWING WEATHER WAS RECORDED YESTERDAY.
  THUNDERSTORM
  HEAVY RAIN
  RAIN
  LIGHT RAIN
  FOG


RELATIVE HUMIDITY (PERCENT)
 HIGHEST    94          1200 PM
 LOWEST     79          1200 AM
 AVERAGE    87

..........................................................


THE JACKSON CLIMATE NORMALS FOR TODAY
                         NORMAL    RECORD    YEAR
 MAXIMUM TEMPERATURE (F)   91       101      1897
 MINIMUM TEMPERATURE (F)   70        57      1902


SUNRISE AND SUNSET
JUNE 24 2017..........SUNRISE   555 AM CDT   SUNSET   811 PM CDT
JUNE 25 2017..........SUNRISE   555 AM CDT   SUNSET   811 PM CDT


-  INDICATES NEGATIVE NUMBERS.
R  INDICATES RECORD WAS SET OR TIED.
MM INDICATES DATA IS MISSING.
T  INDICATES TRACE AMOUNT.

&&

AT 1 AM:

THE PEARL RIVER STAGE AT JACKSON WAS 23.4 FEET. THE RIVER HAS RISEN
1.0 FEET OVER THE PAST 24 HOURS.

THE MISSISSIPPI RIVER STAGE AT VICKSBURG WAS 31.3 FEET. THE RIVER
HAS FALLEN 0.8 FEET OVER THE PAST 24 HOURS.

$$

NF
