000
CDUS44 KJAN 212106
CLIJAN


CLIMATE REPORT
NATIONAL WEATHER SERVICE JACKSON MS
405 PM CDT SAT OCT 21 2017


...................................

...THE JACKSON CLIMATE SUMMARY FOR OCTOBER 21 2017...
VALID TODAY AS OF 0400 PM LOCAL TIME.

CLIMATE NORMAL PERIOD 1981 TO 2010
CLIMATE RECORD PERIOD 1896 TO 2017


WEATHER ITEM   OBSERVED TIME   RECORD YEAR NORMAL DEPARTURE LAST
                VALUE   (LST)  VALUE       VALUE  FROM      YEAR
                                                  NORMAL
..................................................................
TEMPERATURE (F)
 TODAY
  MAXIMUM         86    232 PM  92    1899  76     10       72
  MINIMUM         63    539 AM  30    1917  51     12       50
  AVERAGE         75                        64     11       61

PRECIPITATION (IN)
  TODAY            0.00          4.15 1984   0.14  -0.14     0.00
  MONTH TO DATE    0.99                      2.63  -1.64     0.49
  SINCE SEP 1      2.16                      5.66  -3.50     0.82
  SINCE JAN 1     56.05                     42.94  13.11    54.02

SNOWFALL (IN)
  TODAY            0.0           0.0  2002   0.0    0.0      0.0
                                      2001
  MONTH TO DATE    0.0                       0.0    0.0      0.0
  SINCE SEP 1      0.0                       0.0    0.0      0.0
  SINCE JUL 1      0.0                       0.0    0.0      0.0

DEGREE DAYS
 HEATING
  TODAY            0                         4     -4        4
  MONTH TO DATE    1                        48    -47        4
  SINCE SEP 1      3                        55    -52        4
  SINCE JUL 1      3                        55    -52        4

 COOLING
  TODAY           10                         3      7        0
  MONTH TO DATE  191                        86    105      185
  SINCE SEP 1    535                       413    122      658
  SINCE JAN 1   2460                      2212    248     2732
..................................................................


WIND (MPH)
  HIGHEST WIND SPEED    18   HIGHEST WIND DIRECTION    SE (140)
  HIGHEST GUST SPEED    24   HIGHEST GUST DIRECTION    SE (140)
  AVERAGE WIND SPEED     8.9


SKY COVER
  POSSIBLE SUNSHINE  MM
  AVERAGE SKY COVER 0.4


WEATHER CONDITIONS
 THE FOLLOWING WEATHER WAS RECORDED TODAY.
  NO SIGNIFICANT WEATHER WAS OBSERVED.


RELATIVE HUMIDITY (PERCENT)
 HIGHEST    78           400 AM
 LOWEST     61          1200 PM
 AVERAGE    70

..........................................................


THE JACKSON CLIMATE NORMALS FOR TOMORROW
                         NORMAL    RECORD    YEAR
 MAXIMUM TEMPERATURE (F)   75        92      1941
 MINIMUM TEMPERATURE (F)   51        31      1987
                                             1916


SUNRISE AND SUNSET
OCTOBER 21 2017.......SUNRISE   709 AM CDT   SUNSET   621 PM CDT
OCTOBER 22 2017.......SUNRISE   710 AM CDT   SUNSET   619 PM CDT


-  INDICATES NEGATIVE NUMBERS.
R  INDICATES RECORD WAS SET OR TIED.
MM INDICATES DATA IS MISSING.
T  INDICATES TRACE AMOUNT.

&&

AT 4 PM:

THE PEARL RIVER STAGE AT JACKSON WAS 3.6 FEET. THE RIVER
REMAINED STEADY OVER THE PAST 24 HOURS.

THE MISSISSIPPI RIVER STAGE AT VICKSBURG WAS 14.2 FEET. THE RIVER
ROSE 0.1 FEET OVER THE PAST 24 HOURS.

THE AIR QUALITY INDEX IN JACKSON WAS 33...WHICH WAS GOOD.


$$
