000
CDUS44 KJAN 010746
CLIJAN

CLIMATE REPORT
NATIONAL WEATHER SERVICE JACKSON MS
241 AM CDT FRI AUG 1 2014

...................................

...THE JACKSON CLIMATE SUMMARY FOR JULY 31 2014...

CLIMATE NORMAL PERIOD 1981 TO 2010
CLIMATE RECORD PERIOD 1896 TO 2014


WEATHER ITEM   OBSERVED TIME   RECORD YEAR NORMAL DEPARTURE LAST
                VALUE   (LST)  VALUE       VALUE  FROM      YEAR
                                                  NORMAL
..................................................................
TEMPERATURE (F)
 YESTERDAY
  MAXIMUM         85    436 PM 103    1930  92     -7       94
                                      1896
  MINIMUM         69   1214 AM  62    1897  72     -3       77
  AVERAGE         77                        82     -5       86

PRECIPITATION (IN)
  YESTERDAY        T             1.69 1975   0.15  -0.15     0.00
  MONTH TO DATE    2.14                      4.81  -2.67     2.66
  SINCE JUN 1      8.57                      8.93  -0.36     7.64
  SINCE JAN 1     40.17                     33.04   7.13    40.70

SNOWFALL (IN)
  YESTERDAY        0.0           0.0  2002   0.0    0.0      0.0
                                      2001
  MONTH TO DATE    0.0                       0.0    0.0      0.0
  SINCE JUN 1      0.0                       0.0    0.0      0.0
  SINCE JUL 1      0.0                       0.0    0.0      0.0

DEGREE DAYS
 HEATING
  YESTERDAY        0                         0      0        0
  MONTH TO DATE    0                         0      0        0
  SINCE JUN 1      0                         0      0        0
  SINCE JUL 1      0                         0      0        0

 COOLING
  YESTERDAY       12                        17     -5       21
  MONTH TO DATE  440                       515    -75      476
  SINCE JUN 1    883                       937    -54      923
  SINCE JAN 1   1214                      1295    -81     1241
..................................................................


WIND (MPH)
  HIGHEST WIND SPEED     9   HIGHEST WIND DIRECTION     N (10)
  HIGHEST GUST SPEED    12   HIGHEST GUST DIRECTION     N (360)
  AVERAGE WIND SPEED     2.6


SKY COVER
  POSSIBLE SUNSHINE  MM
  AVERAGE SKY COVER 0.7


WEATHER CONDITIONS
 THE FOLLOWING WEATHER WAS RECORDED YESTERDAY.
  LIGHT RAIN


RELATIVE HUMIDITY (PERCENT)
 HIGHEST    90          1100 PM
 LOWEST     37           100 PM
 AVERAGE    64

..........................................................


THE JACKSON CLIMATE NORMALS FOR TODAY
                         NORMAL    RECORD    YEAR
 MAXIMUM TEMPERATURE (F)   92       104      1896
 MINIMUM TEMPERATURE (F)   72        60      1965


SUNRISE AND SUNSET
AUGUST  1 2014........SUNRISE   615 AM CDT   SUNSET   758 PM CDT
AUGUST  2 2014........SUNRISE   616 AM CDT   SUNSET   757 PM CDT


-  INDICATES NEGATIVE NUMBERS.
R  INDICATES RECORD WAS SET OR TIED.
MM INDICATES DATA IS MISSING.
T  INDICATES TRACE AMOUNT.

&&

AT 2 AM:

THE PEARL RIVER STAGE AT JACKSON WAS 3.8 FEET. THE RIVER STAGE
HAS FALLEN 0.1 FEET OVER THE LAST 24 HOURS.

THE MISSISSIPPI RIVER STAGE AT VICKSBURG WAS 20.5 FEET. THE RIVER
HAS FALLEN 0.9 FEET OVER THE LAST 24 HOURS.

$$
