000
CDUS44 KJAN 200636
CLIJAN


CLIMATE REPORT
NATIONAL WEATHER SERVICE JACKSON MS
133 AM CDT SUN AUG 20 2017


...................................

...THE JACKSON CLIMATE SUMMARY FOR AUGUST 19 2017...

CLIMATE NORMAL PERIOD 1981 TO 2010
CLIMATE RECORD PERIOD 1896 TO 2017


WEATHER ITEM   OBSERVED TIME   RECORD YEAR NORMAL DEPARTURE LAST
                VALUE   (LST)  VALUE       VALUE  FROM      YEAR
                                                  NORMAL
..................................................................
TEMPERATURE (F)
 YESTERDAY
  MAXIMUM         94    252 PM 104    1999  92      2       89
  MINIMUM         74   1159 PM  61    1943  71      3       75
  AVERAGE         84                        81      3       82

PRECIPITATION (IN)
  YESTERDAY        T             1.74 1960   0.14  -0.14     0.87
  MONTH TO DATE    5.44                      2.83   2.61     7.01
  SINCE JUN 1     21.12                     11.76   9.36    18.34
  SINCE JAN 1     52.61                     35.87  16.74    50.79

SNOWFALL (IN)
  YESTERDAY        0.0           0.0  2002   0.0    0.0      0.0
                                      2001
  MONTH TO DATE    0.0                       0.0    0.0      0.0
  SINCE JUN 1      0.0                       0.0    0.0      0.0
  SINCE JUL 1      0.0                       0.0    0.0      0.0

DEGREE DAYS
 HEATING
  YESTERDAY        0                         0      0        0
  MONTH TO DATE    0                         0      0        0
  SINCE JUN 1      0                         0      0        0
  SINCE JUL 1      0                         0      0        0

 COOLING
  YESTERDAY       19                        16      3       17
  MONTH TO DATE  317                       319     -2      352
  SINCE JUN 1   1252                      1256     -4     1461
  SINCE JAN 1   1748                      1614    134     1849
..................................................................


WIND (MPH)
  HIGHEST WIND SPEED    14   HIGHEST WIND DIRECTION    SW (230)
  HIGHEST GUST SPEED    18   HIGHEST GUST DIRECTION    SW (230)
  AVERAGE WIND SPEED     4.6


SKY COVER
  POSSIBLE SUNSHINE  MM
  AVERAGE SKY COVER 0.3


WEATHER CONDITIONS
 THE FOLLOWING WEATHER WAS RECORDED YESTERDAY.
  THUNDERSTORM
  LIGHT RAIN


RELATIVE HUMIDITY (PERCENT)
 HIGHEST   100           100 AM
 LOWEST     60           100 PM
 AVERAGE    80

..........................................................


THE JACKSON CLIMATE NORMALS FOR TODAY
                         NORMAL    RECORD    YEAR
 MAXIMUM TEMPERATURE (F)   92       104      1925
 MINIMUM TEMPERATURE (F)   71        60      1976
                                             1927


SUNRISE AND SUNSET
AUGUST 20 2017........SUNRISE   628 AM CDT   SUNSET   739 PM CDT
AUGUST 21 2017........SUNRISE   629 AM CDT   SUNSET   738 PM CDT


-  INDICATES NEGATIVE NUMBERS.
R  INDICATES RECORD WAS SET OR TIED.
MM INDICATES DATA IS MISSING.
T  INDICATES TRACE AMOUNT.

&&

AT 1 AM:

THE PEARL RIVER STAGE AT JACKSON WAS 7.6 FEET. THE RIVER ROSE 2.4 FEET
OVER THE PAST 24 HOURS.

THE MISSISSIPPI RIVER STAGE AT VICKSBURG WAS 19.8 FEET. THE RIVER HAS REMAINED
STEADY OVER THE PAST 24 HOURS.


$$
