000
CDUS44 KJAN 210911
CLIJAN

CLIMATE REPORT
NATIONAL WEATHER SERVICE JACKSON MS
408 AM CDT SUN SEP 21 2014

...................................

...THE JACKSON CLIMATE SUMMARY FOR SEPTEMBER 20 2014...

CLIMATE NORMAL PERIOD 1981 TO 2010
CLIMATE RECORD PERIOD 1896 TO 2014


WEATHER ITEM   OBSERVED TIME   RECORD YEAR NORMAL DEPARTURE LAST
                VALUE   (LST)  VALUE       VALUE  FROM      YEAR
                                                  NORMAL
..................................................................
TEMPERATURE (F)
 YESTERDAY
  MAXIMUM         90    301 PM 104    1925  86      4       89
  MINIMUM         66    549 AM  44    1938  63      3       72
  AVERAGE         78                        74      4       81

PRECIPITATION (IN)
  YESTERDAY        0.00          4.20 1979   0.10  -0.10     1.13
  MONTH TO DATE    1.72                      1.98  -0.26     1.40
  SINCE SEP 1      1.72                      1.98  -0.26     1.40
  SINCE JAN 1     45.40                     39.26   6.14    45.06

SNOWFALL (IN)
  YESTERDAY        0.0           0.0  2002   0.0    0.0      0.0
                                      2001
  MONTH TO DATE    0.0                       0.0    0.0      0.0
  SINCE SEP 1      0.0                       0.0    0.0      0.0
  SINCE JUL 1      0.0                       0.0    0.0      0.0

DEGREE DAYS
 HEATING
  YESTERDAY        0                         0      0        0
  MONTH TO DATE    0                         0      0        0
  SINCE SEP 1      0                         0      0        0
  SINCE JUL 1      0                         0      0        0

 COOLING
  YESTERDAY       13                        10      3       16
  MONTH TO DATE  307                       248     59      340
  SINCE SEP 1    307                       248     59      340
  SINCE JAN 1   2037                      2047    -10     2104
..................................................................


WIND (MPH)
  HIGHEST WIND SPEED    10   HIGHEST WIND DIRECTION     E (80)
  HIGHEST GUST SPEED    15   HIGHEST GUST DIRECTION     E (100)
  AVERAGE WIND SPEED     2.2


SKY COVER
  POSSIBLE SUNSHINE  MM
  AVERAGE SKY COVER 0.2


WEATHER CONDITIONS
 THE FOLLOWING WEATHER WAS RECORDED YESTERDAY.
  FOG


RELATIVE HUMIDITY (PERCENT)
 HIGHEST   100           500 AM
 LOWEST     44           200 PM
 AVERAGE    72

..........................................................


THE JACKSON CLIMATE NORMALS FOR TODAY
                         NORMAL    RECORD    YEAR
 MAXIMUM TEMPERATURE (F)   85       105      1925
 MINIMUM TEMPERATURE (F)   63        43      1918


SUNRISE AND SUNSET
SEPTEMBER 21 2014.....SUNRISE   648 AM CDT   SUNSET   658 PM CDT
SEPTEMBER 22 2014.....SUNRISE   649 AM CDT   SUNSET   657 PM CDT


-  INDICATES NEGATIVE NUMBERS.
R  INDICATES RECORD WAS SET OR TIED.
MM INDICATES DATA IS MISSING.
T  INDICATES TRACE AMOUNT.

&&

AT 4 AM:

THE PEARL RIVER STAGE AT JACKSON WAS 3.8 FEET. THE RIVER HAS REMAINED STEADY
OVER THE PAST 24 HOURS.

THE MISSISSIPPI RIVER STAGE AT VICKSBURG WAS 20.7 FEET. THE RIVER
HAS RISEN 1.5 FEET OVER THE PAST 24 HOURS.

$$
