000
CDUS44 KJAN 040710
CLIJAN

CLIMATE REPORT
NATIONAL WEATHER SERVICE JACKSON MS
207 AM CDT TUE AUG 4 2015

...................................

...THE JACKSON CLIMATE SUMMARY FOR AUGUST 3 2015...

CLIMATE NORMAL PERIOD 1981 TO 2010
CLIMATE RECORD PERIOD 1896 TO 2015


WEATHER ITEM   OBSERVED TIME   RECORD YEAR NORMAL DEPARTURE LAST
                VALUE   (LST)  VALUE       VALUE  FROM      YEAR
                                                  NORMAL
..................................................................
TEMPERATURE (F)
 YESTERDAY
  MAXIMUM        100    419 PM 103    2010  92      8       91
                                      1952
  MINIMUM         70    459 AM  60    1965  72     -2       72
  AVERAGE         85                        82      3       82

PRECIPITATION (IN)
  YESTERDAY        0.00          2.52 1914   0.16  -0.16     0.00
  MONTH TO DATE    0.00                      0.48  -0.48     0.04
  SINCE JUN 1      7.93                      9.41  -1.48     8.61
  SINCE JAN 1     36.21                     33.52   2.69    40.21

SNOWFALL (IN)
  YESTERDAY        0.0           0.0  2002   0.0    0.0      0.0
                                      2001
  MONTH TO DATE    0.0                       0.0    0.0      0.0
  SINCE JUN 1      0.0                       0.0    0.0      0.0
  SINCE JUL 1      0.0                       0.0    0.0      0.0

DEGREE DAYS
 HEATING
  YESTERDAY        0                         0      0        0
  MONTH TO DATE    0                         0      0        0
  SINCE JUN 1      0                         0      0        0
  SINCE JUL 1      0                         0      0        0

 COOLING
  YESTERDAY       20                        17      3       17
  MONTH TO DATE   58                        51      7       42
  SINCE JUN 1   1158                       988    170      925
  SINCE JAN 1   1611                      1346    265     1256
..................................................................


WIND (MPH)
  HIGHEST WIND SPEED    15   HIGHEST WIND DIRECTION     N (350)
  HIGHEST GUST SPEED    19   HIGHEST GUST DIRECTION     N (360)
  AVERAGE WIND SPEED     3.5


SKY COVER
  POSSIBLE SUNSHINE  MM
  AVERAGE SKY COVER 0.2


WEATHER CONDITIONS
 THE FOLLOWING WEATHER WAS RECORDED YESTERDAY.
  NO SIGNIFICANT WEATHER WAS OBSERVED.


RELATIVE HUMIDITY (PERCENT)
 HIGHEST    84           200 AM
 LOWEST     28           300 PM
 AVERAGE    56

..........................................................


THE JACKSON CLIMATE NORMALS FOR TODAY
                         NORMAL    RECORD    YEAR
 MAXIMUM TEMPERATURE (F)   92       102      1924
                                             1897
 MINIMUM TEMPERATURE (F)   72        62      1973


SUNRISE AND SUNSET
AUGUST  4 2015........SUNRISE   617 AM CDT   SUNSET   755 PM CDT
AUGUST  5 2015........SUNRISE   618 AM CDT   SUNSET   755 PM CDT


-  INDICATES NEGATIVE NUMBERS.
R  INDICATES RECORD WAS SET OR TIED.
MM INDICATES DATA IS MISSING.
T  INDICATES TRACE AMOUNT.

&&

AT 2 AM:

THE PEARL RIVER STAGE AT JACKSON WAS 3.4 FEET. THE RIVER STAGE HAS FALLEN
0.1 FEET OVER THE PAST 24 HOURS.

THE MISSISSIPPI RIVER STAGE AT VICKSBURG WAS 43.8 FEET. THE RIVER STAGE
HAS FALLEN 0.7 FEET OVER THE PAST 24 HOURS.

$$
