000
CDUS42 KJAX 120626
CLIJAX


CLIMATE REPORT
NATIONAL WEATHER SERVICE JACKSONVILLE FL
126 AM EST TUE DEC 12 2017


...................................

...THE JACKSONVILLE CLIMATE SUMMARY FOR DECEMBER 11 2017...

CLIMATE NORMAL PERIOD 1981 TO 2010
CLIMATE RECORD PERIOD 1871 TO 2017


WEATHER ITEM   OBSERVED TIME   RECORD YEAR NORMAL DEPARTURE LAST
                VALUE   (LST)  VALUE       VALUE  FROM      YEAR
                                                  NORMAL
..................................................................
TEMPERATURE (F)
 YESTERDAY
  MAXIMUM         63    358 PM  83    1971  67     -4       75
                                      1961
  MINIMUM         33    657 AM  23    1981  45    -12       44
  AVERAGE         48                        56     -8       60

PRECIPITATION (IN)
  YESTERDAY        0.00          1.34 1983   0.09  -0.09     0.00
  MONTH TO DATE    2.18                      0.96   1.22     1.99
  SINCE DEC 1      2.18                      0.96   1.22     1.99
  SINCE JAN 1     69.87                     50.55  19.32    38.22

SNOWFALL (IN)
  YESTERDAY        0.0           T    1934   0.0    0.0      0.0
  MONTH TO DATE    0.0                       0.0    0.0      0.0
  SINCE DEC 1      0.0                       0.0    0.0      0.0
  SINCE JUL 1      0.0                       0.0    0.0      0.0
  SNOW DEPTH       0

DEGREE DAYS
 HEATING
  YESTERDAY       17                        10      7        5
  MONTH TO DATE   89                        96     -7       76
  SINCE DEC 1     89                        96     -7       76
  SINCE JUL 1    185                       269    -84      206

 COOLING
  YESTERDAY        0                         1     -1        0
  MONTH TO DATE   16                        11      5       16
  SINCE DEC 1     16                        11      5       16
  SINCE JAN 1   3033                      2655    378     2967
..................................................................


WIND (MPH)
  HIGHEST WIND SPEED    13   HIGHEST WIND DIRECTION     W (250)
  HIGHEST GUST SPEED    15   HIGHEST GUST DIRECTION    SW (240)
  AVERAGE WIND SPEED     5.3


SKY COVER
  POSSIBLE SUNSHINE  MM
  AVERAGE SKY COVER 0.1


WEATHER CONDITIONS
 THE FOLLOWING WEATHER WAS RECORDED YESTERDAY.
  NO SIGNIFICANT WEATHER WAS OBSERVED.


RELATIVE HUMIDITY (PERCENT)
 HIGHEST    92          1200 AM
 LOWEST     34           200 PM
 AVERAGE    63

..........................................................


THE JACKSONVILLE CLIMATE NORMALS FOR TODAY
                         NORMAL    RECORD    YEAR
 MAXIMUM TEMPERATURE (F)   67        83      1961
 MINIMUM TEMPERATURE (F)   45        22      1962


SUNRISE AND SUNSET
DECEMBER 12 2017......SUNRISE   714 AM EST   SUNSET   527 PM EST
DECEMBER 13 2017......SUNRISE   715 AM EST   SUNSET   527 PM EST


-  INDICATES NEGATIVE NUMBERS.
R  INDICATES RECORD WAS SET OR TIED.
MM INDICATES DATA IS MISSING.
T  INDICATES TRACE AMOUNT.




$$
