000
CDUS42 KJAX 290532
CLIJAX


CLIMATE REPORT
NATIONAL WEATHER SERVICE JACKSONVILLE FL
1232 AM EST THU JAN 29 2015


...................................

...THE JACKSONVILLE CLIMATE SUMMARY FOR JANUARY 28 2015...

CLIMATE NORMAL PERIOD 1981 TO 2010
CLIMATE RECORD PERIOD 1871 TO 2015


WEATHER ITEM   OBSERVED TIME   RECORD YEAR NORMAL DEPARTURE LAST
                VALUE   (LST)  VALUE       VALUE  FROM      YEAR
                                                  NORMAL
..................................................................
TEMPERATURE (F)
 YESTERDAY
  MAXIMUM         55    235 PM  83    1957  66    -11       57
  MINIMUM         34   1159 PM  16    1986  42     -8       40
  AVERAGE         45                        54     -9       49

PRECIPITATION (IN)
  YESTERDAY        0.00          2.06 1973   0.12  -0.12     0.17
  MONTH TO DATE    3.08                      2.96   0.12     6.23
  SINCE DEC 1      6.82                      5.76   1.06     7.09
  SINCE JAN 1      3.08                      2.96   0.12     6.23

SNOWFALL (IN)
  YESTERDAY        0.0           0.0  2002   0.0    0.0      0.0
  MONTH TO DATE    T                         0.0    0.0      0.0
  SINCE DEC 1      T                         T      0.0      0.0
  SINCE JUL 1      T                         T      0.0      0.0
  SNOW DEPTH       0

DEGREE DAYS
 HEATING
  YESTERDAY       20                        12      8       16
  MONTH TO DATE  319                       349    -30      418
  SINCE DEC 1    547                       672   -125      620
  SINCE JUL 1    831                       845    -14      776

 COOLING
  YESTERDAY        0                         0      0        0
  MONTH TO DATE   13                         0     13        9
  SINCE DEC 1     37                        21     16       59
  SINCE JAN 1     13                         0     13        9
..................................................................


WIND (MPH)
  HIGHEST WIND SPEED    14   HIGHEST WIND DIRECTION    NE (50)
  HIGHEST GUST SPEED    19   HIGHEST GUST DIRECTION    NE (30)
  AVERAGE WIND SPEED     6.1


SKY COVER
  POSSIBLE SUNSHINE  MM
  AVERAGE SKY COVER 0.0


WEATHER CONDITIONS
 THE FOLLOWING WEATHER WAS RECORDED YESTERDAY.
  NO SIGNIFICANT WEATHER WAS OBSERVED.


RELATIVE HUMIDITY (PERCENT)
 HIGHEST    92           100 AM
 LOWEST     35           100 PM
 AVERAGE    64

..........................................................


THE JACKSONVILLE CLIMATE NORMALS FOR TODAY
                         NORMAL    RECORD    YEAR
 MAXIMUM TEMPERATURE (F)   66        84      1957
 MINIMUM TEMPERATURE (F)   42        22      1897


SUNRISE AND SUNSET
JANUARY 29 2015.......SUNRISE   720 AM EST   SUNSET   600 PM EST
JANUARY 30 2015.......SUNRISE   719 AM EST   SUNSET   601 PM EST


-  INDICATES NEGATIVE NUMBERS.
R  INDICATES RECORD WAS SET OR TIED.
MM INDICATES DATA IS MISSING.
T  INDICATES TRACE AMOUNT.




$$
