000
CDUS42 KJAX 300537
CLIJAX


CLIMATE REPORT
NATIONAL WEATHER SERVICE JACKSONVILLE FL
137 AM EDT MON MAY 30 2016


...................................

...THE JACKSONVILLE CLIMATE SUMMARY FOR MAY 29 2016...

CLIMATE NORMAL PERIOD 1981 TO 2010
CLIMATE RECORD PERIOD 1871 TO 2016


WEATHER ITEM   OBSERVED TIME   RECORD YEAR NORMAL DEPARTURE LAST
                VALUE   (LST)  VALUE       VALUE  FROM      YEAR
                                                  NORMAL
..................................................................
TEMPERATURE (F)
 YESTERDAY
  MAXIMUM         88    521 PM  97    1967  88      0       85
  MINIMUM         64    455 AM  53    1988  67     -3       62
  AVERAGE         76                        77     -1       74

PRECIPITATION (IN)
  YESTERDAY        0.00          2.83 2012   0.11  -0.11     0.00
  MONTH TO DATE    2.29                      2.23   0.06     0.14
  SINCE MAR 1      6.81                      8.82  -2.01     5.10
  SINCE JAN 1     14.46                     15.31  -0.85    11.50

SNOWFALL (IN)
  YESTERDAY        0.0           0.0  2002   0.0    0.0      0.0
                                      2001
  MONTH TO DATE    0.0                       0.0    0.0      0.0
  SINCE MAR 1      0.0                       T      0.0      0.0
  SINCE JUL 1      0.0                       T      0.0       T
  SNOW DEPTH       0

DEGREE DAYS
 HEATING
  YESTERDAY        0                         0      0        0
  MONTH TO DATE    6                         3      3        2
  SINCE MAR 1    101                       214   -113       89
  SINCE JUL 1    949                      1347   -398     1337

 COOLING
  YESTERDAY       11                        12     -1        9
  MONTH TO DATE  271                       263      8      289
  SINCE MAR 1    523                       430     93      612
  SINCE JAN 1    547                       459     88      625
..................................................................


WIND (MPH)
  HIGHEST WIND SPEED    16   HIGHEST WIND DIRECTION    NW (330)
  HIGHEST GUST SPEED    23   HIGHEST GUST DIRECTION     W (290)
  AVERAGE WIND SPEED     6.8


SKY COVER
  POSSIBLE SUNSHINE  MM
  AVERAGE SKY COVER 0.3


WEATHER CONDITIONS
 THE FOLLOWING WEATHER WAS RECORDED YESTERDAY.
  NO SIGNIFICANT WEATHER WAS OBSERVED.


RELATIVE HUMIDITY (PERCENT)
 HIGHEST   100           100 AM
 LOWEST     43           400 PM
 AVERAGE    72

..........................................................


THE JACKSONVILLE CLIMATE NORMALS FOR TODAY
                         NORMAL    RECORD    YEAR
 MAXIMUM TEMPERATURE (F)   88        97      1945
                                             1898
 MINIMUM TEMPERATURE (F)   67        51      1971


SUNRISE AND SUNSET
MAY 30 2016...........SUNRISE   625 AM EDT   SUNSET   824 PM EDT
MAY 31 2016...........SUNRISE   625 AM EDT   SUNSET   824 PM EDT


-  INDICATES NEGATIVE NUMBERS.
R  INDICATES RECORD WAS SET OR TIED.
MM INDICATES DATA IS MISSING.
T  INDICATES TRACE AMOUNT.




$$
