000
CDUS42 KJAX 290526
CLIJAX


CLIMATE REPORT
NATIONAL WEATHER SERVICE JACKSONVILLE FL
126 AM EDT THU JUN 29 2017


...................................

...THE JACKSONVILLE CLIMATE SUMMARY FOR JUNE 28 2017...

CLIMATE NORMAL PERIOD 1981 TO 2010
CLIMATE RECORD PERIOD 1871 TO 2017


WEATHER ITEM   OBSERVED TIME   RECORD YEAR NORMAL DEPARTURE LAST
                VALUE   (LST)  VALUE       VALUE  FROM      YEAR
                                                  NORMAL
..................................................................
TEMPERATURE (F)
 YESTERDAY
  MAXIMUM         84    444 PM 101    1954  91     -7       94
  MINIMUM         72    358 AM  63    2012  72      0       69
  AVERAGE         78                        81     -3       82

PRECIPITATION (IN)
  YESTERDAY        T             1.37 2005   0.23  -0.23     0.00
  MONTH TO DATE   10.95                      5.97   4.98     3.01
  SINCE JUN 1     10.95                      5.97   4.98     3.01
  SINCE JAN 1     26.81                     21.53   5.28    17.47

SNOWFALL (IN)
  YESTERDAY        0.0           0.0  2002   0.0    0.0      0.0
                                      2001
  MONTH TO DATE    0.0                       0.0    0.0      0.0
  SINCE JUN 1      0.0                       0.0    0.0      0.0
  SINCE JUL 1      0.0                       T      0.0      0.0
  SNOW DEPTH       0

DEGREE DAYS
 HEATING
  YESTERDAY        0                         0      0        0
  MONTH TO DATE    0                         0      0        0
  SINCE JUN 1      0                         0      0        0
  SINCE JUL 1    782                      1349   -567      949

 COOLING
  YESTERDAY       13                        16     -3       17
  MONTH TO DATE  404                       415    -11      454
  SINCE JUN 1    404                       415    -11      454
  SINCE JAN 1   1060                       899    161     1031
..................................................................


WIND (MPH)
  HIGHEST WIND SPEED    20   HIGHEST WIND DIRECTION     E (70)
  HIGHEST GUST SPEED    23   HIGHEST GUST DIRECTION    NE (50)
  AVERAGE WIND SPEED     8.1


SKY COVER
  POSSIBLE SUNSHINE  MM
  AVERAGE SKY COVER 0.8


WEATHER CONDITIONS
 THE FOLLOWING WEATHER WAS RECORDED YESTERDAY.
  LIGHT RAIN
  FOG


RELATIVE HUMIDITY (PERCENT)
 HIGHEST   100          1200 AM
 LOWEST     69           400 PM
 AVERAGE    85

..........................................................


THE JACKSONVILLE CLIMATE NORMALS FOR TODAY
                         NORMAL    RECORD    YEAR
 MAXIMUM TEMPERATURE (F)   91       100      1998
 MINIMUM TEMPERATURE (F)   72        63      1981


SUNRISE AND SUNSET
JUNE 29 2017..........SUNRISE   627 AM EDT   SUNSET   833 PM EDT
JUNE 30 2017..........SUNRISE   628 AM EDT   SUNSET   833 PM EDT


-  INDICATES NEGATIVE NUMBERS.
R  INDICATES RECORD WAS SET OR TIED.
MM INDICATES DATA IS MISSING.
T  INDICATES TRACE AMOUNT.




$$
