000
CDUS42 KJAX 270527
CLIJAX


CLIMATE REPORT
NATIONAL WEATHER SERVICE JACKSONVILLE FL
127 AM EDT MON MAR 27 2017


...................................

...THE JACKSONVILLE CLIMATE SUMMARY FOR MARCH 26 2017...

CLIMATE NORMAL PERIOD 1981 TO 2010
CLIMATE RECORD PERIOD 1871 TO 2017


WEATHER ITEM   OBSERVED TIME   RECORD YEAR NORMAL DEPARTURE LAST
                VALUE   (LST)  VALUE       VALUE  FROM      YEAR
                                                  NORMAL
..................................................................
TEMPERATURE (F)
 YESTERDAY
  MAXIMUM         82    147 PM  88    1965  76      6       81
  MINIMUM         54    618 AM  32    1979  51      3       64
  AVERAGE         68                        63      5       73

PRECIPITATION (IN)
  YESTERDAY        0.00          1.65 1872   0.12  -0.12     0.27
  MONTH TO DATE    1.06                      3.34  -2.28     1.12
  SINCE MAR 1      1.06                      3.34  -2.28     1.12
  SINCE JAN 1      6.46                      9.83  -3.37     8.77

SNOWFALL (IN)
  YESTERDAY        0.0           0.0  2002   0.0    0.0      0.0
                                      2001
  MONTH TO DATE    0.0                       0.0    0.0      0.0
  SINCE MAR 1      0.0                       0.0    0.0      0.0
  SINCE JUL 1      0.0                       T      0.0      0.0
  SNOW DEPTH       0

DEGREE DAYS
 HEATING
  YESTERDAY        0                         4     -4        0
  MONTH TO DATE  158                       140     18       73
  SINCE MAR 1    158                       140     18       73
  SINCE JUL 1    761                      1273   -512      921

 COOLING
  YESTERDAY        3                         2      1        8
  MONTH TO DATE   37                        44     -7       89
  SINCE MAR 1     37                        44     -7       89
  SINCE JAN 1    109                        73     36      113
..................................................................


WIND (MPH)
  HIGHEST WIND SPEED    16   HIGHEST WIND DIRECTION     E (100)
  HIGHEST GUST SPEED    21   HIGHEST GUST DIRECTION     E (100)
  AVERAGE WIND SPEED     6.1


SKY COVER
  POSSIBLE SUNSHINE  MM
  AVERAGE SKY COVER 0.4


WEATHER CONDITIONS
 THE FOLLOWING WEATHER WAS RECORDED YESTERDAY.
  NO SIGNIFICANT WEATHER WAS OBSERVED.


RELATIVE HUMIDITY (PERCENT)
 HIGHEST   100           300 AM
 LOWEST     42           300 PM
 AVERAGE    71

..........................................................


THE JACKSONVILLE CLIMATE NORMALS FOR TODAY
                         NORMAL    RECORD    YEAR
 MAXIMUM TEMPERATURE (F)   76        89      1991
                                             1929
 MINIMUM TEMPERATURE (F)   51        32      1894


SUNRISE AND SUNSET
MARCH 27 2017.........SUNRISE   722 AM EDT   SUNSET   743 PM EDT
MARCH 28 2017.........SUNRISE   720 AM EDT   SUNSET   743 PM EDT


-  INDICATES NEGATIVE NUMBERS.
R  INDICATES RECORD WAS SET OR TIED.
MM INDICATES DATA IS MISSING.
T  INDICATES TRACE AMOUNT.




$$
