000
CDUS42 KJAX 240550
CLIJAX


CLIMATE REPORT
NATIONAL WEATHER SERVICE JACKSONVILLE FL
1250 AM EST FRI FEB 24 2017


...................................

...THE JACKSONVILLE CLIMATE SUMMARY FOR FEBRUARY 23 2017...

CLIMATE NORMAL PERIOD 1981 TO 2010
CLIMATE RECORD PERIOD 1871 TO 2017


WEATHER ITEM   OBSERVED TIME   RECORD YEAR NORMAL DEPARTURE LAST
                VALUE   (LST)  VALUE       VALUE  FROM      YEAR
                                                  NORMAL
..................................................................
TEMPERATURE (F)
 YESTERDAY
  MAXIMUM         76    216 PM  85    1962  70      6       83
  MINIMUM         62   1155 PM  25    1978  46     16       61
  AVERAGE         69                        58     11       72

PRECIPITATION (IN)
  YESTERDAY        0.06          1.59 1966   0.12  -0.06     0.14
  MONTH TO DATE    1.35                      2.58  -1.23     4.07
  SINCE DEC 1      7.69                      8.68  -0.99     7.46
  SINCE JAN 1      5.40                      5.88  -0.48     6.90

SNOWFALL (IN)
  YESTERDAY        0.0           T    1989   0.0    0.0      0.0
  MONTH TO DATE    0.0                       0.0    0.0      0.0
  SINCE DEC 1      0.0                       T      0.0      0.0
  SINCE JUL 1      0.0                       T      0.0      0.0
  SNOW DEPTH       0

DEGREE DAYS
 HEATING
  YESTERDAY        0                         8     -8        0
  MONTH TO DATE   95                       219   -124      220
  SINCE DEC 1    462                       922   -460      730
  SINCE JUL 1    592                      1095   -503      784

 COOLING
  YESTERDAY        4                         1      3        7
  MONTH TO DATE   19                        18      1       21
  SINCE DEC 1     98                        50     48      162
  SINCE JAN 1     55                        29     26       21
..................................................................


WIND (MPH)
  HIGHEST WIND SPEED    25   HIGHEST WIND DIRECTION    NE (40)
  HIGHEST GUST SPEED    31   HIGHEST GUST DIRECTION    NE (40)
  AVERAGE WIND SPEED    12.7


SKY COVER
  POSSIBLE SUNSHINE  MM
  AVERAGE SKY COVER 0.7


WEATHER CONDITIONS
 THE FOLLOWING WEATHER WAS RECORDED YESTERDAY.
  LIGHT RAIN
  FOG


RELATIVE HUMIDITY (PERCENT)
 HIGHEST   100          1200 AM
 LOWEST     68           100 PM
 AVERAGE    84

..........................................................


THE JACKSONVILLE CLIMATE NORMALS FOR TODAY
                         NORMAL    RECORD    YEAR
 MAXIMUM TEMPERATURE (F)   70        88      1962
 MINIMUM TEMPERATURE (F)   46        27      1989


SUNRISE AND SUNSET
FEBRUARY 24 2017......SUNRISE   658 AM EST   SUNSET   622 PM EST
FEBRUARY 25 2017......SUNRISE   657 AM EST   SUNSET   623 PM EST


-  INDICATES NEGATIVE NUMBERS.
R  INDICATES RECORD WAS SET OR TIED.
MM INDICATES DATA IS MISSING.
T  INDICATES TRACE AMOUNT.




$$
