000
CDUS42 KJAX 280527
CLIJAX


CLIMATE REPORT
NATIONAL WEATHER SERVICE JACKSONVILLE FL
126 AM EDT FRI APR 28 2017


...................................

...THE JACKSONVILLE CLIMATE SUMMARY FOR APRIL 27 2017...

CLIMATE NORMAL PERIOD 1981 TO 2010
CLIMATE RECORD PERIOD 1871 TO 2017


WEATHER ITEM   OBSERVED TIME   RECORD YEAR NORMAL DEPARTURE LAST
                VALUE   (LST)  VALUE       VALUE  FROM      YEAR
                                                  NORMAL
..................................................................
TEMPERATURE (F)
 YESTERDAY
  MAXIMUM         93    207 PM  94    1986  82     11       88
  MINIMUM         59    533 AM  42    1977  57      2       64
  AVERAGE         76                        69      7       76

PRECIPITATION (IN)
  YESTERDAY        0.00          1.81 1997   0.07  -0.07      T
  MONTH TO DATE    0.74                      2.43  -1.69     2.69
  SINCE MAR 1      1.81                      6.38  -4.57     4.52
  SINCE JAN 1      7.21                     12.87  -5.66    12.17

SNOWFALL (IN)
  YESTERDAY        0.0           0.0  2002   0.0    0.0      0.0
                                      2001
  MONTH TO DATE    0.0                       0.0    0.0      0.0
  SINCE MAR 1      0.0                       T      0.0      0.0
  SINCE JUL 1      0.0                       T      0.0      0.0
  SNOW DEPTH       0

DEGREE DAYS
 HEATING
  YESTERDAY        0                         1     -1        0
  MONTH TO DATE   21                        53    -32       21
  SINCE MAR 1    179                       209    -30       95
  SINCE JUL 1    782                      1342   -560      943

 COOLING
  YESTERDAY       11                         5      6       11
  MONTH TO DATE  131                        97     34       98
  SINCE MAR 1    210                       151     59      216
  SINCE JAN 1    282                       180    102      240
..................................................................


WIND (MPH)
  HIGHEST WIND SPEED    20   HIGHEST WIND DIRECTION     S (170)
  HIGHEST GUST SPEED    27   HIGHEST GUST DIRECTION     S (180)
  AVERAGE WIND SPEED     7.2


SKY COVER
  POSSIBLE SUNSHINE  MM
  AVERAGE SKY COVER 0.3


WEATHER CONDITIONS
 THE FOLLOWING WEATHER WAS RECORDED YESTERDAY.
  NO SIGNIFICANT WEATHER WAS OBSERVED.


RELATIVE HUMIDITY (PERCENT)
 HIGHEST   100           300 AM
 LOWEST     36          1100 AM
 AVERAGE    68

..........................................................


THE JACKSONVILLE CLIMATE NORMALS FOR TODAY
                         NORMAL    RECORD    YEAR
 MAXIMUM TEMPERATURE (F)   82        94      1991
 MINIMUM TEMPERATURE (F)   57        43      1978
                                             1977
                                             1898


SUNRISE AND SUNSET
APRIL 28 2017.........SUNRISE   646 AM EDT   SUNSET   803 PM EDT
APRIL 29 2017.........SUNRISE   645 AM EDT   SUNSET   804 PM EDT


-  INDICATES NEGATIVE NUMBERS.
R  INDICATES RECORD WAS SET OR TIED.
MM INDICATES DATA IS MISSING.
T  INDICATES TRACE AMOUNT.




$$
