000
CDUS44 KMEG 120739
CLIJBR


CLIMATE REPORT
NATIONAL WEATHER SERVICE MEMPHIS TN
138 AM CST FRI FEB 12 2016


...................................

...THE JONESBORO CLIMATE SUMMARY FOR FEBRUARY 11 2016...

CLIMATE NORMAL PERIOD 1981 TO 2010
CLIMATE RECORD PERIOD 1897 TO 2016


WEATHER ITEM   OBSERVED TIME   RECORD YEAR NORMAL DEPARTURE LAST
                VALUE   (LST)  VALUE       VALUE  FROM      YEAR
                                                  NORMAL
..................................................................
TEMPERATURE (F)
 YESTERDAY
  MAXIMUM         43    407 PM  77    1938  50     -7       56
  MINIMUM         25    423 AM   1    1912  31     -6       27
  AVERAGE         34                        40     -6       42

PRECIPITATION (IN)
  YESTERDAY        0.00          2.13 1953   0.13  -0.13     0.00
  MONTH TO DATE    0.14                      1.43  -1.29     0.56
  SINCE DEC 1      8.31                      9.63  -1.32     4.85
  SINCE JAN 1      1.94                      4.86  -2.92     2.06

SNOWFALL (IN)
  YESTERDAY        0.0           4.5  1933   0.0    0.0      0.0
  MONTH TO DATE    0.0                       0.6   -0.6       T
  SINCE DEC 1      0.3                       3.4   -3.1       T
  SINCE JUL 1      0.3                       3.4   -3.1      0.3
  SNOW DEPTH       0

DEGREE DAYS
 HEATING
  YESTERDAY       31                        25      6       23
  MONTH TO DATE  271                       281    -10      278
  SINCE DEC 1   1629                      1927   -298     1843
  SINCE JUL 1   2138                      2577   -439     2602

 COOLING
  YESTERDAY        0                         0      0        0
  MONTH TO DATE    0                         0      0        0
  SINCE DEC 1      3                         0      3        0
  SINCE JAN 1      0                         0      0        0
..................................................................


WIND (MPH)
  HIGHEST WIND SPEED    22   HIGHEST WIND DIRECTION    NE (50)
  HIGHEST GUST SPEED    26   HIGHEST GUST DIRECTION    NE (50)
  AVERAGE WIND SPEED    12.8


SKY COVER
  POSSIBLE SUNSHINE  MM
  AVERAGE SKY COVER 0.0


WEATHER CONDITIONS
 THE FOLLOWING WEATHER WAS RECORDED YESTERDAY.
  NO SIGNIFICANT WEATHER WAS OBSERVED.


RELATIVE HUMIDITY (PERCENT)
 HIGHEST    75           100 AM
 LOWEST     49           200 PM
 AVERAGE    62

..........................................................


THE JONESBORO CLIMATE NORMALS FOR TODAY
                         NORMAL    RECORD    YEAR
 MAXIMUM TEMPERATURE (F)   50        75      1962
                                             1961
 MINIMUM TEMPERATURE (F)   31         4      1988


SUNRISE AND SUNSET
FEBRUARY 12 2016......SUNRISE   653 AM CST   SUNSET   541 PM CST
FEBRUARY 13 2016......SUNRISE   652 AM CST   SUNSET   542 PM CST


-  INDICATES NEGATIVE NUMBERS.
R  INDICATES RECORD WAS SET OR TIED.
MM INDICATES DATA IS MISSING.
T  INDICATES TRACE AMOUNT.




$$
