000
CDUS44 KMEG 220632
CLIJBR


CLIMATE REPORT
NATIONAL WEATHER SERVICE MEMPHIS TN
132 AM CDT THU JUN 22 2017


...................................

...THE JONESBORO CLIMATE SUMMARY FOR JUNE 21 2017...

CLIMATE NORMAL PERIOD 1981 TO 2010
CLIMATE RECORD PERIOD 1897 TO 2017


WEATHER ITEM   OBSERVED TIME   RECORD YEAR NORMAL DEPARTURE LAST
                VALUE   (LST)  VALUE       VALUE  FROM      YEAR
                                                  NORMAL
..................................................................
TEMPERATURE (F)
 YESTERDAY
  MAXIMUM         93    211 PM 108    1901  90      3       96
  MINIMUM         68    503 AM  55    2003  68      0       77
  AVERAGE         81                        79      2       87

PRECIPITATION (IN)
  YESTERDAY        0.00          2.42 1928   0.15  -0.15     0.00
  MONTH TO DATE    1.30                      2.34  -1.04     0.48
  SINCE JUN 1      1.30                      2.34  -1.04     0.48
  SINCE JAN 1     28.49                     23.62   4.87    32.91

DEGREE DAYS
 HEATING
  YESTERDAY        0                         0      0        0
  MONTH TO DATE    0                         0      0        0
  SINCE JUN 1      0                         0      0        0
  SINCE JUL 1   2628                      3652  -1024     2983

 COOLING
  YESTERDAY       16                        14      2       22
  MONTH TO DATE  279                       249     30      317
  SINCE JUN 1    279                       249     30      317
  SINCE JAN 1    513                       462     51      516
..................................................................


WIND (MPH)
  HIGHEST WIND SPEED    18   HIGHEST WIND DIRECTION    SE (130)
  HIGHEST GUST SPEED    23   HIGHEST GUST DIRECTION     E (110)
  AVERAGE WIND SPEED     6.1


SKY COVER
  POSSIBLE SUNSHINE  MM
  AVERAGE SKY COVER 0.1


WEATHER CONDITIONS
 THE FOLLOWING WEATHER WAS RECORDED YESTERDAY.
  NO SIGNIFICANT WEATHER WAS OBSERVED.


RELATIVE HUMIDITY (PERCENT)
 HIGHEST    97           200 AM
 LOWEST     38           200 PM
 AVERAGE    68

..........................................................


THE JONESBORO CLIMATE NORMALS FOR TODAY
                         NORMAL    RECORD    YEAR
 MAXIMUM TEMPERATURE (F)   90       107      1901
 MINIMUM TEMPERATURE (F)   69        50      1992


SUNRISE AND SUNSET
JUNE 22 2017..........SUNRISE   547 AM CDT   SUNSET   822 PM CDT
JUNE 23 2017..........SUNRISE   547 AM CDT   SUNSET   823 PM CDT


-  INDICATES NEGATIVE NUMBERS.
R  INDICATES RECORD WAS SET OR TIED.
MM INDICATES DATA IS MISSING.
T  INDICATES TRACE AMOUNT.




$$
