000
CDUS44 KMEG 170736
CLIJBR


CLIMATE REPORT
NATIONAL WEATHER SERVICE MEMPHIS TN
136 AM CST SUN DEC 17 2017


...................................

...THE JONESBORO CLIMATE SUMMARY FOR DECEMBER 16 2017...

CLIMATE NORMAL PERIOD 1981 TO 2010
CLIMATE RECORD PERIOD 1897 TO 2017


WEATHER ITEM   OBSERVED TIME   RECORD YEAR NORMAL DEPARTURE LAST
                VALUE   (LST)  VALUE       VALUE  FROM      YEAR
                                                  NORMAL
..................................................................
TEMPERATURE (F)
 YESTERDAY
  MAXIMUM         54    129 PM  75    1924  48      6       57
  MINIMUM         30    624 AM   0    1989  31     -1       27
  AVERAGE         42                        39      3       42

PRECIPITATION (IN)
  YESTERDAY        0.00          3.78 2001   0.14  -0.14      T
  MONTH TO DATE    0.23                      2.66  -2.43     1.07
  SINCE DEC 1      0.23                      2.66  -2.43     1.07
  SINCE JAN 1     42.28                     45.99  -3.71    49.17

DEGREE DAYS
 HEATING
  YESTERDAY       23                        26     -3       23
  MONTH TO DATE  338                       387    -49      406
  SINCE DEC 1    338                       387    -49      406
  SINCE JUL 1    882                      1037   -155      755

 COOLING
  YESTERDAY        0                         0      0        0
  MONTH TO DATE    0                         0      0        0
  SINCE DEC 1      0                         0      0        0
  SINCE JAN 1   1958                      1827    131     2285
..................................................................


WIND (MPH)
  HIGHEST WIND SPEED    20   HIGHEST WIND DIRECTION     S (190)
  HIGHEST GUST SPEED    24   HIGHEST GUST DIRECTION     S (200)
  AVERAGE WIND SPEED     9.9


SKY COVER
  POSSIBLE SUNSHINE  MM
  AVERAGE SKY COVER 0.0


WEATHER CONDITIONS
 THE FOLLOWING WEATHER WAS RECORDED YESTERDAY.
  NO SIGNIFICANT WEATHER WAS OBSERVED.


RELATIVE HUMIDITY (PERCENT)
 HIGHEST    92           800 AM
 LOWEST     46           100 PM
 AVERAGE    69

..........................................................


THE JONESBORO CLIMATE NORMALS FOR TODAY
                         NORMAL    RECORD    YEAR
 MAXIMUM TEMPERATURE (F)   47        77      1924
 MINIMUM TEMPERATURE (F)   30        10      2000
                                             1989
                                             1932


SUNRISE AND SUNSET
DECEMBER 17 2017......SUNRISE   707 AM CST   SUNSET   451 PM CST
DECEMBER 18 2017......SUNRISE   707 AM CST   SUNSET   451 PM CST


-  INDICATES NEGATIVE NUMBERS.
R  INDICATES RECORD WAS SET OR TIED.
MM INDICATES DATA IS MISSING.
T  INDICATES TRACE AMOUNT.




$$
