000
CDUS44 KMEG 270636
CLIJBR


CLIMATE REPORT
NATIONAL WEATHER SERVICE MEMPHIS TN
134 AM CDT MON MAR 27 2017


...................................

...THE JONESBORO CLIMATE SUMMARY FOR MARCH 26 2017...

CLIMATE NORMAL PERIOD 1981 TO 2010
CLIMATE RECORD PERIOD 1897 TO 2017


WEATHER ITEM   OBSERVED TIME   RECORD YEAR NORMAL DEPARTURE LAST
                VALUE   (LST)  VALUE       VALUE  FROM      YEAR
                                                  NORMAL
..................................................................
TEMPERATURE (F)
 YESTERDAY
  MAXIMUM         70    326 PM  87    1910  64      6       66
  MINIMUM         51    229 AM  14    1955  43      8       37
  AVERAGE         61                        53      8       52

PRECIPITATION (IN)
  YESTERDAY        0.00          4.00 1934   0.15  -0.15     0.00
  MONTH TO DATE    5.78                      3.73   2.05     7.83
  SINCE MAR 1      5.78                      3.73   2.05     7.83
  SINCE JAN 1     11.39                     10.88   0.51    11.76

DEGREE DAYS
 HEATING
  YESTERDAY        4                        12     -8       13
  MONTH TO DATE  349                       409    -60      308
  SINCE MAR 1    349                       409    -60      308
  SINCE JUL 1   2482                      3365   -883     2797

 COOLING
  YESTERDAY        0                         0      0        0
  MONTH TO DATE    4                         0      4        3
  SINCE MAR 1      4                         0      4        3
  SINCE JAN 1      8                         0      8        3
..................................................................


WIND (MPH)
  HIGHEST WIND SPEED    18   HIGHEST WIND DIRECTION    SW (230)
  HIGHEST GUST SPEED    25   HIGHEST GUST DIRECTION    SW (210)
  AVERAGE WIND SPEED     5.6


SKY COVER
  POSSIBLE SUNSHINE  MM
  AVERAGE SKY COVER 0.4


WEATHER CONDITIONS
 THE FOLLOWING WEATHER WAS RECORDED YESTERDAY.
  NO SIGNIFICANT WEATHER WAS OBSERVED.


RELATIVE HUMIDITY (PERCENT)
 HIGHEST    96           300 AM
 LOWEST     57           400 PM
 AVERAGE    77

..........................................................


THE JONESBORO CLIMATE NORMALS FOR TODAY
                         NORMAL    RECORD    YEAR
 MAXIMUM TEMPERATURE (F)   64        87      1910
 MINIMUM TEMPERATURE (F)   43        10      1899


SUNRISE AND SUNSET
MARCH 27 2017.........SUNRISE   656 AM CDT   SUNSET   720 PM CDT
MARCH 28 2017.........SUNRISE   654 AM CDT   SUNSET   721 PM CDT


-  INDICATES NEGATIVE NUMBERS.
R  INDICATES RECORD WAS SET OR TIED.
MM INDICATES DATA IS MISSING.
T  INDICATES TRACE AMOUNT.




$$
