000
CDUS44 KMEG 290637
CLIJBR


CLIMATE REPORT
NATIONAL WEATHER SERVICE MEMPHIS TN
137 AM CDT MON AUG 29 2016


...................................

...THE JONESBORO CLIMATE SUMMARY FOR AUGUST 28 2016...

CLIMATE NORMAL PERIOD 1981 TO 2010
CLIMATE RECORD PERIOD 1897 TO 2016


WEATHER ITEM   OBSERVED TIME   RECORD YEAR NORMAL DEPARTURE LAST
                VALUE   (LST)  VALUE       VALUE  FROM      YEAR
                                                  NORMAL
..................................................................
TEMPERATURE (F)
 YESTERDAY
  MAXIMUM         93    220 PM 104    1909  89      4       84
  MINIMUM         73   1217 AM  52    1906  68      5       58
  AVERAGE         83                        78      5       71

PRECIPITATION (IN)
  YESTERDAY        0.00          2.37 1940   0.08  -0.08     0.00
  MONTH TO DATE    5.20                      2.28   2.92     5.62
  SINCE JUN 1      8.59                      9.57  -0.98    14.31
  SINCE JAN 1     41.02                     30.85  10.17    40.09

SNOWFALL (IN)
  YESTERDAY        0.0          MM      MM   0.0    0.0      0.0
  MONTH TO DATE    0.0                       0.0    0.0      0.0
  SINCE JUN 1      0.0                       0.0    0.0      0.0
  SINCE JUL 1      0.0                       0.0    0.0      0.0
  SNOW DEPTH       0

DEGREE DAYS
 HEATING
  YESTERDAY        0                         0      0        0
  MONTH TO DATE    0                         0      0        0
  SINCE JUN 1      0                         1     -1        0
  SINCE JUL 1      0                         0      0        0

 COOLING
  YESTERDAY       18                        13      5        6
  MONTH TO DATE  444                       422     22      300
  SINCE JUN 1   1497                      1296    201     1262
  SINCE JAN 1   1696                      1509    187     1437
..................................................................


WIND (MPH)
  HIGHEST WIND SPEED    17   HIGHEST WIND DIRECTION     E (80)
  HIGHEST GUST SPEED    22   HIGHEST GUST DIRECTION     E (80)
  AVERAGE WIND SPEED     6.4


SKY COVER
  POSSIBLE SUNSHINE  MM
  AVERAGE SKY COVER 0.1


WEATHER CONDITIONS
 THE FOLLOWING WEATHER WAS RECORDED YESTERDAY.
  NO SIGNIFICANT WEATHER WAS OBSERVED.


RELATIVE HUMIDITY (PERCENT)
 HIGHEST    93           100 AM
 LOWEST     52           400 PM
 AVERAGE    73

..........................................................


THE JONESBORO CLIMATE NORMALS FOR TODAY
                         NORMAL    RECORD    YEAR
 MAXIMUM TEMPERATURE (F)   88       103      1990
 MINIMUM TEMPERATURE (F)   68        50      1986


SUNRISE AND SUNSET
AUGUST 29 2016........SUNRISE   633 AM CDT   SUNSET   733 PM CDT
AUGUST 30 2016........SUNRISE   633 AM CDT   SUNSET   732 PM CDT


-  INDICATES NEGATIVE NUMBERS.
R  INDICATES RECORD WAS SET OR TIED.
MM INDICATES DATA IS MISSING.
T  INDICATES TRACE AMOUNT.




$$
