000
CDUS45 KGGW 031233
CLIJDN


CLIMATE REPORT
NATIONAL WEATHER SERVICE GLASGOW MT
633 AM MDT FRI JUL 3 2015


...................................

...THE JORDAN  ASOS MT CLIMATE SUMMARY FOR JULY 3 2015...
VALID AS OF 0600 AM LOCAL TIME.

CLIMATE NORMAL PERIOD 1981 TO 2010
CLIMATE RECORD PERIOD 9999 TO 9999


WEATHER ITEM   OBSERVED TIME   RECORD YEAR NORMAL DEPARTURE LAST
                VALUE   (LST)  VALUE       VALUE  FROM      YEAR
                                                  NORMAL
..................................................................
TEMPERATURE (F)
 TODAY
  MAXIMUM         60   1200 AM  MM      MM  83    -23       91
  MINIMUM         54    400 AM  MM      MM  52      2       55
  AVERAGE         57                        68    -11       73

PRECIPITATION (IN)
  TODAY            0.00         MM      MM   0.09  -0.09     0.00
  MONTH TO DATE    0.00                      0.28  -0.28     0.00
  SINCE OCT 1      8.82                      8.68   0.14     7.37
  SINCE JAN 1      7.63                      7.14   0.49     4.96

SNOWFALL (IN)
  TODAY            0.0          MM      MM  MM     MM        0.0
  MONTH TO DATE    0.0                      MM     MM        0.0
  SINCE JUN 1      0.0                      MM     MM        0.0
  SINCE JUL 1      0.0                      MM     MM        0.0
  SNOW DEPTH      MM

DEGREE DAYS
 HEATING
  TODAY            8                         1      7        0
  MONTH TO DATE    8                         4      4        0
  SINCE JUN 1     52                       129    -77      130
  SINCE JUL 1      8                         4      4        0

 COOLING
  TODAY            0                         4     -4        8
  MONTH TO DATE   12                        12      0       10
  SINCE JUN 1    127                        60     67       35
  SINCE JAN 1    127                        66     61       60
..................................................................


WIND (MPH)
  HIGHEST WIND SPEED     5   HIGHEST WIND DIRECTION     W (280)
  HIGHEST GUST SPEED    MM   HIGHEST GUST DIRECTION    MM
  AVERAGE WIND SPEED     2.7


SKY COVER
  POSSIBLE SUNSHINE  MM
  AVERAGE SKY COVER 0.0


WEATHER CONDITIONS
 THE FOLLOWING WEATHER WAS RECORDED TODAY.
  NO SIGNIFICANT WEATHER WAS OBSERVED.


RELATIVE HUMIDITY (PERCENT)
 HIGHEST    93           400 AM
 LOWEST     78          1200 AM
 AVERAGE    86

..........................................................


THE JORDAN  ASOS MT CLIMATE NORMALS FOR TOMORROW
                         NORMAL    RECORD    YEAR
 MAXIMUM TEMPERATURE (F)   83        MM        MM
 MINIMUM TEMPERATURE (F)   52        MM        MM


SUNRISE AND SUNSET
JULY  3 2015..........SUNRISE   516 AM MDT   SUNSET   907 PM MDT
JULY  4 2015..........SUNRISE   517 AM MDT   SUNSET   906 PM MDT


-  INDICATES NEGATIVE NUMBERS.
R  INDICATES RECORD WAS SET OR TIED.
MM INDICATES DATA IS MISSING.
T  INDICATES TRACE AMOUNT.




$$
