000
CDUS45 KGGW 161231
CLIJDN


CLIMATE REPORT
NATIONAL WEATHER SERVICE GLASGOW MT
630 AM MDT TUE SEP 16 2014


...................................

...THE JORDAN  ASOS MT CLIMATE SUMMARY FOR SEPTEMBER 16 2014...
VALID AS OF 0600 AM LOCAL TIME.

CLIMATE NORMAL PERIOD 1981 TO 2010
CLIMATE RECORD PERIOD 9999 TO 9999


WEATHER ITEM   OBSERVED TIME   RECORD YEAR NORMAL DEPARTURE LAST
                VALUE   (LST)  VALUE       VALUE  FROM      YEAR
                                                  NORMAL
..................................................................
TEMPERATURE (F)
 TODAY
  MAXIMUM         43   1200 AM  MM      MM  73    -30       86
  MINIMUM         37    500 AM  MM      MM  41     -4       54
  AVERAGE         40                        57    -17       70

PRECIPITATION (IN)
  TODAY            0.00         MM      MM   0.04  -0.04     0.00
  MONTH TO DATE    0.56                      0.61  -0.05     0.94
  SINCE OCT 1     14.86                     12.07   2.79    17.50
  SINCE JAN 1     12.45                     10.53   1.92    15.24

SNOWFALL (IN)
  TODAY            0.0          MM      MM  MM     MM        0.0
  MONTH TO DATE    0.0                      MM     MM        0.0
  SINCE SEP 1      0.0                      MM     MM        0.0
  SINCE JUL 1      0.0                      MM     MM        0.0
  SNOW DEPTH      MM

DEGREE DAYS
 HEATING
  TODAY           25                         9     16        0
  MONTH TO DATE  199                        98    101       11
  SINCE SEP 1    199                        98    101       11
  SINCE JUL 1    248                       163     85       24

 COOLING
  TODAY            0                         1     -1        5
  MONTH TO DATE    0                        23    -23       76
  SINCE SEP 1      0                        23    -23       76
  SINCE JAN 1    451                       416     35      519
..................................................................


WIND (MPH)
  HIGHEST WIND SPEED     4   HIGHEST WIND DIRECTION     W (280)
  HIGHEST GUST SPEED    MM   HIGHEST GUST DIRECTION    MM
  AVERAGE WIND SPEED     1.2


SKY COVER
  POSSIBLE SUNSHINE  MM
  AVERAGE SKY COVER 0.0


WEATHER CONDITIONS
 THE FOLLOWING WEATHER WAS RECORDED TODAY.
  NO SIGNIFICANT WEATHER WAS OBSERVED.


RELATIVE HUMIDITY (PERCENT)
 HIGHEST    93           100 AM
 LOWEST     89          1200 AM
 AVERAGE    91

..........................................................


THE JORDAN  ASOS MT CLIMATE NORMALS FOR TOMORROW
                         NORMAL    RECORD    YEAR
 MAXIMUM TEMPERATURE (F)   72        MM        MM
 MINIMUM TEMPERATURE (F)   41        MM        MM


SUNRISE AND SUNSET
SEPTEMBER 16 2014.....SUNRISE   646 AM MDT   SUNSET   717 PM MDT
SEPTEMBER 17 2014.....SUNRISE   647 AM MDT   SUNSET   715 PM MDT


-  INDICATES NEGATIVE NUMBERS.
R  INDICATES RECORD WAS SET OR TIED.
MM INDICATES DATA IS MISSING.
T  INDICATES TRACE AMOUNT.




$$
