743
CDUS45 KGGW 281231
CLIJDN


CLIMATE REPORT
NATIONAL WEATHER SERVICE GLASGOW MT
631 AM MDT WED JUN 28 2017


...................................

...THE JORDAN  ASOS MT CLIMATE SUMMARY FOR JUNE 28 2017...
VALID AS OF 0600 AM LOCAL TIME.

CLIMATE NORMAL PERIOD 1981 TO 2010
CLIMATE RECORD PERIOD 9999 TO 9999


WEATHER ITEM   OBSERVED TIME   RECORD YEAR NORMAL DEPARTURE LAST
                VALUE   (LST)  VALUE       VALUE  FROM      YEAR
                                                  NORMAL
..................................................................
TEMPERATURE (F)
 TODAY
  MAXIMUM         58   1200 AM  MM      MM  81    -23       86
  MINIMUM         51    500 AM  MM      MM  51      0       50
  AVERAGE         55                        66    -11       68

PRECIPITATION (IN)
  TODAY            0.00         MM      MM   0.06  -0.06     0.00
  MONTH TO DATE    0.77                      2.38  -1.61     0.84
  SINCE OCT 1      6.49                      8.29  -1.80    10.92
  SINCE JAN 1      3.28                      6.75  -3.47     7.23

SNOWFALL (IN)
  TODAY            0.0          MM      MM  MM     MM        0.0
  MONTH TO DATE    0.0                      MM     MM        0.0
  SINCE JUN 1      0.0                      MM     MM        0.0
  SINCE JUL 1      0.0                      MM     MM        0.0
  SNOW DEPTH      MM

DEGREE DAYS
 HEATING
  TODAY           10                         2      8        0
  MONTH TO DATE   68                       121    -53       36
  SINCE JUN 1     68                       121    -53       36
  SINCE JUL 1   7568                      8242   -674     7073

 COOLING
  TODAY            0                         3     -3        3
  MONTH TO DATE   70                        44     26       68
  SINCE JUN 1     70                        44     26       68
  SINCE JAN 1     84                        50     34       71
..................................................................


WIND (MPH)
  HIGHEST WIND SPEED     5   HIGHEST WIND DIRECTION     W (270)
  HIGHEST GUST SPEED    MM   HIGHEST GUST DIRECTION    MM
  AVERAGE WIND SPEED     0.8


SKY COVER
  POSSIBLE SUNSHINE  MM
  AVERAGE SKY COVER 0.0


WEATHER CONDITIONS
 THE FOLLOWING WEATHER WAS RECORDED TODAY.
  NO SIGNIFICANT WEATHER WAS OBSERVED.


RELATIVE HUMIDITY (PERCENT)
 HIGHEST    96           500 AM
 LOWEST     93          1200 AM
 AVERAGE    95

..........................................................


THE JORDAN  ASOS MT CLIMATE NORMALS FOR TOMORROW
                         NORMAL    RECORD    YEAR
 MAXIMUM TEMPERATURE (F)   82        MM        MM
 MINIMUM TEMPERATURE (F)   51        MM        MM


SUNRISE AND SUNSET
JUNE 28 2017..........SUNRISE   513 AM MDT   SUNSET   908 PM MDT
JUNE 29 2017..........SUNRISE   514 AM MDT   SUNSET   908 PM MDT


-  INDICATES NEGATIVE NUMBERS.
R  INDICATES RECORD WAS SET OR TIED.
MM INDICATES DATA IS MISSING.
T  INDICATES TRACE AMOUNT.




$$
