000
CDUS45 KGGW 301231
CLIJDN


CLIMATE REPORT
NATIONAL WEATHER SERVICE GLASGOW MT
631 AM MDT THU JUL 30 2015


...................................

...THE JORDAN  ASOS MT CLIMATE SUMMARY FOR JULY 30 2015...
VALID AS OF 0600 AM LOCAL TIME.

CLIMATE NORMAL PERIOD 1981 TO 2010
CLIMATE RECORD PERIOD 9999 TO 9999


WEATHER ITEM   OBSERVED TIME   RECORD YEAR NORMAL DEPARTURE LAST
                VALUE   (LST)  VALUE       VALUE  FROM      YEAR
                                                  NORMAL
..................................................................
TEMPERATURE (F)
 TODAY
  MAXIMUM         56   1200 AM  MM      MM  88    -32       94
  MINIMUM         50    500 AM  MM      MM  56     -6       50
  AVERAGE         53                        72    -19       72

PRECIPITATION (IN)
  TODAY            0.00         MM      MM   0.04  -0.04     0.00
  MONTH TO DATE    1.33                      1.83  -0.50     0.40
  SINCE OCT 1     10.15                     10.23  -0.08     7.77
  SINCE JAN 1      8.96                      8.69   0.27     5.36

SNOWFALL (IN)
  TODAY            0.0          MM      MM  MM     MM        0.0
  MONTH TO DATE    0.0                      MM     MM        0.0
  SINCE JUN 1      0.0                      MM     MM        0.0
  SINCE JUL 1      0.0                      MM     MM        0.0
  SNOW DEPTH      MM

DEGREE DAYS
 HEATING
  TODAY           12                         0     12        0
  MONTH TO DATE   14                        27    -13        5
  SINCE JUN 1     58                       152    -94      135
  SINCE JUL 1     14                        27    -13        5

 COOLING
  TODAY            0                         7     -7        7
  MONTH TO DATE  177                       171      6      205
  SINCE JUN 1    292                       219     73      230
  SINCE JAN 1    292                       225     67      255
..................................................................


WIND (MPH)
  HIGHEST WIND SPEED     4   HIGHEST WIND DIRECTION     W (270)
  HIGHEST GUST SPEED    MM   HIGHEST GUST DIRECTION    MM
  AVERAGE WIND SPEED     1.2


SKY COVER
  POSSIBLE SUNSHINE  MM
  AVERAGE SKY COVER 0.0


WEATHER CONDITIONS
 THE FOLLOWING WEATHER WAS RECORDED TODAY.
  NO SIGNIFICANT WEATHER WAS OBSERVED.


RELATIVE HUMIDITY (PERCENT)
 HIGHEST    86           500 AM
 LOWEST     77          1200 AM
 AVERAGE    82

..........................................................


THE JORDAN  ASOS MT CLIMATE NORMALS FOR TOMORROW
                         NORMAL    RECORD    YEAR
 MAXIMUM TEMPERATURE (F)   88        MM        MM
 MINIMUM TEMPERATURE (F)   56        MM        MM


SUNRISE AND SUNSET
JULY 30 2015..........SUNRISE   543 AM MDT   SUNSET   844 PM MDT
JULY 31 2015..........SUNRISE   544 AM MDT   SUNSET   842 PM MDT


-  INDICATES NEGATIVE NUMBERS.
R  INDICATES RECORD WAS SET OR TIED.
MM INDICATES DATA IS MISSING.
T  INDICATES TRACE AMOUNT.




$$
