000
CDUS45 KBOI 230931
CLIJER


CLIMATE REPORT
NATIONAL WEATHER SERVICE BOISE ID
231 AM MST MON JAN 23 2017


...................................

...THE JEROME ID CLIMATE SUMMARY FOR JANUARY 22 2017...

CLIMATE NORMAL PERIOD 1981 TO 2010
CLIMATE RECORD PERIOD 1915 TO 2017


WEATHER ITEM   OBSERVED TIME   RECORD YEAR NORMAL DEPARTURE LAST
                VALUE   (LST)  VALUE       VALUE  FROM      YEAR
                                                  NORMAL
..................................................................
TEMPERATURE (F)
 YESTERDAY
  MAXIMUM         39    522 PM  53    1934  34      5       33
  MINIMUM         28    208 AM -20    1962  20      8       26
  AVERAGE         34                        27      7       30

PRECIPITATION (IN)
  YESTERDAY        0.02          0.76 1972   0.03  -0.01     0.00
  MONTH TO DATE    1.08                      0.86   0.22     0.55
  SINCE OCT 1      5.60                      4.38   1.22     5.14
  SINCE JAN 1      1.08                      0.86   0.22     0.55

DEGREE DAYS
 HEATING
  YESTERDAY       31                        38     -7       35
  MONTH TO DATE  869                       854     15      834
  SINCE DEC 1   2158                      2033    125     2006
  SINCE JUL 1   3384                      3584   -200     3339

 COOLING
  YESTERDAY        0                         0      0        0
  MONTH TO DATE    0                         0      0        0
  SINCE DEC 1      0                         0      0        0
  SINCE JAN 1      0                         0      0        0
..................................................................


WIND (MPH)
  HIGHEST WIND SPEED    24   HIGHEST WIND DIRECTION    SE (140)
  HIGHEST GUST SPEED    30   HIGHEST GUST DIRECTION    SE (140)
  AVERAGE WIND SPEED    11.5


SKY COVER
  AVERAGE SKY COVER 0.8


WEATHER CONDITIONS
 THE FOLLOWING WEATHER WAS RECORDED YESTERDAY.
  LIGHT SNOW
  FOG


RELATIVE HUMIDITY (PERCENT)
 HIGHEST    92           900 PM
 LOWEST     56          1000 AM
 AVERAGE    74

..........................................................


THE JEROME ID CLIMATE NORMALS FOR TODAY
                         NORMAL    RECORD    YEAR
 MAXIMUM TEMPERATURE (F)   34        58      1919
 MINIMUM TEMPERATURE (F)   20       -17      1962


SUNRISE AND SUNSET
JANUARY 23 2017.......SUNRISE   800 AM MST   SUNSET   540 PM MST
JANUARY 24 2017.......SUNRISE   759 AM MST   SUNSET   541 PM MST


-  INDICATES NEGATIVE NUMBERS.
R  INDICATES RECORD WAS SET OR TIED.
MM INDICATES DATA IS MISSING.
T  INDICATES TRACE AMOUNT.




$$
