000
CDUS45 KBOI 060934
CLIJER


CLIMATE REPORT
NATIONAL WEATHER SERVICE BOISE ID
233 AM MST FRI MAR 6 2015


...................................

...THE JEROME ID CLIMATE SUMMARY FOR MARCH 5 2015...

CLIMATE NORMAL PERIOD 1981 TO 2010
CLIMATE RECORD PERIOD 1919 TO 2015


WEATHER ITEM   OBSERVED TIME   RECORD YEAR NORMAL DEPARTURE LAST
                VALUE   (LST)  VALUE       VALUE  FROM      YEAR
                                                  NORMAL
..................................................................
TEMPERATURE (F)
 YESTERDAY
  MAXIMUM         53    417 PM  72    1950  46      7       60
  MINIMUM         21    702 AM   6    1976  27     -6       33
  AVERAGE         37                        37      0       47

PRECIPITATION (IN)
  YESTERDAY        0.00          0.42 1991   0.03  -0.03     0.04
  MONTH TO DATE    0.00                      0.13  -0.13     0.25
  SINCE OCT 1      4.41                      5.59  -1.18     3.19
  SINCE JAN 1      1.51                      2.07  -0.56     2.59

DEGREE DAYS
 HEATING
  YESTERDAY       28                        28      0       18
  MONTH TO DATE  155                       145     10      101
  SINCE MAR 1    155                       145     10      101
  SINCE JUL 1   4197                      5032   -835     4769

 COOLING
  YESTERDAY        0                         0      0        0
  MONTH TO DATE    0                         0      0        0
  SINCE MAR 1      0                         0      0        0
  SINCE JAN 1      0                         0      0        0
..................................................................


WIND (MPH)
  HIGHEST WIND SPEED    15   HIGHEST WIND DIRECTION    SW (240)
  HIGHEST GUST SPEED    20   HIGHEST GUST DIRECTION    SW (230)
  AVERAGE WIND SPEED     5.8


SKY COVER
  AVERAGE SKY COVER 0.0


WEATHER CONDITIONS
 THE FOLLOWING WEATHER WAS RECORDED YESTERDAY.
  NO SIGNIFICANT WEATHER WAS OBSERVED.


RELATIVE HUMIDITY (PERCENT)
 HIGHEST    62           500 AM
 LOWEST     19           200 PM
 AVERAGE    41

..........................................................


THE JEROME ID CLIMATE NORMALS FOR TODAY
                         NORMAL    RECORD    YEAR
 MAXIMUM TEMPERATURE (F)   47        69      1950
 MINIMUM TEMPERATURE (F)   28         8      1976


SUNRISE AND SUNSET
MARCH  6 2015.........SUNRISE   706 AM MST   SUNSET   633 PM MST
MARCH  7 2015.........SUNRISE   704 AM MST   SUNSET   634 PM MST


-  INDICATES NEGATIVE NUMBERS.
R  INDICATES RECORD WAS SET OR TIED.
MM INDICATES DATA IS MISSING.
T  INDICATES TRACE AMOUNT.




$$
