000
CDUS45 KBOI 230934
CLIJER


CLIMATE REPORT
NATIONAL WEATHER SERVICE BOISE ID
334 AM MDT TUE SEP 23 2014


...................................

...THE JEROME ID CLIMATE SUMMARY FOR SEPTEMBER 22 2014...

CLIMATE NORMAL PERIOD 1981 TO 2010
CLIMATE RECORD PERIOD 1919 TO 2014


WEATHER ITEM   OBSERVED TIME   RECORD YEAR NORMAL DEPARTURE LAST
                VALUE   (LST)  VALUE       VALUE  FROM      YEAR
                                                  NORMAL
..................................................................
TEMPERATURE (F)
 YESTERDAY
  MAXIMUM         74    359 PM  96    1966  72      2       65
  MINIMUM         51    619 AM  27    1961  44      7       45
  AVERAGE         63                        58      5       55

PRECIPITATION (IN)
  YESTERDAY        T             0.04 1962   0.02  -0.02     0.00
  MONTH TO DATE    0.07                      0.26  -0.19     0.23
  SINCE OCT 1      9.24                     10.64  -1.40     6.05
  SINCE JAN 1      8.64                      7.12   1.52     2.75

DEGREE DAYS
 HEATING
  YESTERDAY        2                         7     -5       10
  MONTH TO DATE   61                        99    -38       39
  SINCE SEP 1     61                        99    -38       39
  SINCE JUL 1     88                       132    -44       39

 COOLING
  YESTERDAY        0                         1     -1        0
  MONTH TO DATE   37                        42     -5       86
  SINCE SEP 1     37                        42     -5       86
  SINCE JAN 1    629                       507    122      904
..................................................................


WIND (MPH)
  HIGHEST WIND SPEED    13   HIGHEST WIND DIRECTION    NE (60)
  HIGHEST GUST SPEED    15   HIGHEST GUST DIRECTION    SW (210)
  AVERAGE WIND SPEED     5.7


SKY COVER
  AVERAGE SKY COVER 0.3


WEATHER CONDITIONS
 THE FOLLOWING WEATHER WAS RECORDED YESTERDAY.
  LIGHT RAIN
  FOG


RELATIVE HUMIDITY (PERCENT)
 HIGHEST    93          1200 AM
 LOWEST     41           200 PM
 AVERAGE    67

..........................................................


THE JEROME ID CLIMATE NORMALS FOR TODAY
                         NORMAL    RECORD    YEAR
 MAXIMUM TEMPERATURE (F)   72        95      1949
 MINIMUM TEMPERATURE (F)   44        29      1996


SUNRISE AND SUNSET
SEPTEMBER 23 2014.....SUNRISE   726 AM MDT   SUNSET   733 PM MDT
SEPTEMBER 24 2014.....SUNRISE   727 AM MDT   SUNSET   731 PM MDT


-  INDICATES NEGATIVE NUMBERS.
R  INDICATES RECORD WAS SET OR TIED.
MM INDICATES DATA IS MISSING.
T  INDICATES TRACE AMOUNT.




$$
