000
CDUS45 KBOI 220933
CLIJER


CLIMATE REPORT
NATIONAL WEATHER SERVICE BOISE ID
232 AM MST MON DEC 22 2014


...................................

...THE JEROME ID CLIMATE SUMMARY FOR DECEMBER 21 2014...

CLIMATE NORMAL PERIOD 1981 TO 2010
CLIMATE RECORD PERIOD 1919 TO 2014


WEATHER ITEM   OBSERVED TIME   RECORD YEAR NORMAL DEPARTURE LAST
                VALUE   (LST)  VALUE       VALUE  FROM      YEAR
                                                  NORMAL
..................................................................
TEMPERATURE (F)
 YESTERDAY
  MAXIMUM         47    103 PM  58    1969  33     14       27
  MINIMUM         35   1159 PM -15    1990  19     16       23
  AVERAGE         41                        26     15       25

PRECIPITATION (IN)
  YESTERDAY        0.49          0.70 1996   0.05   0.44     0.02
  MONTH TO DATE    1.35                      1.08   0.27     0.24
  SINCE OCT 1      2.59                      3.11  -0.52     0.57
  SINCE JAN 1     11.66                     10.40   1.26     3.59

DEGREE DAYS
 HEATING
  YESTERDAY       24                        39    -15       40
  MONTH TO DATE  533                       788   -255      946
  SINCE DEC 1    533                       788   -255      946
  SINCE JUL 1   1869                      2339   -470     2429

 COOLING
  YESTERDAY        0                         0      0        0
  MONTH TO DATE    0                         0      0        0
  SINCE DEC 1      0                         0      0        0
  SINCE JAN 1    652                       510    142      904
..................................................................


WIND (MPH)
  HIGHEST WIND SPEED    32   HIGHEST WIND DIRECTION    SW (240)
  HIGHEST GUST SPEED    42   HIGHEST GUST DIRECTION     W (250)
  AVERAGE WIND SPEED    18.3


SKY COVER
  AVERAGE SKY COVER 1.0


WEATHER CONDITIONS
 THE FOLLOWING WEATHER WAS RECORDED YESTERDAY.
  RAIN
  LIGHT RAIN
  FOG


RELATIVE HUMIDITY (PERCENT)
 HIGHEST   100           500 AM
 LOWEST     83           800 AM
 AVERAGE    92

..........................................................


THE JEROME ID CLIMATE NORMALS FOR TODAY
                         NORMAL    RECORD    YEAR
 MAXIMUM TEMPERATURE (F)   33        59      1964
 MINIMUM TEMPERATURE (F)   19       -24      1990


SUNRISE AND SUNSET
DECEMBER 22 2014......SUNRISE   805 AM MST   SUNSET   508 PM MST
DECEMBER 23 2014......SUNRISE   806 AM MST   SUNSET   508 PM MST


-  INDICATES NEGATIVE NUMBERS.
R  INDICATES RECORD WAS SET OR TIED.
MM INDICATES DATA IS MISSING.
T  INDICATES TRACE AMOUNT.




$$
