000
CDUS45 KBOI 240931
CLIJER


CLIMATE REPORT
NATIONAL WEATHER SERVICE BOISE ID
330 AM MDT SUN JUL 24 2016


...................................

...THE JEROME ID CLIMATE SUMMARY FOR JULY 23 2016...

CLIMATE NORMAL PERIOD 1981 TO 2010
CLIMATE RECORD PERIOD 1915 TO 2016


WEATHER ITEM   OBSERVED TIME   RECORD YEAR NORMAL DEPARTURE LAST
                VALUE   (LST)  VALUE       VALUE  FROM      YEAR
                                                  NORMAL
..................................................................
TEMPERATURE (F)
 YESTERDAY
  MAXIMUM         84    424 PM 107    2003  88     -4       82
  MINIMUM         57    559 AM  41    1954  57      0       56
  AVERAGE         71                        72     -1       69

PRECIPITATION (IN)
  YESTERDAY        0.00          0.49 1993   0.01  -0.01     0.04
  MONTH TO DATE    0.03                      0.16  -0.13     0.38
  SINCE OCT 1      9.99                     10.05  -0.06     8.59
  SINCE JAN 1      5.40                      6.53  -1.13     5.69

DEGREE DAYS
 HEATING
  YESTERDAY        0                         0      0        0
  MONTH TO DATE   15                        10      5        0
  SINCE JUN 1     57                       117    -60       15
  SINCE JUL 1     15                        10      5        0

 COOLING
  YESTERDAY        6                         7     -1        4
  MONTH TO DATE  134                       140     -6      168
  SINCE JUN 1    295                       208     87      382
  SINCE JAN 1    299                       221     78      392
..................................................................


WIND (MPH)
  HIGHEST WIND SPEED    18   HIGHEST WIND DIRECTION     W (260)
  HIGHEST GUST SPEED    22   HIGHEST GUST DIRECTION    SW (240)
  AVERAGE WIND SPEED    10.4


SKY COVER
  AVERAGE SKY COVER 0.0


WEATHER CONDITIONS
 THE FOLLOWING WEATHER WAS RECORDED YESTERDAY.
  NO SIGNIFICANT WEATHER WAS OBSERVED.


RELATIVE HUMIDITY (PERCENT)
 HIGHEST    57           500 AM
 LOWEST     13           300 PM
 AVERAGE    35

..........................................................


THE JEROME ID CLIMATE NORMALS FOR TODAY
                         NORMAL    RECORD    YEAR
 MAXIMUM TEMPERATURE (F)   88       110      2003
 MINIMUM TEMPERATURE (F)   57        47      1954


SUNRISE AND SUNSET
JULY 24 2016..........SUNRISE   622 AM MDT   SUNSET   906 PM MDT
JULY 25 2016..........SUNRISE   623 AM MDT   SUNSET   905 PM MDT


-  INDICATES NEGATIVE NUMBERS.
R  INDICATES RECORD WAS SET OR TIED.
MM INDICATES DATA IS MISSING.
T  INDICATES TRACE AMOUNT.




$$
