000
CDUS45 KBOI 220933
CLIJER


CLIMATE REPORT
NATIONAL WEATHER SERVICE BOISE ID
333 AM MDT MON MAY 22 2017


...................................

...THE JEROME ID CLIMATE SUMMARY FOR MAY 21 2017...

CLIMATE NORMAL PERIOD 1981 TO 2010
CLIMATE RECORD PERIOD 1915 TO 2017


WEATHER ITEM   OBSERVED TIME   RECORD YEAR NORMAL DEPARTURE LAST
                VALUE   (LST)  VALUE       VALUE  FROM      YEAR
                                                  NORMAL
..................................................................
TEMPERATURE (F)
 YESTERDAY
  MAXIMUM         70    521 PM  92    1958  69      1       54
  MINIMUM         45    539 AM  29    1918  44      1       39
  AVERAGE         58                        56      2       47

PRECIPITATION (IN)
  YESTERDAY        0.10          0.50 1971   0.04   0.06     0.09
  MONTH TO DATE    0.78                      0.93  -0.15     1.29
  SINCE OCT 1     10.42                      8.81   1.61     9.84
  SINCE JAN 1      5.90                      5.29   0.61     5.25

DEGREE DAYS
 HEATING
  YESTERDAY        7                         9     -2       18
  MONTH TO DATE  252                       246      6      178
  SINCE MAR 1   1446                      1562   -116     1239
  SINCE JUL 1   5869                      6449   -580     5778

 COOLING
  YESTERDAY        0                         0      0        0
  MONTH TO DATE    2                         0      2        3
  SINCE MAR 1      2                         0      2        4
  SINCE JAN 1      2                         0      2        4
..................................................................


WIND (MPH)
  HIGHEST WIND SPEED    14   HIGHEST WIND DIRECTION    NE (30)
  HIGHEST GUST SPEED    18   HIGHEST GUST DIRECTION     E (110)
  AVERAGE WIND SPEED     5.9


SKY COVER
  AVERAGE SKY COVER 0.3


WEATHER CONDITIONS
 THE FOLLOWING WEATHER WAS RECORDED YESTERDAY.
  RAIN
  LIGHT RAIN
  FOG


RELATIVE HUMIDITY (PERCENT)
 HIGHEST    96           100 AM
 LOWEST     37           400 PM
 AVERAGE    67

..........................................................


THE JEROME ID CLIMATE NORMALS FOR TODAY
                         NORMAL    RECORD    YEAR
 MAXIMUM TEMPERATURE (F)   70        93      1980
 MINIMUM TEMPERATURE (F)   44        29      1918


SUNRISE AND SUNSET
MAY 22 2017...........SUNRISE   609 AM MDT   SUNSET   901 PM MDT
MAY 23 2017...........SUNRISE   608 AM MDT   SUNSET   902 PM MDT


-  INDICATES NEGATIVE NUMBERS.
R  INDICATES RECORD WAS SET OR TIED.
MM INDICATES DATA IS MISSING.
T  INDICATES TRACE AMOUNT.




$$
