000
CDUS45 KBOI 310934
CLIJER


CLIMATE REPORT
NATIONAL WEATHER SERVICE BOISE ID
332 AM MDT FRI JUL 31 2015


...................................

...THE JEROME ID CLIMATE SUMMARY FOR JULY 30 2015...

CLIMATE NORMAL PERIOD 1981 TO 2010
CLIMATE RECORD PERIOD 1919 TO 2015


WEATHER ITEM   OBSERVED TIME   RECORD YEAR NORMAL DEPARTURE LAST
                VALUE   (LST)  VALUE       VALUE  FROM      YEAR
                                                  NORMAL
..................................................................
TEMPERATURE (F)
 YESTERDAY
  MAXIMUM         90    503 PM 103    1926  89      1       89
  MINIMUM         51    423 AM  40    1950  57     -6       59
  AVERAGE         71                        73     -2       74

PRECIPITATION (IN)
  YESTERDAY        0.00          0.06 1966   0.01  -0.01     0.00
  MONTH TO DATE    0.46                      0.22   0.24     0.02
  SINCE OCT 1      8.67                     10.11  -1.44     5.65
  SINCE JAN 1      5.77                      6.59  -0.82     5.05

DEGREE DAYS
 HEATING
  YESTERDAY        0                         0      0        0
  MONTH TO DATE   12                        10      2        0
  SINCE JUN 1     27                       117    -90       74
  SINCE JUL 1     12                        10      2        0

 COOLING
  YESTERDAY        6                         8     -2        9
  MONTH TO DATE  193                       196     -3      361
  SINCE JUN 1    407                       264    143      406
  SINCE JAN 1    417                       277    140      416
..................................................................


WIND (MPH)
  HIGHEST WIND SPEED    13   HIGHEST WIND DIRECTION    NE (40)
  HIGHEST GUST SPEED    15   HIGHEST GUST DIRECTION     E (70)
  AVERAGE WIND SPEED     6.0


SKY COVER
  AVERAGE SKY COVER 0.0


WEATHER CONDITIONS
 THE FOLLOWING WEATHER WAS RECORDED YESTERDAY.
  NO SIGNIFICANT WEATHER WAS OBSERVED.


RELATIVE HUMIDITY (PERCENT)
 HIGHEST    47           300 AM
 LOWEST     12           500 PM
 AVERAGE    30

..........................................................


THE JEROME ID CLIMATE NORMALS FOR TODAY
                         NORMAL    RECORD    YEAR
 MAXIMUM TEMPERATURE (F)   88       104      2003
 MINIMUM TEMPERATURE (F)   57        44      1995


SUNRISE AND SUNSET
JULY 31 2015..........SUNRISE   628 AM MDT   SUNSET   900 PM MDT
AUGUST  1 2015........SUNRISE   629 AM MDT   SUNSET   858 PM MDT


-  INDICATES NEGATIVE NUMBERS.
R  INDICATES RECORD WAS SET OR TIED.
MM INDICATES DATA IS MISSING.
T  INDICATES TRACE AMOUNT.




$$
