000
CDUS45 KBOI 210934
CLIJER


CLIMATE REPORT
NATIONAL WEATHER SERVICE BOISE ID
233 AM MST TUE FEB 21 2017


...................................

...THE JEROME ID CLIMATE SUMMARY FOR FEBRUARY 20 2017...

CLIMATE NORMAL PERIOD 1981 TO 2010
CLIMATE RECORD PERIOD 1915 TO 2017


WEATHER ITEM   OBSERVED TIME   RECORD YEAR NORMAL DEPARTURE LAST
                VALUE   (LST)  VALUE       VALUE  FROM      YEAR
                                                  NORMAL
..................................................................
TEMPERATURE (F)
 YESTERDAY
  MAXIMUM         MM        MM  69    1981  41     MM       45
  MINIMUM         MM        MM   3    1937  23     MM       32
  AVERAGE         MM                        32     MM       39

PRECIPITATION (IN)
  YESTERDAY       MM             0.61 1927   0.03  MM        0.00
  MONTH TO DATE    1.37                      0.60   0.77     0.20
  SINCE OCT 1      7.18                      5.18   2.00     6.00
  SINCE JAN 1      2.66                      1.66   1.00     1.41

DEGREE DAYS
 HEATING
  YESTERDAY       MM                        33     MM       26
  MONTH TO DATE  555                       710   -155      646
  SINCE DEC 1   3119                      3084     35     2983
  SINCE JUL 1   4345                      4635   -290     4316

 COOLING
  YESTERDAY       MM                         0     MM        0
  MONTH TO DATE    0                         0      0        0
  SINCE DEC 1      0                         0      0        0
  SINCE JAN 1      0                         0      0        0
..................................................................


WIND (MPH)
  HIGHEST WIND SPEED    MM   HIGHEST WIND DIRECTION    MM
  HIGHEST GUST SPEED    MM   HIGHEST GUST DIRECTION    MM
  AVERAGE WIND SPEED    MM


SKY COVER
  AVERAGE SKY COVER 0.0


WEATHER CONDITIONS
 THE FOLLOWING WEATHER WAS RECORDED YESTERDAY.
  NO SIGNIFICANT WEATHER WAS OBSERVED.


RELATIVE HUMIDITY (PERCENT)
 HIGHEST    MM
 LOWEST     MM
 AVERAGE    MM

..........................................................


THE JEROME ID CLIMATE NORMALS FOR TODAY
                         NORMAL    RECORD    YEAR
 MAXIMUM TEMPERATURE (F)   41        65      1958
 MINIMUM TEMPERATURE (F)   24         5      1955


SUNRISE AND SUNSET
FEBRUARY 21 2017......SUNRISE   726 AM MST   SUNSET   618 PM MST
FEBRUARY 22 2017......SUNRISE   724 AM MST   SUNSET   619 PM MST


-  INDICATES NEGATIVE NUMBERS.
R  INDICATES RECORD WAS SET OR TIED.
MM INDICATES DATA IS MISSING.
T  INDICATES TRACE AMOUNT.




$$
