000
CDUS45 KBOI 230931
CLIJER


CLIMATE REPORT
NATIONAL WEATHER SERVICE BOISE ID
331 AM MDT SAT AUG 23 2014


...................................

...THE JEROME ID CLIMATE SUMMARY FOR AUGUST 22 2014...

CLIMATE NORMAL PERIOD 1981 TO 2010
CLIMATE RECORD PERIOD 1919 TO 2014


WEATHER ITEM   OBSERVED TIME   RECORD YEAR NORMAL DEPARTURE LAST
                VALUE   (LST)  VALUE       VALUE  FROM      YEAR
                                                  NORMAL
..................................................................
TEMPERATURE (F)
 YESTERDAY
  MAXIMUM         72    330 PM 105    1969  85    -13       91
  MINIMUM         50   1159 PM  40    1954  53     -3       60
  AVERAGE         61                        69     -8       76

PRECIPITATION (IN)
  YESTERDAY        0.44R         0.22 1960   0.01   0.43      T
  MONTH TO DATE    3.43                      0.17   3.26      T
  SINCE OCT 1      9.08                     10.29  -1.21     5.82
  SINCE JAN 1      8.48                      6.77   1.71     2.52

DEGREE DAYS
 HEATING
  YESTERDAY        4                         1      3        0
  MONTH TO DATE    9                         4      5        0
  SINCE JUN 1     83                       123    -40       78
  SINCE JUL 1      9                        16     -7        0

 COOLING
  YESTERDAY        0                         5     -5       11
  MONTH TO DATE  154                       144     10      217
  SINCE JUN 1    571                       414    157      723
  SINCE JAN 1    581                       427    154      738
..................................................................


WIND (MPH)
  HIGHEST WIND SPEED    31   HIGHEST WIND DIRECTION     N (20)
  HIGHEST GUST SPEED    42   HIGHEST GUST DIRECTION     N (20)
  AVERAGE WIND SPEED    12.6


SKY COVER
  AVERAGE SKY COVER 0.3


WEATHER CONDITIONS
 THE FOLLOWING WEATHER WAS RECORDED YESTERDAY.
  THUNDERSTORM
  HEAVY RAIN
  LIGHT RAIN
  FOG


RELATIVE HUMIDITY (PERCENT)
 HIGHEST    96          1100 PM
 LOWEST     53           100 PM
 AVERAGE    75

..........................................................


THE JEROME ID CLIMATE NORMALS FOR TODAY
                         NORMAL    RECORD    YEAR
 MAXIMUM TEMPERATURE (F)   85       103      1969
 MINIMUM TEMPERATURE (F)   53        35      1960


SUNRISE AND SUNSET
AUGUST 23 2014........SUNRISE   653 AM MDT   SUNSET   827 PM MDT
AUGUST 24 2014........SUNRISE   654 AM MDT   SUNSET   825 PM MDT


-  INDICATES NEGATIVE NUMBERS.
R  INDICATES RECORD WAS SET OR TIED.
MM INDICATES DATA IS MISSING.
T  INDICATES TRACE AMOUNT.




$$
