000
CDUS45 KBOI 040931
CLIJER


CLIMATE REPORT
NATIONAL WEATHER SERVICE BOISE ID
331 AM MDT FRI SEP 4 2015


...................................

...THE JEROME ID CLIMATE SUMMARY FOR SEPTEMBER 3 2015...

CLIMATE NORMAL PERIOD 1981 TO 2010
CLIMATE RECORD PERIOD 1919 TO 2015


WEATHER ITEM   OBSERVED TIME   RECORD YEAR NORMAL DEPARTURE LAST
                VALUE   (LST)  VALUE       VALUE  FROM      YEAR
                                                  NORMAL
..................................................................
TEMPERATURE (F)
 YESTERDAY
  MAXIMUM         73    330 PM  98    2005  81     -8       69
  MINIMUM         51    642 AM  36    1961  50      1       44
  AVERAGE         62                        66     -4       57

PRECIPITATION (IN)
  YESTERDAY        0.00          0.16 2000   0.00   0.00     0.00
  MONTH TO DATE    0.00                      0.02  -0.02     0.00
  SINCE OCT 1      9.63                     10.40  -0.77     9.17
  SINCE JAN 1      6.73                      6.88  -0.15     8.57

DEGREE DAYS
 HEATING
  YESTERDAY        3                         3      0        8
  MONTH TO DATE    3                         8     -5       14
  SINCE SEP 1      3                         8     -5       14
  SINCE JUL 1     18                        41    -23       41

 COOLING
  YESTERDAY        0                         3     -3        0
  MONTH TO DATE   10                        10      0        0
  SINCE SEP 1     10                        10      0        0
  SINCE JAN 1    653                       475    178      592
..................................................................


WIND (MPH)
  HIGHEST WIND SPEED    17   HIGHEST WIND DIRECTION    SW (240)
  HIGHEST GUST SPEED    24   HIGHEST GUST DIRECTION     W (250)
  AVERAGE WIND SPEED    10.5


SKY COVER
  AVERAGE SKY COVER 0.0


WEATHER CONDITIONS
 THE FOLLOWING WEATHER WAS RECORDED YESTERDAY.
  NO SIGNIFICANT WEATHER WAS OBSERVED.


RELATIVE HUMIDITY (PERCENT)
 HIGHEST    68           700 AM
 LOWEST     31           400 PM
 AVERAGE    50

..........................................................


THE JEROME ID CLIMATE NORMALS FOR TODAY
                         NORMAL    RECORD    YEAR
 MAXIMUM TEMPERATURE (F)   81       100      1924
 MINIMUM TEMPERATURE (F)   50        34      1921


SUNRISE AND SUNSET
SEPTEMBER  4 2015.....SUNRISE   706 AM MDT   SUNSET   807 PM MDT
SEPTEMBER  5 2015.....SUNRISE   707 AM MDT   SUNSET   806 PM MDT


-  INDICATES NEGATIVE NUMBERS.
R  INDICATES RECORD WAS SET OR TIED.
MM INDICATES DATA IS MISSING.
T  INDICATES TRACE AMOUNT.




$$
