000
CDUS45 KBOI 260931
CLIJER


CLIMATE REPORT
NATIONAL WEATHER SERVICE BOISE ID
231 AM MST WED NOV 26 2014


...................................

...THE JEROME ID CLIMATE SUMMARY FOR NOVEMBER 25 2014...

CLIMATE NORMAL PERIOD 1981 TO 2010
CLIMATE RECORD PERIOD 1919 TO 2014


WEATHER ITEM   OBSERVED TIME   RECORD YEAR NORMAL DEPARTURE LAST
                VALUE   (LST)  VALUE       VALUE  FROM      YEAR
                                                  NORMAL
..................................................................
TEMPERATURE (F)
 YESTERDAY
  MAXIMUM         51    454 PM  66    1995  40     11       43
  MINIMUM         35    548 AM  -4    2010  24     11       20
                                      1993
  AVERAGE         43                        32     11       32

PRECIPITATION (IN)
  YESTERDAY        T             0.66 1985   0.05  -0.05     0.00
  MONTH TO DATE    0.80                      0.93  -0.13     0.25
  SINCE OCT 1      1.14                      1.74  -0.60     0.33
  SINCE JAN 1     10.21                      9.03   1.18     3.35

DEGREE DAYS
 HEATING
  YESTERDAY       22                        33    -11       33
  MONTH TO DATE  772                       682     90      658
  SINCE SEP 1   1198                      1348   -150     1349
  SINCE JUL 1   1225                      1381   -156     1349

 COOLING
  YESTERDAY        0                         0      0        0
  MONTH TO DATE    0                         0      0        0
  SINCE SEP 1     60                        45     15       86
  SINCE JAN 1    652                       510    142      904
..................................................................


WIND (MPH)
  HIGHEST WIND SPEED    29   HIGHEST WIND DIRECTION     W (250)
  HIGHEST GUST SPEED    36   HIGHEST GUST DIRECTION     W (250)
  AVERAGE WIND SPEED    14.2


SKY COVER
  AVERAGE SKY COVER 1.0


WEATHER CONDITIONS
 THE FOLLOWING WEATHER WAS RECORDED YESTERDAY.
  LIGHT RAIN


RELATIVE HUMIDITY (PERCENT)
 HIGHEST    75           500 AM
 LOWEST     59           200 AM
 AVERAGE    67

..........................................................


THE JEROME ID CLIMATE NORMALS FOR TODAY
                         NORMAL    RECORD    YEAR
 MAXIMUM TEMPERATURE (F)   40        64      1990
 MINIMUM TEMPERATURE (F)   24        -1      1993


SUNRISE AND SUNSET
NOVEMBER 26 2014......SUNRISE   743 AM MST   SUNSET   507 PM MST
NOVEMBER 27 2014......SUNRISE   744 AM MST   SUNSET   507 PM MST


-  INDICATES NEGATIVE NUMBERS.
R  INDICATES RECORD WAS SET OR TIED.
MM INDICATES DATA IS MISSING.
T  INDICATES TRACE AMOUNT.




$$
