837
CDUS45 KBOI 080931
CLIJER


CLIMATE REPORT
NATIONAL WEATHER SERVICE BOISE ID
231 AM MST MON FEB 8 2016


...................................

...THE JEROME ID CLIMATE SUMMARY FOR FEBRUARY 7 2016...

CLIMATE NORMAL PERIOD 1981 TO 2010
CLIMATE RECORD PERIOD 1919 TO 2016


WEATHER ITEM   OBSERVED TIME   RECORD YEAR NORMAL DEPARTURE LAST
                VALUE   (LST)  VALUE       VALUE  FROM      YEAR
                                                  NORMAL
..................................................................
TEMPERATURE (F)
 YESTERDAY
  MAXIMUM         35    951 PM  66    1963  36     -1       61
  MINIMUM         23   1145 PM -13    1989  21      2       43
  AVERAGE         29                        28      1       52

PRECIPITATION (IN)
  YESTERDAY        0.00          0.47 2004   0.03  -0.03     0.02
  MONTH TO DATE    0.01                      0.20  -0.19     0.30
  SINCE OCT 1      5.81                      4.78   1.03     4.39
  SINCE JAN 1      1.22                      1.26  -0.04     1.49

DEGREE DAYS
 HEATING
  YESTERDAY       36                        36      0       13
  MONTH TO DATE  287                       258     29      143
  SINCE DEC 1   2624                      2632     -8     2181
  SINCE JUL 1   3957                      4183   -226     3517

 COOLING
  YESTERDAY        0                         0      0        0
  MONTH TO DATE    0                         0      0        0
  SINCE DEC 1      0                         0      0        0
  SINCE JAN 1      0                         0      0        0
..................................................................


WIND (MPH)
  HIGHEST WIND SPEED    14   HIGHEST WIND DIRECTION    NE (30)
  HIGHEST GUST SPEED    16   HIGHEST GUST DIRECTION     N (20)
  AVERAGE WIND SPEED     6.1


SKY COVER
  AVERAGE SKY COVER 0.2


WEATHER CONDITIONS
 THE FOLLOWING WEATHER WAS RECORDED YESTERDAY.
  FOG
  FOG W/VISIBILITY <= 1/4 MILE
  HAZE


RELATIVE HUMIDITY (PERCENT)
 HIGHEST    92           500 AM
 LOWEST     75          1200 AM
 AVERAGE    84

..........................................................


THE JEROME ID CLIMATE NORMALS FOR TODAY
                         NORMAL    RECORD    YEAR
 MAXIMUM TEMPERATURE (F)   37        62      2015
 MINIMUM TEMPERATURE (F)   21       -10      1989


SUNRISE AND SUNSET
FEBRUARY  8 2016......SUNRISE   745 AM MST   SUNSET   600 PM MST
FEBRUARY  9 2016......SUNRISE   743 AM MST   SUNSET   601 PM MST


-  INDICATES NEGATIVE NUMBERS.
R  INDICATES RECORD WAS SET OR TIED.
MM INDICATES DATA IS MISSING.
T  INDICATES TRACE AMOUNT.




$$
