000
CDUS45 KBOI 280933
CLIJER


CLIMATE REPORT
NATIONAL WEATHER SERVICE BOISE ID
332 AM MDT TUE MAR 28 2017


...................................

...THE JEROME ID CLIMATE SUMMARY FOR MARCH 27 2017...

CLIMATE NORMAL PERIOD 1981 TO 2010
CLIMATE RECORD PERIOD 1915 TO 2017


WEATHER ITEM   OBSERVED TIME   RECORD YEAR NORMAL DEPARTURE LAST
                VALUE   (LST)  VALUE       VALUE  FROM      YEAR
                                                  NORMAL
..................................................................
TEMPERATURE (F)
 YESTERDAY
  MAXIMUM         52    310 PM  75    1997  54     -2       54
  MINIMUM         36   1159 PM  15    1944  33      3       33
  AVERAGE         44                        43      1       44

PRECIPITATION (IN)
  YESTERDAY        0.08          0.37 1918   0.05   0.03     0.08
  MONTH TO DATE    0.89                      0.89   0.00     1.43
  SINCE OCT 1      8.07                      6.35   1.72     7.43
  SINCE JAN 1      3.55                      2.83   0.72     2.84

DEGREE DAYS
 HEATING
  YESTERDAY       21                        22     -1       21
  MONTH TO DATE  543                       683   -140      580
  SINCE MAR 1    543                       683   -140      580
  SINCE JUL 1   4966                      5570   -604     5119

 COOLING
  YESTERDAY        0                         0      0        0
  MONTH TO DATE    0                         0      0        0
  SINCE MAR 1      0                         0      0        0
  SINCE JAN 1      0                         0      0        0
..................................................................


WIND (MPH)
  HIGHEST WIND SPEED    31   HIGHEST WIND DIRECTION     W (250)
  HIGHEST GUST SPEED    39   HIGHEST GUST DIRECTION     W (250)
  AVERAGE WIND SPEED    16.5


SKY COVER
  AVERAGE SKY COVER 0.5


WEATHER CONDITIONS
 THE FOLLOWING WEATHER WAS RECORDED YESTERDAY.
  LIGHT RAIN
  FOG


RELATIVE HUMIDITY (PERCENT)
 HIGHEST   100           700 AM
 LOWEST     42           500 PM
 AVERAGE    71

..........................................................


THE JEROME ID CLIMATE NORMALS FOR TODAY
                         NORMAL    RECORD    YEAR
 MAXIMUM TEMPERATURE (F)   54        76      1986
 MINIMUM TEMPERATURE (F)   33        13      1975


SUNRISE AND SUNSET
MARCH 28 2017.........SUNRISE   726 AM MDT   SUNSET   800 PM MDT
MARCH 29 2017.........SUNRISE   725 AM MDT   SUNSET   801 PM MDT


-  INDICATES NEGATIVE NUMBERS.
R  INDICATES RECORD WAS SET OR TIED.
MM INDICATES DATA IS MISSING.
T  INDICATES TRACE AMOUNT.




$$
