000
CDUS41 KOKX 182133
CLIJFK


CLIMATE REPORT
NATIONAL WEATHER SERVICE NEW YORK NY
433 PM EST MON DEC 18 2017


...................................

...THE KENNEDY NY CLIMATE SUMMARY FOR DECEMBER 18 2017...
VALID TODAY AS OF 0400 PM LOCAL TIME.

CLIMATE NORMAL PERIOD 1981 TO 2010
CLIMATE RECORD PERIOD 1948 TO 2017


WEATHER ITEM   OBSERVED TIME   RECORD YEAR NORMAL DEPARTURE LAST
                VALUE   (LST)  VALUE       VALUE  FROM      YEAR
                                                  NORMAL
..................................................................
TEMPERATURE (F)
 TODAY
  MAXIMUM         48    312 PM  64    1984  43      5       60
  MINIMUM         33    503 AM  16    1973  31      2       33
  AVERAGE         41                        37      4       47

PRECIPITATION (IN)
  TODAY            0.02          1.32 1986   0.11  -0.09     0.05
  MONTH TO DATE    0.83                      2.05  -1.22     2.10
  SINCE DEC 1      0.83                      2.05  -1.22     2.10
  SINCE JAN 1     42.29                     41.43   0.86    35.05

SNOWFALL (IN)
  TODAY            0.0           1.4  1963   0.2   -0.2      0.0
  MONTH TO DATE    6.1                       2.2    3.9      3.3
  SINCE OCT 1      6.1                       2.4    3.7      3.3
  SINCE JUL 1      6.1                       2.4    3.7      3.3
  SNOW DEPTH       0

DEGREE DAYS
 HEATING
  TODAY           24                        28     -4       18
  MONTH TO DATE  482                       458     24      450
  SINCE DEC 1    482                       458     24      450
  SINCE JUL 1   1167                      1282   -115     1090

 COOLING
  TODAY            0                         0      0        0
  MONTH TO DATE    0                         0      0        0
  SINCE DEC 1      0                         0      0        0
  SINCE JAN 1   1174                      1005    169     1362
..................................................................


WIND (MPH)
  HIGHEST WIND SPEED    13   HIGHEST WIND DIRECTION     W (260)
  HIGHEST GUST SPEED    14   HIGHEST GUST DIRECTION     W (250)
  AVERAGE WIND SPEED     6.2


SKY COVER
  AVERAGE SKY COVER 0.9


WEATHER CONDITIONS
 THE FOLLOWING WEATHER WAS RECORDED TODAY.
  LIGHT RAIN
  FOG


RELATIVE HUMIDITY (PERCENT)
 HIGHEST    92           800 AM
 LOWEST     65           400 PM
 AVERAGE    79

..........................................................


THE KENNEDY NY CLIMATE NORMALS FOR TOMORROW
                         NORMAL    RECORD    YEAR
 MAXIMUM TEMPERATURE (F)   43        56      1967
 MINIMUM TEMPERATURE (F)   30        14      1991


SUNRISE AND SUNSET
DECEMBER 18 2017......SUNRISE   714 AM EST   SUNSET   430 PM EST
DECEMBER 19 2017......SUNRISE   714 AM EST   SUNSET   430 PM EST


-  INDICATES NEGATIVE NUMBERS.
R  INDICATES RECORD WAS SET OR TIED.
MM INDICATES DATA IS MISSING.
T  INDICATES TRACE AMOUNT.




$$
