000
CDUS41 KOKX 290617
CLIJFK


CLIMATE REPORT
NATIONAL WEATHER SERVICE NEW YORK NY
117 AM EST MON DEC 29 2014


...................................

...THE KENNEDY NY CLIMATE SUMMARY FOR DECEMBER 28 2014...

CLIMATE NORMAL PERIOD 1981 TO 2010
CLIMATE RECORD PERIOD 1949 TO 2014


WEATHER ITEM   OBSERVED TIME   RECORD YEAR NORMAL DEPARTURE LAST
                VALUE   (LST)  VALUE       VALUE  FROM      YEAR
                                                  NORMAL
..................................................................
TEMPERATURE (F)
 YESTERDAY
  MAXIMUM         54    151 PM  64    2008  41     13       53
  MINIMUM         42   1231 AM  12    1960  28     14       31
  AVERAGE         48                        34     14       42

PRECIPITATION (IN)
  YESTERDAY        0.05          1.05 1967   0.10  -0.05     0.00
  MONTH TO DATE    7.04                      3.10   3.94     3.32
  SINCE DEC 1      7.04                      3.10   3.94     3.32
  SINCE JAN 1     50.75                     42.48   8.27    34.30

SNOWFALL (IN)
  YESTERDAY        0.0           5.6  1990   0.2   -0.2      0.0
  MONTH TO DATE    0.3                       4.0   -3.7      6.7
  SINCE OCT 1      0.4                       4.2   -3.8      6.9
  SINCE JUL 1      0.4                       4.2   -3.8      6.9
  SNOW DEPTH       0

DEGREE DAYS
 HEATING
  YESTERDAY       17                        31    -14       23
  MONTH TO DATE  631                       753   -122      741
  SINCE DEC 1    631                       753   -122      741
  SINCE JUL 1   1415                      1577   -162     1555

 COOLING
  YESTERDAY        0                         0      0        0
  MONTH TO DATE    0                         0      0        0
  SINCE DEC 1      0                         0      0        0
  SINCE JAN 1   1050                      1005     45     1111
..................................................................


WIND (MPH)
  HIGHEST WIND SPEED    21   HIGHEST WIND DIRECTION    NW (320)
  HIGHEST GUST SPEED    24   HIGHEST GUST DIRECTION    NW (320)
  AVERAGE WIND SPEED    10.4


SKY COVER
  POSSIBLE SUNSHINE  MM
  AVERAGE SKY COVER 0.9


WEATHER CONDITIONS
 THE FOLLOWING WEATHER WAS RECORDED YESTERDAY.
  RAIN
  LIGHT RAIN


RELATIVE HUMIDITY (PERCENT)
 HIGHEST    83           300 AM
 LOWEST     54           800 PM
 AVERAGE    69

..........................................................


THE KENNEDY NY CLIMATE NORMALS FOR TODAY
                         NORMAL    RECORD    YEAR
 MAXIMUM TEMPERATURE (F)   41        65      1984
 MINIMUM TEMPERATURE (F)   28        15      1987


SUNRISE AND SUNSET
DECEMBER 29 2014......SUNRISE   718 AM EST   SUNSET   436 PM EST
DECEMBER 30 2014......SUNRISE   719 AM EST   SUNSET   437 PM EST


-  INDICATES NEGATIVE NUMBERS.
R  INDICATES RECORD WAS SET OR TIED.
MM INDICATES DATA IS MISSING.
T  INDICATES TRACE AMOUNT.




$$
