000
CDUS41 KOKX 302036
CLIJFK


CLIMATE REPORT
NATIONAL WEATHER SERVICE NEW YORK NY
436 PM EDT SAT MAY 30 2015


...................................

...THE KENNEDY NY CLIMATE SUMMARY FOR MAY 30 2015...
VALID TODAY AS OF 0400 PM LOCAL TIME.

CLIMATE NORMAL PERIOD 1981 TO 2010
CLIMATE RECORD PERIOD 1949 TO 2015


WEATHER ITEM   OBSERVED TIME   RECORD YEAR NORMAL DEPARTURE LAST
                VALUE   (LST)  VALUE       VALUE  FROM      YEAR
                                                  NORMAL
..................................................................
TEMPERATURE (F)
 TODAY
  MAXIMUM         78    157 PM  92    1987  73      5       70
  MINIMUM         62    410 AM  45    1949  57      5       53
  AVERAGE         70                        65      5       62

PRECIPITATION (IN)
  TODAY            0.00          2.12 1984   0.15  -0.15     0.03
  MONTH TO DATE    0.44                      3.80  -3.36     3.60
  SINCE MAR 1      6.93                     11.45  -4.52    14.84
  SINCE JAN 1     14.59                     17.20  -2.61    22.44

SNOWFALL (IN)
  TODAY            0.0          MM      MM   0.0    0.0      0.0
  MONTH TO DATE    0.0                       0.0    0.0      0.0
  SINCE OCT 1     44.2                      23.8   20.4     45.6
  SINCE JUL 1     44.2                      23.8   20.4     45.6
  SNOW DEPTH       0

DEGREE DAYS
 HEATING
  TODAY            0                         2     -2        3
  MONTH TO DATE   77                       165    -88       99
  SINCE MAR 1   1279                      1305    -26     1391
  SINCE JUL 1   4971                      4816    155     5098

 COOLING
  TODAY            5                         2      3        0
  MONTH TO DATE   54                        28     26       32
  SINCE MAR 1     54                        31     23       32
  SINCE JAN 1     54                        31     23       32
..................................................................


WIND (MPH)
  HIGHEST WIND SPEED    29   HIGHEST WIND DIRECTION     S (180)
  HIGHEST GUST SPEED    36   HIGHEST GUST DIRECTION     S (190)
  AVERAGE WIND SPEED    10.4


SKY COVER
  AVERAGE SKY COVER 0.5


WEATHER CONDITIONS
 THE FOLLOWING WEATHER WAS RECORDED TODAY.
  FOG
  HAZE


RELATIVE HUMIDITY (PERCENT)
 HIGHEST    93           100 AM
 LOWEST     60           100 PM
 AVERAGE    77

..........................................................


THE KENNEDY NY CLIMATE NORMALS FOR TOMORROW
                         NORMAL    RECORD    YEAR
 MAXIMUM TEMPERATURE (F)   73        92      1988
 MINIMUM TEMPERATURE (F)   58        48      1977
                                             1966


SUNRISE AND SUNSET
MAY 30 2015...........SUNRISE   527 AM EDT   SUNSET   818 PM EDT
MAY 31 2015...........SUNRISE   527 AM EDT   SUNSET   819 PM EDT


-  INDICATES NEGATIVE NUMBERS.
R  INDICATES RECORD WAS SET OR TIED.
MM INDICATES DATA IS MISSING.
T  INDICATES TRACE AMOUNT.




$$
