000
CDUS41 KOKX 170622
CLIJFK


CLIMATE REPORT
NATIONAL WEATHER SERVICE NEW YORK NY
222 AM EDT THU APR 17 2014


...................................

...THE KENNEDY NY CLIMATE SUMMARY FOR APRIL 16 2014...

CLIMATE NORMAL PERIOD 1981 TO 2010
CLIMATE RECORD PERIOD 1949 TO 2014


WEATHER ITEM   OBSERVED TIME   RECORD YEAR NORMAL DEPARTURE LAST
                VALUE   (LST)  VALUE       VALUE  FROM      YEAR
                                                  NORMAL
..................................................................
TEMPERATURE (F)
 YESTERDAY
  MAXIMUM         49    444 PM  86    2003  59    -10       58
                                      2002
  MINIMUM         32R   624 AM  33    1962  44    -12       45
  AVERAGE         41                        52    -11       52

PRECIPITATION (IN)
  YESTERDAY        0.08          2.30 1983   0.13  -0.05      T
  MONTH TO DATE    1.54                      2.15  -0.61     1.47
  SINCE MAR 1      5.80                      5.93  -0.13     3.79
  SINCE JAN 1     13.40                     11.68   1.72     8.91

SNOWFALL (IN)
  YESTERDAY        T            MM      MM   0.0    0.0      0.0
  MONTH TO DATE    0.1                       0.6   -0.5      0.0
  SINCE OCT 1     45.6                      23.6   22.0     17.6
  SINCE JUL 1     45.6                      23.6   22.0     17.6
  SNOW DEPTH       0

DEGREE DAYS
 HEATING
  YESTERDAY       24                        14     10       13
  MONTH TO DATE  241                       259    -18      249
  SINCE MAR 1   1091                       984    107     1015
  SINCE JUL 1   4798                      4495    303     4345

 COOLING
  YESTERDAY        0                         0      0        0
  MONTH TO DATE    0                         0      0        0
  SINCE MAR 1      0                         0      0        0
  SINCE JAN 1      0                         0      0        0
..................................................................


WIND (MPH)
  HIGHEST WIND SPEED    31   HIGHEST WIND DIRECTION    NW (330)
  HIGHEST GUST SPEED    37   HIGHEST GUST DIRECTION    NW (320)
  AVERAGE WIND SPEED    16.3


SKY COVER
  POSSIBLE SUNSHINE  MM
  AVERAGE SKY COVER 0.3


WEATHER CONDITIONS
 THE FOLLOWING WEATHER WAS RECORDED YESTERDAY.
  RAIN
  LIGHT RAIN
  LIGHT SNOW
  SLEET
  FOG


RELATIVE HUMIDITY (PERCENT)
 HIGHEST    64           300 AM
 LOWEST     23           500 PM
 AVERAGE    44

..........................................................


THE KENNEDY NY CLIMATE NORMALS FOR TODAY
                         NORMAL    RECORD    YEAR
 MAXIMUM TEMPERATURE (F)   60        90      2002
 MINIMUM TEMPERATURE (F)   44        33      1980
                                             1962


SUNRISE AND SUNSET
APRIL 17 2014.........SUNRISE   614 AM EDT   SUNSET   736 PM EDT
APRIL 18 2014.........SUNRISE   612 AM EDT   SUNSET   738 PM EDT


-  INDICATES NEGATIVE NUMBERS.
R  INDICATES RECORD WAS SET OR TIED.
MM INDICATES DATA IS MISSING.
T  INDICATES TRACE AMOUNT.




$$
