000
CDUS41 KOKX 292038
CLIJFK


CLIMATE REPORT
NATIONAL WEATHER SERVICE NEW YORK NY
437 PM EDT MON MAY 29 2017


...................................

...THE KENNEDY NY CLIMATE SUMMARY FOR MAY 29 2017...
VALID TODAY AS OF 0400 PM LOCAL TIME.

CLIMATE NORMAL PERIOD 1981 TO 2010
CLIMATE RECORD PERIOD 1948 TO 2017


WEATHER ITEM   OBSERVED TIME   RECORD YEAR NORMAL DEPARTURE LAST
                VALUE   (LST)  VALUE       VALUE  FROM      YEAR
                                                  NORMAL
..................................................................
TEMPERATURE (F)
 TODAY
  MAXIMUM         61    157 PM  99    1969  73    -12       78
  MINIMUM         57    648 AM  46    1949  57      0       64
  AVERAGE         59                        65     -6       71

PRECIPITATION (IN)
  TODAY            0.29          2.88 1968   0.15   0.14     0.01
  MONTH TO DATE    5.80                      3.65   2.15     2.66
  SINCE MAR 1     15.65                     11.30   4.35     5.29
  SINCE JAN 1     21.87                     17.05   4.82    13.93

SNOWFALL (IN)
  TODAY            0.0          MM      MM   0.0    0.0      0.0
  MONTH TO DATE    0.0                       0.0    0.0      0.0
  SINCE OCT 1     30.9                      23.8    7.1     41.4
  SINCE JUL 1     30.9                      23.8    7.1     41.4
  SNOW DEPTH       0

DEGREE DAYS
 HEATING
  TODAY            6                         3      3        0
  MONTH TO DATE  164                       163      1      192
  SINCE MAR 1   1252                      1303    -51     1136
  SINCE JUL 1   4170                      4814   -644     3890

 COOLING
  TODAY            0                         2     -2        6
  MONTH TO DATE   37                        26     11       37
  SINCE MAR 1     49                        29     20       37
  SINCE JAN 1     49                        29     20       37
..................................................................


WIND (MPH)
  HIGHEST WIND SPEED    15   HIGHEST WIND DIRECTION     E (80)
  HIGHEST GUST SPEED    21   HIGHEST GUST DIRECTION     E (90)
  AVERAGE WIND SPEED     8.6


SKY COVER
  AVERAGE SKY COVER 1.0


WEATHER CONDITIONS
 THE FOLLOWING WEATHER WAS RECORDED TODAY.
  RAIN
  LIGHT RAIN
  FOG


RELATIVE HUMIDITY (PERCENT)
 HIGHEST   100           500 AM
 LOWEST     78           200 PM
 AVERAGE    89

..........................................................


THE KENNEDY NY CLIMATE NORMALS FOR TOMORROW
                         NORMAL    RECORD    YEAR
 MAXIMUM TEMPERATURE (F)   73        92      1987
 MINIMUM TEMPERATURE (F)   57        45      1949


SUNRISE AND SUNSET
MAY 29 2017...........SUNRISE   528 AM EDT   SUNSET   818 PM EDT
MAY 30 2017...........SUNRISE   527 AM EDT   SUNSET   819 PM EDT


-  INDICATES NEGATIVE NUMBERS.
R  INDICATES RECORD WAS SET OR TIED.
MM INDICATES DATA IS MISSING.
T  INDICATES TRACE AMOUNT.




$$
