000
CDUS43 KJKL 012122
CLIJKL

CLIMATE REPORT
NATIONAL WEATHER SERVICE JACKSON KY
422 PM EST SUN FEB 1 2015

...................................

...THE JACKSON KY CLIMATE SUMMARY FOR FEBRUARY 1 2015...
VALID TODAY AS OF 0400 PM LOCAL TIME.

CLIMATE NORMAL PERIOD 1981 TO 2010
CLIMATE RECORD PERIOD 1981 TO 2015

WEATHER ITEM   OBSERVED TIME   RECORD YEAR NORMAL DEPARTURE LAST
                VALUE   (LST)  VALUE       VALUE  FROM      YEAR
                                                  NORMAL
..................................................................
TEMPERATURE (F)
 TODAY
  MAXIMUM         49    204 PM  73    1989  45      4       67
  MINIMUM         34    658 AM   9    2013  28      6       38
  AVERAGE         42                        36      6       53

PRECIPITATION (IN)
  TODAY            0.03          2.10 1981   0.13  -0.10     0.00
  MONTH TO DATE    0.03                      0.13  -0.10     0.00
  SINCE DEC 1      4.64                      7.92  -3.28    10.24
  SINCE JAN 1      2.15                      3.74  -1.59     3.15

SNOWFALL (IN)
  TODAY            0.0                       0.3   -0.3      0.0
  MONTH TO DATE    0.0                       0.3   -0.3      0.0
  SINCE DEC 1      2.7                      12.3   -9.6     15.4
  SINCE JUL 1      3.9                      12.9   -9.0     18.3
  SNOW DEPTH       0

DEGREE DAYS
 HEATING
  TODAY           23                        29     -6       12
  MONTH TO DATE   23                        29     -6       12
  SINCE DEC 1   1747                      1795    -48     1909
  SINCE JUL 1   2737                      2595    142     2796

 COOLING
  TODAY            0                         0      0        0
  MONTH TO DATE    0                         0      0        0
  SINCE DEC 1      0                         1     -1        0
  SINCE JAN 1      0                         0      0        0
..................................................................

WIND (MPH)
  HIGHEST WIND SPEED    18   HIGHEST WIND DIRECTION     S (190)
  HIGHEST GUST SPEED    33   HIGHEST GUST DIRECTION     S (180)
  AVERAGE WIND SPEED     3.3

SKY COVER
  POSSIBLE SUNSHINE  MM
  AVERAGE SKY COVER 0.9

WEATHER CONDITIONS
 THE FOLLOWING WEATHER WAS RECORDED TODAY.
  LIGHT RAIN

RELATIVE HUMIDITY (PERCENT)
 HIGHEST    76           400 PM
 LOWEST     29          1200 AM
 AVERAGE    53

..........................................................

THE JACKSON KY CLIMATE NORMALS FOR TOMORROW
                         NORMAL    RECORD    YEAR
 MAXIMUM TEMPERATURE (F)   45        73      1989
 MINIMUM TEMPERATURE (F)   28         6      1996

SUNRISE AND SUNSET
FEBRUARY  1 2015......SUNRISE   737 AM EST   SUNSET   557 PM EST
FEBRUARY  2 2015......SUNRISE   736 AM EST   SUNSET   558 PM EST

-  INDICATES NEGATIVE NUMBERS.
R  INDICATES RECORD WAS SET OR TIED.
MM INDICATES DATA IS MISSING.
T  INDICATES TRACE AMOUNT.

$$

CARICO
