000
CDUS43 KSGF 200627
CLIJLN


CLIMATE REPORT
NATIONAL WEATHER SERVICE SPRINGFIELD MO
1226 AM CST TUE FEB 20 2018


...................................

...THE JOPLIN MO CLIMATE SUMMARY FOR FEBRUARY 19 2018...

CLIMATE NORMAL PERIOD 1981 TO 2010
CLIMATE RECORD PERIOD 1902 TO 2018


WEATHER ITEM   OBSERVED TIME   RECORD YEAR NORMAL DEPARTURE LAST
                VALUE   (LST)  VALUE       VALUE  FROM      YEAR
                                                  NORMAL
..................................................................
TEMPERATURE (F)
 YESTERDAY
  MAXIMUM         66    521 PM  78    2017  52     14       78
  MINIMUM         52    934 PM  -1    1978  30     22       42
  AVERAGE         59                        41     18       60

PRECIPITATION (IN)
  YESTERDAY        0.93          1.48 1955   0.09   0.84     0.00
  MONTH TO DATE    1.27                      1.49  -0.22     0.13
  SINCE DEC 1      3.11                      6.34  -3.23     4.37
  SINCE JAN 1      1.74                      3.52  -1.78     3.78

DEGREE DAYS
 HEATING
  YESTERDAY        6                        24    -18        5
  MONTH TO DATE  530                       503     27      342
  SINCE DEC 1   2354                      2295     59     1999
  SINCE JUL 1   2999                      3052    -53     2454

 COOLING
  YESTERDAY        0                         0      0        0
  MONTH TO DATE    0                         0      0        3
  SINCE DEC 1      0                         0      0        3
  SINCE JAN 1      0                         0      0        3
..................................................................


WIND (MPH)
  HIGHEST WIND SPEED    31   HIGHEST WIND DIRECTION     S (180)
  HIGHEST GUST SPEED    44   HIGHEST GUST DIRECTION     S (190)
  AVERAGE WIND SPEED    20.0


SKY COVER
  AVERAGE SKY COVER 1.0


WEATHER CONDITIONS
 THE FOLLOWING WEATHER WAS RECORDED YESTERDAY.
  THUNDERSTORM
  HEAVY RAIN
  RAIN
  LIGHT RAIN
  FOG


RELATIVE HUMIDITY (PERCENT)
 HIGHEST   100           100 AM
 LOWEST     90           300 AM
 AVERAGE    95

..........................................................


THE JOPLIN MO CLIMATE NORMALS FOR TODAY
                         NORMAL    RECORD    YEAR
 MAXIMUM TEMPERATURE (F)   52        78      2016
                                             1981
 MINIMUM TEMPERATURE (F)   31        16      1963
                                             1978


SUNRISE AND SUNSET
FEBRUARY 20 2018......SUNRISE   701 AM CST   SUNSET   603 PM CST
FEBRUARY 21 2018......SUNRISE   659 AM CST   SUNSET   604 PM CST


-  INDICATES NEGATIVE NUMBERS.
R  INDICATES RECORD WAS SET OR TIED.
MM INDICATES DATA IS MISSING.
T  INDICATES TRACE AMOUNT.




$$
