000
CDUS43 KSGF 220636
CLIJLN


CLIMATE REPORT
NATIONAL WEATHER SERVICE SPRINGFIELD MO
136 AM CDT FRI MAY 22 2015


...................................

...THE JOPLIN MO CLIMATE SUMMARY FOR MAY 21 2015...

CLIMATE NORMAL PERIOD 1981 TO 2010
CLIMATE RECORD PERIOD 1902 TO 2015


WEATHER ITEM   OBSERVED TIME   RECORD YEAR NORMAL DEPARTURE LAST
                VALUE   (LST)  VALUE       VALUE  FROM      YEAR
                                                  NORMAL
..................................................................
TEMPERATURE (F)
 YESTERDAY
  MAXIMUM         66    236 PM  91    1987  79    -13       82
  MINIMUM         45   1151 PM  40    1968  58    -13       67
  AVERAGE         56                        68    -12       75

PRECIPITATION (IN)
  YESTERDAY        0.00          1.25 1951   0.19  -0.19     0.00
  MONTH TO DATE    5.89                      3.96   1.93     1.63
  SINCE MAR 1     11.67                     11.85  -0.18     4.76
  SINCE JAN 1     13.19                     16.20  -3.01     5.61

DEGREE DAYS
 HEATING
  YESTERDAY        9                         1      8        0
  MONTH TO DATE   53                        56     -3      103
  SINCE MAR 1    740                       805    -65     1032
  SINCE JUL 1   4276                      4059    217     4881

 COOLING
  YESTERDAY        0                         5     -5       10
  MONTH TO DATE   77                        69      8      107
  SINCE MAR 1    112                       122    -10      130
  SINCE JAN 1    112                       123    -11      130
..................................................................


WIND (MPH)
  HIGHEST WIND SPEED    10   HIGHEST WIND DIRECTION    NE (60)
  HIGHEST GUST SPEED    17   HIGHEST GUST DIRECTION    NE (40)
  AVERAGE WIND SPEED     4.4


SKY COVER
  AVERAGE SKY COVER 0.6


WEATHER CONDITIONS
 THE FOLLOWING WEATHER WAS RECORDED YESTERDAY.
  FOG


RELATIVE HUMIDITY (PERCENT)
 HIGHEST   100          1100 PM
 LOWEST     48           400 PM
 AVERAGE    74

..........................................................


THE JOPLIN MO CLIMATE NORMALS FOR TODAY
                         NORMAL    RECORD    YEAR
 MAXIMUM TEMPERATURE (F)   79        93      1953
 MINIMUM TEMPERATURE (F)   58        44      2001


SUNRISE AND SUNSET
MAY 22 2015...........SUNRISE   605 AM CDT   SUNSET   825 PM CDT
MAY 23 2015...........SUNRISE   604 AM CDT   SUNSET   826 PM CDT


-  INDICATES NEGATIVE NUMBERS.
R  INDICATES RECORD WAS SET OR TIED.
MM INDICATES DATA IS MISSING.
T  INDICATES TRACE AMOUNT.




$$
