000
CDUS43 KBIS 230746
CLIJMS


CLIMATE REPORT
NATIONAL WEATHER SERVICE BISMARCK ND
245 AM CDT TUE SEP 23 2014


...................................

...THE JAMESTOWN ND CLIMATE SUMMARY FOR SEPTEMBER 22 2014...

CLIMATE NORMAL PERIOD 1981 TO 2010
CLIMATE RECORD PERIOD 1891 TO 2014


WEATHER ITEM   OBSERVED TIME   RECORD YEAR NORMAL DEPARTURE LAST
                VALUE   (LST)  VALUE       VALUE  FROM      YEAR
                                                  NORMAL
..................................................................
TEMPERATURE (F)
 YESTERDAY
  MAXIMUM         76    351 PM  98    1936  67      9       86
  MINIMUM         42    241 AM  22    1947  42      0       50
  AVERAGE         59                        55      4       68

PRECIPITATION (IN)
  YESTERDAY        0.00          0.52 2006   0.06  -0.06     0.00
  MONTH TO DATE    1.59                      1.55   0.04     1.69
  SINCE SEP 1      1.59                      1.55   0.04     1.69
  SINCE JAN 1     20.27                     15.74   4.53    10.89

DEGREE DAYS
 HEATING
  YESTERDAY        6                        11     -5        0
  MONTH TO DATE  180                       153     27       84
  SINCE SEP 1    180                       153     27       84
  SINCE JUL 1    235                       219     16      128

 COOLING
  YESTERDAY        0                         0      0        3
  MONTH TO DATE   11                        28    -17       51
  SINCE SEP 1     11                        28    -17       51
  SINCE JAN 1    349                       443    -94      517
..................................................................


WIND (MPH)
  HIGHEST WIND SPEED    15   HIGHEST WIND DIRECTION     S (170)
  HIGHEST GUST SPEED    20   HIGHEST GUST DIRECTION    SE (150)
  AVERAGE WIND SPEED     7.5


SKY COVER
  POSSIBLE SUNSHINE  MM
  AVERAGE SKY COVER 0.0


WEATHER CONDITIONS
 THE FOLLOWING WEATHER WAS RECORDED YESTERDAY.
  NO SIGNIFICANT WEATHER WAS OBSERVED.


RELATIVE HUMIDITY (PERCENT)
 HIGHEST    96           100 AM
 LOWEST     33           100 PM
 AVERAGE    65

..........................................................


THE JAMESTOWN ND CLIMATE NORMALS FOR TODAY
                         NORMAL    RECORD    YEAR
 MAXIMUM TEMPERATURE (F)   67        92      1958
 MINIMUM TEMPERATURE (F)   42        23      1928


SUNRISE AND SUNSET
SEPTEMBER 23 2014.....SUNRISE   723 AM CDT   SUNSET   730 PM CDT
SEPTEMBER 24 2014.....SUNRISE   724 AM CDT   SUNSET   728 PM CDT


-  INDICATES NEGATIVE NUMBERS.
R  INDICATES RECORD WAS SET OR TIED.
MM INDICATES DATA IS MISSING.
T  INDICATES TRACE AMOUNT.




$$
