000
CDUS43 KBIS 260022
CLIJMS


CLIMATE REPORT
NATIONAL WEATHER SERVICE BISMARCK ND
722 PM CDT SAT MAR 25 2017


...................................

...THE JAMESTOWN ND CLIMATE SUMMARY FOR MARCH 25 2017...
VALID TODAY AS OF 0700 PM LOCAL TIME.

CLIMATE NORMAL PERIOD 1981 TO 2010
CLIMATE RECORD PERIOD 1891 TO 2017


WEATHER ITEM   OBSERVED TIME   RECORD YEAR NORMAL DEPARTURE LAST
                VALUE   (LST)  VALUE       VALUE  FROM      YEAR
                                                  NORMAL
..................................................................
TEMPERATURE (F)
 TODAY
  MAXIMUM         45    522 PM  76    1907  42      3       42
  MINIMUM         24    521 AM -13    1964  22      2       22
  AVERAGE         35                        32      3       32

PRECIPITATION (IN)
  TODAY            0.00          0.60 1927   0.03  -0.03      T
  MONTH TO DATE    0.08                      0.65  -0.57     0.32
  SINCE MAR 1      0.08                      0.65  -0.57     0.32
  SINCE JAN 1      0.50                      1.50  -1.00     0.43

DEGREE DAYS
 HEATING
  TODAY           30                        33     -3       33
  MONTH TO DATE 1027                       973     54      713
  SINCE MAR 1   1027                       973     54      713
  SINCE JUL 1   7036                      7732   -696     6455

 COOLING
  TODAY            0                         0      0        0
  MONTH TO DATE    0                         0      0        0
  SINCE MAR 1      0                         0      0        0
  SINCE JAN 1      0                         0      0        0
..................................................................


WIND (MPH)
  RESULTANT WIND SPEED  10   RESULTANT WIND DIRECTION   S (160)
  HIGHEST WIND SPEED    22   HIGHEST WIND DIRECTION     S (170)
  HIGHEST GUST SPEED    29   HIGHEST GUST DIRECTION     S (170)
  AVERAGE WIND SPEED    10.6


SKY COVER
  POSSIBLE SUNSHINE  MM
  AVERAGE SKY COVER 0.6


WEATHER CONDITIONS
 THE FOLLOWING WEATHER WAS RECORDED TODAY.
  FOG


RELATIVE HUMIDITY (PERCENT)
 HIGHEST   100           200 AM
 LOWEST     65           500 PM
 AVERAGE    83

..........................................................


THE JAMESTOWN ND CLIMATE NORMALS FOR TOMORROW
                         NORMAL    RECORD    YEAR
 MAXIMUM TEMPERATURE (F)   43        70      1946
 MINIMUM TEMPERATURE (F)   22       -17      1964


SUNRISE AND SUNSET
MARCH 25 2017.........SUNRISE   727 AM CDT   SUNSET   755 PM CDT
MARCH 26 2017.........SUNRISE   725 AM CDT   SUNSET   756 PM CDT


-  INDICATES NEGATIVE NUMBERS.
R  INDICATES RECORD WAS SET OR TIED.
MM INDICATES DATA IS MISSING.
T  INDICATES TRACE AMOUNT.




$$
