000
CDUS43 KBIS 290728
CLIJMS


CLIMATE REPORT
NATIONAL WEATHER SERVICE BISMARCK ND
227 AM CDT SUN MAY 29 2016


...................................

...THE JAMESTOWN ND CLIMATE SUMMARY FOR MAY 28 2016...

CLIMATE NORMAL PERIOD 1981 TO 2010
CLIMATE RECORD PERIOD 1891 TO 2016


WEATHER ITEM   OBSERVED TIME   RECORD YEAR NORMAL DEPARTURE LAST
                VALUE   (LST)  VALUE       VALUE  FROM      YEAR
                                                  NORMAL
..................................................................
TEMPERATURE (F)
 YESTERDAY
  MAXIMUM         71    506 PM  96    1900  71      0       78
  MINIMUM         58   1159 PM  23    1947  47     11       59
  AVERAGE         65                        59      6       69

PRECIPITATION (IN)
  YESTERDAY        T             1.05 1931   0.09  -0.09     0.11
  MONTH TO DATE    1.69                      2.36  -0.67     8.75
  SINCE MAR 1      4.62                      4.40   0.22     9.74
  SINCE JAN 1      4.73                      5.25  -0.52    10.16

DEGREE DAYS
 HEATING
  YESTERDAY        0                         7     -7        0
  MONTH TO DATE  246                       304    -58      326
  SINCE MAR 1   1791                      2139   -348     1913
  SINCE JUL 1   7533                      8898  -1365     8650

 COOLING
  YESTERDAY        0                         1     -1        4
  MONTH TO DATE   12                        17     -5        8
  SINCE MAR 1     12                        19     -7        8
  SINCE JAN 1     12                        19     -7        8
..................................................................


WIND (MPH)
  HIGHEST WIND SPEED    14   HIGHEST WIND DIRECTION    NW (330)
  HIGHEST GUST SPEED    23   HIGHEST GUST DIRECTION     N (350)
  AVERAGE WIND SPEED     7.7


SKY COVER
  POSSIBLE SUNSHINE  MM
  AVERAGE SKY COVER 0.6


WEATHER CONDITIONS
 THE FOLLOWING WEATHER WAS RECORDED YESTERDAY.
  LIGHT RAIN
  FOG


RELATIVE HUMIDITY (PERCENT)
 HIGHEST    93           500 AM
 LOWEST     53           400 PM
 AVERAGE    73

..........................................................


THE JAMESTOWN ND CLIMATE NORMALS FOR TODAY
                         NORMAL    RECORD    YEAR
 MAXIMUM TEMPERATURE (F)   72       107      1934
 MINIMUM TEMPERATURE (F)   47        28      1947


SUNRISE AND SUNSET
MAY 29 2016...........SUNRISE   545 AM CDT   SUNSET   919 PM CDT
MAY 30 2016...........SUNRISE   545 AM CDT   SUNSET   920 PM CDT


-  INDICATES NEGATIVE NUMBERS.
R  INDICATES RECORD WAS SET OR TIED.
MM INDICATES DATA IS MISSING.
T  INDICATES TRACE AMOUNT.




$$
