000
CDUS43 KBIS 240021
CLIJMS


CLIMATE REPORT
NATIONAL WEATHER SERVICE BISMARCK ND
621 PM CST SUN NOV 23 2014


...................................

...THE JAMESTOWN ND CLIMATE SUMMARY FOR NOVEMBER 23 2014...
VALID TODAY AS OF 0600 PM LOCAL TIME.

CLIMATE NORMAL PERIOD 1981 TO 2010
CLIMATE RECORD PERIOD 1891 TO 2014


WEATHER ITEM   OBSERVED TIME   RECORD YEAR NORMAL DEPARTURE LAST
                VALUE   (LST)  VALUE       VALUE  FROM      YEAR
                                                  NORMAL
..................................................................
TEMPERATURE (F)
 TODAY
  MAXIMUM         41    546 AM  59    1942  32      9       15
  MINIMUM         20    559 PM -16    1951  14      6       -9
  AVERAGE         31                        23      8        3

PRECIPITATION (IN)
  TODAY            T             0.60 1981   0.01  -0.01     0.00
  MONTH TO DATE    0.13                      0.52  -0.39     0.01
  SINCE SEP 1      2.15                      4.07  -1.92     6.67
  SINCE JAN 1     20.83                     18.26   2.57    15.87

DEGREE DAYS
 HEATING
  TODAY           34                        42     -8       62
  MONTH TO DATE  907                       810     97      831
  SINCE SEP 1   1691                      1711    -20     1655
  SINCE JUL 1   1746                      1777    -31     1699

 COOLING
  TODAY            0                         0      0        0
  MONTH TO DATE    0                         0      0        0
  SINCE SEP 1     29                        31     -2       55
  SINCE JAN 1    367                       446    -79      521
..................................................................


WIND (MPH)
  RESULTANT WIND SPEED  16   RESULTANT WIND DIRECTION   W (290)
  HIGHEST WIND SPEED    32   HIGHEST WIND DIRECTION    NW (320)
  HIGHEST GUST SPEED    44   HIGHEST GUST DIRECTION    NW (320)
  AVERAGE WIND SPEED    17.2


SKY COVER
  POSSIBLE SUNSHINE  MM
  AVERAGE SKY COVER 0.8


WEATHER CONDITIONS
 THE FOLLOWING WEATHER WAS RECORDED TODAY.
  LIGHT RAIN


RELATIVE HUMIDITY (PERCENT)
 HIGHEST    92           100 AM
 LOWEST     63          1200 PM
 AVERAGE    78

..........................................................


THE JAMESTOWN ND CLIMATE NORMALS FOR TOMORROW
                         NORMAL    RECORD    YEAR
 MAXIMUM TEMPERATURE (F)   32        62      1942
 MINIMUM TEMPERATURE (F)   14       -17      1951


SUNRISE AND SUNSET
NOVEMBER 23 2014......SUNRISE   749 AM CST   SUNSET   453 PM CST
NOVEMBER 24 2014......SUNRISE   750 AM CST   SUNSET   452 PM CST


-  INDICATES NEGATIVE NUMBERS.
R  INDICATES RECORD WAS SET OR TIED.
MM INDICATES DATA IS MISSING.
T  INDICATES TRACE AMOUNT.




$$
