000
CDUS43 KBIS 280051
CLIJMS


CLIMATE REPORT
NATIONAL WEATHER SERVICE BISMARCK ND
749 PM CDT WED MAY 27 2015


...................................

...THE JAMESTOWN ND CLIMATE SUMMARY FOR MAY 27 2015...
VALID TODAY AS OF 0700 PM LOCAL TIME.

CLIMATE NORMAL PERIOD 1981 TO 2010
CLIMATE RECORD PERIOD 1891 TO 2015


WEATHER ITEM   OBSERVED TIME   RECORD YEAR NORMAL DEPARTURE LAST
                VALUE   (LST)  VALUE       VALUE  FROM      YEAR
                                                  NORMAL
..................................................................
TEMPERATURE (F)
 TODAY
  MAXIMUM         81    116 PM 102    1934  71     10       85
  MINIMUM         55    547 AM  23    1907  47      8       57
  AVERAGE         68                        59      9       71

PRECIPITATION (IN)
  TODAY            0.13          1.20 1959   0.09   0.04     0.01
  MONTH TO DATE    8.61                      2.27   6.34     4.29
  SINCE MAR 1      9.60                      4.31   5.29     6.96
  SINCE JAN 1     10.02                      5.16   4.86     7.35

DEGREE DAYS
 HEATING
  TODAY            0                         7     -7        0
  MONTH TO DATE  326                       297     29      354
  SINCE MAR 1   1913                      2132   -219     2406
  SINCE JUL 1   8650                      8891   -241     9674

 COOLING
  TODAY            3                         1      2        6
  MONTH TO DATE    4                        16    -12       27
  SINCE MAR 1      4                        18    -14       27
  SINCE JAN 1      4                        18    -14       27
..................................................................


WIND (MPH)
  RESULTANT WIND SPEED   4   RESULTANT WIND DIRECTION  NW (320)
  HIGHEST WIND SPEED    26   HIGHEST WIND DIRECTION     W (270)
  HIGHEST GUST SPEED    39   HIGHEST GUST DIRECTION     W (250)
  AVERAGE WIND SPEED     6.0


SKY COVER
  POSSIBLE SUNSHINE  MM
  AVERAGE SKY COVER 0.1


WEATHER CONDITIONS
 THE FOLLOWING WEATHER WAS RECORDED TODAY.
  THUNDERSTORM
  HEAVY RAIN
  RAIN
  LIGHT RAIN


RELATIVE HUMIDITY (PERCENT)
 HIGHEST    83           600 AM
 LOWEST     33           100 PM
 AVERAGE    58

..........................................................


THE JAMESTOWN ND CLIMATE NORMALS FOR TOMORROW
                         NORMAL    RECORD    YEAR
 MAXIMUM TEMPERATURE (F)   71        96      1900
 MINIMUM TEMPERATURE (F)   47        23      1947


SUNRISE AND SUNSET
MAY 27 2015...........SUNRISE   548 AM CDT   SUNSET   917 PM CDT
MAY 28 2015...........SUNRISE   547 AM CDT   SUNSET   918 PM CDT


-  INDICATES NEGATIVE NUMBERS.
R  INDICATES RECORD WAS SET OR TIED.
MM INDICATES DATA IS MISSING.
T  INDICATES TRACE AMOUNT.




$$
