000
CDUS43 KBIS 240108
CLIJMS


CLIMATE REPORT
NATIONAL WEATHER SERVICE BISMARCK ND
708 PM CST TUE JAN 23 2018


...................................

...THE JAMESTOWN ND CLIMATE SUMMARY FOR JANUARY 23 2018...
VALID TODAY AS OF 0700 PM LOCAL TIME.

CLIMATE NORMAL PERIOD 1981 TO 2010
CLIMATE RECORD PERIOD 1891 TO 2018


WEATHER ITEM   OBSERVED TIME   RECORD YEAR NORMAL DEPARTURE LAST
                VALUE   (LST)  VALUE       VALUE  FROM      YEAR
                                                  NORMAL
..................................................................
TEMPERATURE (F)
 TODAY
  MAXIMUM         30    302 PM  51    1942  20     10       32
  MINIMUM         18    604 AM -33    1935   0     18       28
                                      1922
  AVERAGE         24                        10     14       30

PRECIPITATION (IN)
  TODAY            0.00          0.95 1950   0.02  -0.02     0.00
  MONTH TO DATE    0.01                      0.36  -0.35     0.22
  SINCE DEC 1      0.13                      0.76  -0.63     1.51
  SINCE JAN 1      0.01                      0.36  -0.35     0.22

DEGREE DAYS
 HEATING
  TODAY           41                        55    -14       35
  MONTH TO DATE 1236                      1263    -27     1307
  SINCE DEC 1   2753                      2839    -86     2921
  SINCE JUL 1   4723                      4923   -200     4482

 COOLING
  TODAY            0                         0      0        0
  MONTH TO DATE    0                         0      0        0
  SINCE DEC 1      0                         0      0        0
  SINCE JAN 1      0                         0      0        0
..................................................................


WIND (MPH)
  RESULTANT WIND SPEED   5   RESULTANT WIND DIRECTION   W (280)
  HIGHEST WIND SPEED    18   HIGHEST WIND DIRECTION    NW (320)
  HIGHEST GUST SPEED    22   HIGHEST GUST DIRECTION    NW (320)
  AVERAGE WIND SPEED     7.4


SKY COVER
  POSSIBLE SUNSHINE  MM
  AVERAGE SKY COVER 0.9


WEATHER CONDITIONS
 THE FOLLOWING WEATHER WAS RECORDED TODAY.
  FOG


RELATIVE HUMIDITY (PERCENT)
 HIGHEST   100          1200 AM
 LOWEST     72           300 PM
 AVERAGE    86

..........................................................


THE JAMESTOWN ND CLIMATE NORMALS FOR TOMORROW
                         NORMAL    RECORD    YEAR
 MAXIMUM TEMPERATURE (F)   20        51      1942
 MINIMUM TEMPERATURE (F)    0       -38      1904


SUNRISE AND SUNSET
JANUARY 23 2018.......SUNRISE   809 AM CST   SUNSET   524 PM CST
JANUARY 24 2018.......SUNRISE   808 AM CST   SUNSET   526 PM CST


-  INDICATES NEGATIVE NUMBERS.
R  INDICATES RECORD WAS SET OR TIED.
MM INDICATES DATA IS MISSING.
T  INDICATES TRACE AMOUNT.




$$
