365
CDUS43 KBIS 200032
CLIJMS


CLIMATE REPORT
NATIONAL WEATHER SERVICE BISMARCK ND
632 PM CST SUN NOV 19 2017


...................................

...THE JAMESTOWN ND CLIMATE SUMMARY FOR NOVEMBER 19 2017...
VALID TODAY AS OF 0600 PM LOCAL TIME.

CLIMATE NORMAL PERIOD 1981 TO 2010
CLIMATE RECORD PERIOD 1891 TO 2017


WEATHER ITEM   OBSERVED TIME   RECORD YEAR NORMAL DEPARTURE LAST
                VALUE   (LST)  VALUE       VALUE  FROM      YEAR
                                                  NORMAL
..................................................................
TEMPERATURE (F)
 TODAY
  MAXIMUM         44    154 PM  72    1897  35      9       30
  MINIMUM         12    202 AM -15    1896  16     -4       14
  AVERAGE         28                        26      2       22

PRECIPITATION (IN)
  TODAY            0.00          0.94 1977   0.02  -0.02     0.00
  MONTH TO DATE    0.13                      0.45  -0.32      T
  SINCE SEP 1      3.04                      4.00  -0.96     5.06
  SINCE JAN 1     12.35                     18.19  -5.84    23.81

DEGREE DAYS
 HEATING
  TODAY           37                        39     -2       43
  MONTH TO DATE  797                       646    151      404
  SINCE SEP 1   1588                      1547     41     1173
  SINCE JUL 1   1622                      1613      9     1206

 COOLING
  TODAY            0                         0      0        0
  MONTH TO DATE    0                         0      0        0
  SINCE SEP 1     35                        31      4       26
  SINCE JAN 1    397                       446    -49      419
..................................................................


WIND (MPH)
  RESULTANT WIND SPEED   6   RESULTANT WIND DIRECTION   W (250)
  HIGHEST WIND SPEED    16   HIGHEST WIND DIRECTION     W (270)
  HIGHEST GUST SPEED    21   HIGHEST GUST DIRECTION     W (280)
  AVERAGE WIND SPEED     6.5


SKY COVER
  POSSIBLE SUNSHINE  MM
  AVERAGE SKY COVER 0.0


WEATHER CONDITIONS
 THE FOLLOWING WEATHER WAS RECORDED TODAY.
  NO SIGNIFICANT WEATHER WAS OBSERVED.


RELATIVE HUMIDITY (PERCENT)
 HIGHEST    92           200 AM
 LOWEST     49          1200 PM
 AVERAGE    71

..........................................................


THE JAMESTOWN ND CLIMATE NORMALS FOR TOMORROW
                         NORMAL    RECORD    YEAR
 MAXIMUM TEMPERATURE (F)   34        65      1908
 MINIMUM TEMPERATURE (F)   16       -14      1921


SUNRISE AND SUNSET
NOVEMBER 19 2017......SUNRISE   744 AM CST   SUNSET   456 PM CST
NOVEMBER 20 2017......SUNRISE   745 AM CST   SUNSET   455 PM CST


-  INDICATES NEGATIVE NUMBERS.
R  INDICATES RECORD WAS SET OR TIED.
MM INDICATES DATA IS MISSING.
T  INDICATES TRACE AMOUNT.




$$
