000
CDUS43 KBIS 111245
CLIJMS


CLIMATE REPORT
NATIONAL WEATHER SERVICE BISMARCK ND
645 AM CST THU FEB 11 2016


...................................

...THE JAMESTOWN ND CLIMATE SUMMARY FOR FEBRUARY 10 2016...

CLIMATE NORMAL PERIOD 1981 TO 2010
CLIMATE RECORD PERIOD 1891 TO 2016


WEATHER ITEM   OBSERVED TIME   RECORD YEAR NORMAL DEPARTURE LAST
                VALUE   (LST)  VALUE       VALUE  FROM      YEAR
                                                  NORMAL
..................................................................
TEMPERATURE (F)
 YESTERDAY
  MAXIMUM         12   1217 AM  45    1918  23    -11       31
  MINIMUM          5   1159 PM -34    1899   3      2       12
  AVERAGE          9                        13     -4       22

PRECIPITATION (IN)
  YESTERDAY        0.01          0.46 1953   0.01   0.00     0.05
  MONTH TO DATE    0.02                      0.10  -0.08     0.08
  SINCE DEC 1      0.16                      0.95  -0.79     0.38
  SINCE JAN 1      0.02                      0.55  -0.53     0.35

DEGREE DAYS
 HEATING
  YESTERDAY       56                        52      4       43
  MONTH TO DATE  425                       528   -103      526
  SINCE DEC 1   3343                      3806   -463     3488
  SINCE JUL 1   4991                      5890   -899     5651

 COOLING
  YESTERDAY        0                         0      0        0
  MONTH TO DATE    0                         0      0        0
  SINCE DEC 1      0                         0      0        0
  SINCE JAN 1      0                         0      0        0
..................................................................


WIND (MPH)
  HIGHEST WIND SPEED    17   HIGHEST WIND DIRECTION    SE (120)
  HIGHEST GUST SPEED    20   HIGHEST GUST DIRECTION    SE (120)
  AVERAGE WIND SPEED    10.4


SKY COVER
  POSSIBLE SUNSHINE  MM
  AVERAGE SKY COVER 1.0


WEATHER CONDITIONS
 THE FOLLOWING WEATHER WAS RECORDED YESTERDAY.
  LIGHT SNOW
  FOG
  HAZE


RELATIVE HUMIDITY (PERCENT)
 HIGHEST    83           200 AM
 LOWEST     70          1200 AM
 AVERAGE    77

..........................................................


THE JAMESTOWN ND CLIMATE NORMALS FOR TODAY
                         NORMAL    RECORD    YEAR
 MAXIMUM TEMPERATURE (F)   24        53      1924
 MINIMUM TEMPERATURE (F)    4       -33      1899


SUNRISE AND SUNSET
FEBRUARY 11 2016......SUNRISE   746 AM CST   SUNSET   552 PM CST
FEBRUARY 12 2016......SUNRISE   744 AM CST   SUNSET   554 PM CST


-  INDICATES NEGATIVE NUMBERS.
R  INDICATES RECORD WAS SET OR TIED.
MM INDICATES DATA IS MISSING.
T  INDICATES TRACE AMOUNT.




$$
