000
CDUS43 KBIS 220802
CLIJMS


CLIMATE REPORT
NATIONAL WEATHER SERVICE BISMARCK ND
302 AM CDT TUE AUG 22 2017


...................................

...THE JAMESTOWN ND CLIMATE SUMMARY FOR AUGUST 21 2017...

CLIMATE NORMAL PERIOD 1981 TO 2010
CLIMATE RECORD PERIOD 1891 TO 2017


WEATHER ITEM   OBSERVED TIME   RECORD YEAR NORMAL DEPARTURE LAST
                VALUE   (LST)  VALUE       VALUE  FROM      YEAR
                                                  NORMAL
..................................................................
TEMPERATURE (F)
 YESTERDAY
  MAXIMUM         75    330 PM 105    1947  81     -6       79
  MINIMUM         52   1158 PM  38    1907  54     -2       45
  AVERAGE         64                        68     -4       62

PRECIPITATION (IN)
  YESTERDAY        T             1.63 1924   0.07  -0.07     0.00
  MONTH TO DATE    3.80                      1.36   2.44     4.58
  SINCE JUN 1      6.47                      7.90  -1.43    12.91
  SINCE JAN 1      9.26                     13.45  -4.19    18.74

DEGREE DAYS
 HEATING
  YESTERDAY        1                         2     -1        3
  MONTH TO DATE   19                        21     -2       12
  SINCE JUN 1     72                       140    -68       68
  SINCE JUL 1     22                        43    -21       19

 COOLING
  YESTERDAY        0                         4     -4        0
  MONTH TO DATE   28                       111    -83       85
  SINCE JUN 1    344                       363    -19      355
  SINCE JAN 1    344                       383    -39      369
..................................................................


WIND (MPH)
  HIGHEST WIND SPEED    26   HIGHEST WIND DIRECTION    NW (330)
  HIGHEST GUST SPEED    32   HIGHEST GUST DIRECTION    NW (320)
  AVERAGE WIND SPEED     9.6


SKY COVER
  POSSIBLE SUNSHINE  MM
  AVERAGE SKY COVER 0.3


WEATHER CONDITIONS
 THE FOLLOWING WEATHER WAS RECORDED YESTERDAY.
  LIGHT RAIN


RELATIVE HUMIDITY (PERCENT)
 HIGHEST    93           300 AM
 LOWEST     47           600 PM
 AVERAGE    70

..........................................................


THE JAMESTOWN ND CLIMATE NORMALS FOR TODAY
                         NORMAL    RECORD    YEAR
 MAXIMUM TEMPERATURE (F)   80       102      1947
 MINIMUM TEMPERATURE (F)   54        32      1908


SUNRISE AND SUNSET
AUGUST 22 2017........SUNRISE   642 AM CDT   SUNSET   832 PM CDT
AUGUST 23 2017........SUNRISE   643 AM CDT   SUNSET   831 PM CDT


-  INDICATES NEGATIVE NUMBERS.
R  INDICATES RECORD WAS SET OR TIED.
MM INDICATES DATA IS MISSING.
T  INDICATES TRACE AMOUNT.




$$
