000
CDUS43 KBIS 310724
CLIJMS


CLIMATE REPORT
NATIONAL WEATHER SERVICE BISMARCK ND
223 AM CDT MON AUG 31 2015


...................................

...THE JAMESTOWN ND CLIMATE SUMMARY FOR AUGUST 30 2015...

CLIMATE NORMAL PERIOD 1981 TO 2010
CLIMATE RECORD PERIOD 1891 TO 2015


WEATHER ITEM   OBSERVED TIME   RECORD YEAR NORMAL DEPARTURE LAST
                VALUE   (LST)  VALUE       VALUE  FROM      YEAR
                                                  NORMAL
..................................................................
TEMPERATURE (F)
 YESTERDAY
  MAXIMUM         88    331 PM  97    1929  78     10       72
  MINIMUM         64    658 AM  34    1931  52     12       48
  AVERAGE         76                        65     11       60

PRECIPITATION (IN)
  YESTERDAY        0.00          1.48 1942   0.08  -0.08     0.00
  MONTH TO DATE    1.21                      2.03  -0.82     2.72
  SINCE JUN 1      9.83                      8.57   1.26     9.90
  SINCE JAN 1     19.99                     14.12   5.87    18.34

DEGREE DAYS
 HEATING
  YESTERDAY        0                         3     -3        5
  MONTH TO DATE   47                        43      4       27
  SINCE JUN 1     98                       162    -64      114
  SINCE JUL 1     56                        65     -9       55

 COOLING
  YESTERDAY       11                         3      8        0
  MONTH TO DATE  125                       142    -17      111
  SINCE JUN 1    421                       394     27      284
  SINCE JAN 1    429                       414     15      338
..................................................................


WIND (MPH)
  HIGHEST WIND SPEED    21   HIGHEST WIND DIRECTION     S (170)
  HIGHEST GUST SPEED    29   HIGHEST GUST DIRECTION     S (180)
  AVERAGE WIND SPEED    13.0


SKY COVER
  POSSIBLE SUNSHINE  MM
  AVERAGE SKY COVER 0.2


WEATHER CONDITIONS
 THE FOLLOWING WEATHER WAS RECORDED YESTERDAY.
  FOG


RELATIVE HUMIDITY (PERCENT)
 HIGHEST   100          1200 AM
 LOWEST     50           300 PM
 AVERAGE    75

..........................................................


THE JAMESTOWN ND CLIMATE NORMALS FOR TODAY
                         NORMAL    RECORD    YEAR
 MAXIMUM TEMPERATURE (F)   77       100      1953
                                             1921
 MINIMUM TEMPERATURE (F)   51        36      1909
                                             1900


SUNRISE AND SUNSET
AUGUST 31 2015........SUNRISE   653 AM CDT   SUNSET   817 PM CDT
SEPTEMBER  1 2015.....SUNRISE   654 AM CDT   SUNSET   815 PM CDT


-  INDICATES NEGATIVE NUMBERS.
R  INDICATES RECORD WAS SET OR TIED.
MM INDICATES DATA IS MISSING.
T  INDICATES TRACE AMOUNT.




$$
