000
CDUS43 KBIS 280726
CLIJMS


CLIMATE REPORT
NATIONAL WEATHER SERVICE BISMARCK ND
225 AM CDT FRI APR 28 2017


...................................

...THE JAMESTOWN ND CLIMATE SUMMARY FOR APRIL 27 2017...

CLIMATE NORMAL PERIOD 1981 TO 2010
CLIMATE RECORD PERIOD 1891 TO 2017


WEATHER ITEM   OBSERVED TIME   RECORD YEAR NORMAL DEPARTURE LAST
                VALUE   (LST)  VALUE       VALUE  FROM      YEAR
                                                  NORMAL
..................................................................
TEMPERATURE (F)
 YESTERDAY
  MAXIMUM         50    457 PM  94    1952  61    -11       52
  MINIMUM         29    649 AM  13    1909  35     -6       39
  AVERAGE         40                        48     -8       46

PRECIPITATION (IN)
  YESTERDAY        0.00          1.16 1942   0.05  -0.05      T
  MONTH TO DATE    1.40                      1.01   0.39     2.57
  SINCE MAR 1      1.48                      1.85  -0.37     2.93
  SINCE JAN 1      1.90                      2.70  -0.80     3.04

DEGREE DAYS
 HEATING
  YESTERDAY       25                        17      8       19
  MONTH TO DATE  585                       628    -43      635
  SINCE MAR 1   1740                      1789    -49     1493
  SINCE JUL 1   7749                      8548   -799     7235

 COOLING
  YESTERDAY        0                         0      0        0
  MONTH TO DATE    0                         0      0        0
  SINCE MAR 1      0                         0      0        0
  SINCE JAN 1      0                         0      0        0
..................................................................


WIND (MPH)
  HIGHEST WIND SPEED    23   HIGHEST WIND DIRECTION     N (350)
  HIGHEST GUST SPEED    31   HIGHEST GUST DIRECTION    NW (330)
  AVERAGE WIND SPEED    12.9


SKY COVER
  POSSIBLE SUNSHINE  MM
  AVERAGE SKY COVER 0.5


WEATHER CONDITIONS
 THE FOLLOWING WEATHER WAS RECORDED YESTERDAY.
  NO SIGNIFICANT WEATHER WAS OBSERVED.


RELATIVE HUMIDITY (PERCENT)
 HIGHEST    92           300 AM
 LOWEST     46           500 PM
 AVERAGE    69

..........................................................


THE JAMESTOWN ND CLIMATE NORMALS FOR TODAY
                         NORMAL    RECORD    YEAR
 MAXIMUM TEMPERATURE (F)   62        92      1952
 MINIMUM TEMPERATURE (F)   35        16      2008


SUNRISE AND SUNSET
APRIL 28 2017.........SUNRISE   624 AM CDT   SUNSET   841 PM CDT
APRIL 29 2017.........SUNRISE   622 AM CDT   SUNSET   843 PM CDT


-  INDICATES NEGATIVE NUMBERS.
R  INDICATES RECORD WAS SET OR TIED.
MM INDICATES DATA IS MISSING.
T  INDICATES TRACE AMOUNT.




$$
