000
CDAK47 PAJK 211134
CLIJNU
AKZ025-212300-
CLIMATE REPORT
NATIONAL WEATHER SERVICE JUNEAU, AK
332 AM AKDT TUE OCT 21 2014


...................................

...THE JUNEAU CLIMATE SUMMARY FOR OCTOBER 20 2014...

CLIMATE NORMAL PERIOD 1981 TO 2010
CLIMATE RECORD PERIOD 1943 TO 2014


WEATHER ITEM   OBSERVED TIME   RECORD YEAR NORMAL DEPARTURE LAST
                VALUE   (LST)  VALUE       VALUE  FROM      YEAR
                                                  NORMAL
..................................................................
TEMPERATURE (F)
 YESTERDAY
  MAXIMUM         48    217 PM  55    2002  46      2       51
  MINIMUM         44   1158 PM  23    1961  37      7       44
  AVERAGE         46                        41      5       48

PRECIPITATION (IN)
  YESTERDAY        0.35          3.47 1998   0.27   0.08     1.05
  MONTH TO DATE    6.23                      5.89   0.34     7.39
  SINCE SEP 1     15.54                     14.53   1.01    14.92
  SINCE JAN 1     59.64                     47.70  11.94    55.83

SNOWFALL (IN)
  YESTERDAY        0.0           T    2004   0.0    0.0      0.0
                                      1970
                                      1966
  MONTH TO DATE    0.0                       0.2   -0.2       T
  SINCE SEP 1      T                         0.2   -0.2       T
  SINCE JUL 1      T                         0.2   -0.2       T
  SNOW DEPTH       0

DEGREE DAYS
 HEATING
  YESTERDAY       19                        24     -5       17
  MONTH TO DATE  388                       414    -26      386
  SINCE SEP 1    779                       863    -84      773
  SINCE JUL 1   1255                      1398   -143     1208

 COOLING
  YESTERDAY        0                         0      0        0
  MONTH TO DATE    0                         0      0        0
  SINCE SEP 1      0                         0      0        0
  SINCE JAN 1      0                         2     -2        9
..................................................................


WIND (MPH)
  HIGHEST WIND SPEED    20   HIGHEST WIND DIRECTION    SE (120)
  HIGHEST GUST SPEED    26   HIGHEST GUST DIRECTION    SE (120)
  AVERAGE WIND SPEED    10.8


SKY COVER
  POSSIBLE SUNSHINE  MM
  AVERAGE SKY COVER 1.0


WEATHER CONDITIONS
 THE FOLLOWING WEATHER WAS RECORDED YESTERDAY.
  RAIN
  LIGHT RAIN
  FOG


RELATIVE HUMIDITY (PERCENT)
 HIGHEST    93           200 AM
 LOWEST     86          1200 AM
 AVERAGE    90

..........................................................


THE JUNEAU CLIMATE NORMALS FOR TODAY
                         NORMAL    RECORD    YEAR
 MAXIMUM TEMPERATURE (F)   45        54      1957
 MINIMUM TEMPERATURE (F)   36        26      1991


SUNRISE AND SUNSET
OCTOBER 21 2014.......SUNRISE   748 AM AKDT  SUNSET   536 PM AKDT
OCTOBER 22 2014.......SUNRISE   751 AM AKDT  SUNSET   534 PM AKDT


-  INDICATES NEGATIVE NUMBERS.
R  INDICATES RECORD WAS SET OR TIED.
MM INDICATES DATA IS MISSING.
T  INDICATES TRACE AMOUNT.




$$


&&
----------------------------
AMOUNT OF DAYLIGHT TODAY  (HOUR:MIN)........ 9:48
GAIN/LOSS SINCE YESTERDAY (HOUR:MIN:SEC)....-0:04:57
