000
CDAK47 PAJK 041311
CLIJNU
AKZ025-050000-
CLIMATE REPORT
NATIONAL WEATHER SERVICE JUNEAU, AK
417 AM AKDT TUE AUG 4 2015
...................................

...THE JUNEAU CLIMATE SUMMARY FOR AUGUST 3 2015...

CLIMATE NORMAL PERIOD 1981 TO 2010
CLIMATE RECORD PERIOD 1936 TO 2015


WEATHER ITEM   OBSERVED TIME   RECORD YEAR NORMAL DEPARTURE LAST
                VALUE   (LST)  VALUE       VALUE  FROM      YEAR
                                                  NORMAL
..................................................................
TEMPERATURE (F)
 TODAY
  MAXIMUM         80R   123 PM  79    1976  64     16       77
  MINIMUM         50    514 AM  38    1975  51     -1       51
  AVERAGE         65                        58      7       64

PRECIPITATION (IN)
  TODAY               T          1.89 1956   0.16  -0.16     0.00
  MONTH TO DATE    0.03                      0.47  -0.44     0.00
  SINCE JUN 1     15.09                      8.31   6.78    15.74
  SINCE JAN 1     42.91                     27.91  15.00    35.66

DEGREE DAYS
 HEATING
  TODAY            0                         8     -8        1
  MONTH TO DATE   12                        22    -10       10
  SINCE JUN 1    474                       588   -114      594
  SINCE JUL 1    240                       273    -33      240

 COOLING
  TODAY            0                         0      0        0
  MONTH TO DATE    0                         0      0        0
  SINCE JUN 1      7                         2      5        0
  SINCE JAN 1      7                         2      5        0
..................................................................


WIND (MPH)
  HIGHEST WIND SPEED    13   HIGHEST WIND DIRECTION    NE (40)
  HIGHEST GUST SPEED    17   HIGHEST GUST DIRECTION    NE (40)
  AVERAGE WIND SPEED     4.2


SKY COVER
  AVERAGE SKY COVER 0.6


WEATHER CONDITIONS
 THE FOLLOWING WEATHER WAS RECORDED YESTERDAY.
  LIGHT RAIN.


RELATIVE HUMIDITY (PERCENT)
 HIGHEST    89           100 AM
 LOWEST     30           200 PM
 AVERAGE    60

..........................................................


THE JUNEAU CLIMATE NORMALS FOR TODAY
                         NORMAL    RECORD    YEAR
 MAXIMUM TEMPERATURE (F)   64        80      1999
 MINIMUM TEMPERATURE (F)   51        39      1965


SUNRISE AND SUNSET
AUGUST  4 2015........SUNRISE   456 AM AKDT  SUNSET   912 PM AKDT
AUGUST  5 2015........SUNRISE   458 AM AKDT  SUNSET   909 PM AKDT

-  INDICATES NEGATIVE NUMBERS.
R  INDICATES RECORD WAS SET OR TIED.
MM INDICATES DATA IS MISSING.
T  INDICATES TRACE AMOUNT.




$$


&&
----------------------------
AMOUNT OF DAYLIGHT TODAY  (HOUR:MIN)........16:16
GAIN/LOSS SINCE YESTERDAY (HOUR:MIN:SEC)....-0:04:29
