000
CDAK47 PAJK 021400
CLIJNU
AKZ025-030100-
CLIMATE REPORT
NATIONAL WEATHER SERVICE JUNEAU, AK
459 AM AKST MON MAR 2 2015

...................................

...THE JUNEAU CLIMATE SUMMARY FOR MARCH 1 2015...

CLIMATE NORMAL PERIOD 1981 TO 2010
CLIMATE RECORD PERIOD 1943 TO 2015

WEATHER ITEM   OBSERVED TIME   RECORD YEAR NORMAL DEPARTURE LAST
                VALUE   (LST)  VALUE       VALUE  FROM      YEAR
                                                  NORMAL
..................................................................
TEMPERATURE (F)
 YESTERDAY
  MAXIMUM         45    313 PM  48    1968  37      8       35
  MINIMUM         26   1156 PM  -6    1972  26      0       26
  AVERAGE         36                        31      5       31

PRECIPITATION (IN)
  YESTERDAY        0.01          0.73 2003   0.14  -0.13     0.00
  MONTH TO DATE    0.01                      0.14  -0.13     0.00
  SINCE MAR 1      0.01                      0.14  -0.13     0.00
  SINCE JAN 1     15.61                      9.62   5.99    12.13

SNOWFALL (IN)
  YESTERDAY        T             6.1  1986   0.5   -0.5      0.0
  MONTH TO DATE    T                         0.5   -0.5      0.0
  SINCE MAR 1      T                         0.5   -0.5      0.0
  SINCE JUL 1     38.7                      74.5  -35.8     90.8
  SNOW DEPTH       0

DEGREE DAYS
 HEATING
  YESTERDAY       29                        34     -5       34
  MONTH TO DATE   29                        34     -5       34
  SINCE MAR 1     29                        34     -5       34
  SINCE JUL 1   5250                      5871   -621     5675
..................................................................

WIND (MPH)
  HIGHEST WIND SPEED    12   HIGHEST WIND DIRECTION    SW (240)
  HIGHEST GUST SPEED    14   HIGHEST GUST DIRECTION    NE (50)
  AVERAGE WIND SPEED     4.4

SKY COVER
  POSSIBLE SUNSHINE  MM
  AVERAGE SKY COVER 0.5

WEATHER CONDITIONS
 THE FOLLOWING WEATHER WAS RECORDED YESTERDAY.
  LIGHT RAIN
  SNOW
  FOG

RELATIVE HUMIDITY (PERCENT)
 HIGHEST   100           600 AM
 LOWEST     57           500 PM
 AVERAGE    79
..........................................................

THE JUNEAU CLIMATE NORMALS FOR TODAY
                         NORMAL    RECORD    YEAR
 MAXIMUM TEMPERATURE (F)   37        48      1996
 MINIMUM TEMPERATURE (F)   26        -9      1955

SUNRISE AND SUNSET
MARCH  2 2015.........SUNRISE   651 AM AKST  SUNSET   531 PM AKST
MARCH  3 2015.........SUNRISE   648 AM AKST  SUNSET   533 PM AKST

-  INDICATES NEGATIVE NUMBERS.
R  INDICATES RECORD WAS SET OR TIED.
MM INDICATES DATA IS MISSING.
T  INDICATES TRACE AMOUNT.

$$
&&
----------------------------
AMOUNT OF DAYLIGHT TODAY  (HOUR:MIN)........10:40
GAIN/LOSS SINCE YESTERDAY (HOUR:MIN:SEC)....+0:05:06
