000
CDUS41 KCTP 100630
CLIJST


CLIMATE REPORT
NATIONAL WEATHER SERVICE STATE COLLEGE PA
129 AM EST WED FEB 10 2016


...................................

...THE JOHNSTOWN CLIMATE SUMMARY FOR FEBRUARY 9 2016...

CLIMATE NORMAL PERIOD 1981 TO 2010
CLIMATE RECORD PERIOD 2000 TO 2016


WEATHER ITEM   OBSERVED TIME   RECORD YEAR NORMAL DEPARTURE LAST
                VALUE   (LST)  VALUE       VALUE  FROM      YEAR
                                                  NORMAL
..................................................................
TEMPERATURE (F)
 YESTERDAY
  MAXIMUM         31   1216 AM  64    1925  33     -2       43
  MINIMUM         20   1159 PM -12    1934  19      1       26
  AVERAGE         26                        26      0       35

PRECIPITATION (IN)
  YESTERDAY        0.05          0.70 1894   0.09  -0.04     0.28
  MONTH TO DATE    0.60                      0.76  -0.16     1.20
  SINCE DEC 1      5.20                      6.21  -1.01     5.45
  SINCE JAN 1      1.47                      3.64  -2.17     3.12

DEGREE DAYS
 HEATING
  YESTERDAY       39                        39      0       30
  MONTH TO DATE  271                       356    -85      350
  SINCE DEC 1   2205                      2715   -510     2669
  SINCE JUL 1   3323                      4173   -850     4180

 COOLING
  YESTERDAY        0                         0      0        0
  MONTH TO DATE    0                         0      0        0
  SINCE DEC 1      0                         0      0        0
  SINCE JAN 1      0                         0      0        0
..................................................................


WIND (MPH)
  HIGHEST WIND SPEED    21   HIGHEST WIND DIRECTION     W (250)
  HIGHEST GUST SPEED    26   HIGHEST GUST DIRECTION     W (250)
  AVERAGE WIND SPEED     8.8


SKY COVER
  POSSIBLE SUNSHINE  MM
  AVERAGE SKY COVER 1.0


WEATHER CONDITIONS
 THE FOLLOWING WEATHER WAS RECORDED YESTERDAY.
  HEAVY SNOW
  SNOW
  LIGHT SNOW
  FOG
  FOG W/VISIBILITY <= 1/4 MILE
  HAZE


RELATIVE HUMIDITY (PERCENT)
 HIGHEST    85          1200 AM
 LOWEST     74           200 PM
 AVERAGE    80

..........................................................


THE JOHNSTOWN CLIMATE NORMALS FOR TODAY
                         NORMAL    RECORD    YEAR
 MAXIMUM TEMPERATURE (F)   33        65      1925
 MINIMUM TEMPERATURE (F)   19       -17      1899


SUNRISE AND SUNSET
FEBRUARY 10 2016......SUNRISE   715 AM EST   SUNSET   544 PM EST
FEBRUARY 11 2016......SUNRISE   714 AM EST   SUNSET   545 PM EST


-  INDICATES NEGATIVE NUMBERS.
R  INDICATES RECORD WAS SET OR TIED.
MM INDICATES DATA IS MISSING.
T  INDICATES TRACE AMOUNT.




$$
