000
CDUS41 KCTP 200619
CLIJST


CLIMATE REPORT
NATIONAL WEATHER SERVICE STATE COLLEGE PA
219 AM EDT SUN AUG 20 2017


...................................

...THE JOHNSTOWN CLIMATE SUMMARY FOR AUGUST 19 2017...

CLIMATE NORMAL PERIOD 1981 TO 2010
CLIMATE RECORD PERIOD 1892 TO 2017


WEATHER ITEM   OBSERVED TIME   RECORD YEAR NORMAL DEPARTURE LAST
                VALUE   (LST)  VALUE       VALUE  FROM      YEAR
                                                  NORMAL
..................................................................
TEMPERATURE (F)
 YESTERDAY
  MAXIMUM         79    408 PM  96    1914  76      3       83
  MINIMUM         59   1029 PM  44    1915  60     -1       61
  AVERAGE         69                        68      1       72

PRECIPITATION (IN)
  YESTERDAY        0.33          2.64 1906   0.13   0.20     0.00
  MONTH TO DATE    1.90                      2.43  -0.53     2.70
  SINCE JUN 1     14.00                      6.28   7.72    11.90
  SINCE JAN 1     33.89                     22.92  10.97    22.70

DEGREE DAYS
 HEATING
  YESTERDAY        0                         1     -1        0
  MONTH TO DATE   10                        15     -5        0
  SINCE JUN 1     73                       102    -29       54
  SINCE JUL 1     14                        28    -14       11

 COOLING
  YESTERDAY        4                         4      0        7
  MONTH TO DATE   73                        83    -10      165
  SINCE JUN 1    350                       308     42      491
  SINCE JAN 1    379                       326     53      529
..................................................................


WIND (MPH)
  HIGHEST WIND SPEED    32   HIGHEST WIND DIRECTION    NW (330)
  HIGHEST GUST SPEED    43   HIGHEST GUST DIRECTION     N (340)
  AVERAGE WIND SPEED     8.6


SKY COVER
  POSSIBLE SUNSHINE  MM
  AVERAGE SKY COVER 0.3


WEATHER CONDITIONS
 THE FOLLOWING WEATHER WAS RECORDED YESTERDAY.
  THUNDERSTORM
  HEAVY RAIN
  RAIN
  LIGHT RAIN
  FOG


RELATIVE HUMIDITY (PERCENT)
 HIGHEST    93           400 AM
 LOWEST     54           300 PM
 AVERAGE    74

..........................................................


THE JOHNSTOWN CLIMATE NORMALS FOR TODAY
                         NORMAL    RECORD    YEAR
 MAXIMUM TEMPERATURE (F)   76        98      1983
 MINIMUM TEMPERATURE (F)   59        44      1929


SUNRISE AND SUNSET
AUGUST 20 2017........SUNRISE   631 AM EDT   SUNSET   805 PM EDT
AUGUST 21 2017........SUNRISE   632 AM EDT   SUNSET   804 PM EDT


-  INDICATES NEGATIVE NUMBERS.
R  INDICATES RECORD WAS SET OR TIED.
MM INDICATES DATA IS MISSING.
T  INDICATES TRACE AMOUNT.




$$
