000
CDUS41 KCTP 280628
CLIJST


CLIMATE REPORT
NATIONAL WEATHER SERVICE STATE COLLEGE PA
128 AM EST FRI NOV 28 2014


...................................

...THE JOHNSTOWN CLIMATE SUMMARY FOR NOVEMBER 27 2014...

CLIMATE NORMAL PERIOD 1981 TO 2010
CLIMATE RECORD PERIOD 2000 TO 2014


WEATHER ITEM   OBSERVED TIME   RECORD YEAR NORMAL DEPARTURE LAST
                VALUE   (LST)  VALUE       VALUE  FROM      YEAR
                                                  NORMAL
..................................................................
TEMPERATURE (F)
 YESTERDAY
  MAXIMUM         29    422 PM  76    1990  40    -11       32
  MINIMUM         24   1159 PM  10    1932  29     -5       17
  AVERAGE         27                        35     -8       25

PRECIPITATION (IN)
  YESTERDAY        0.06          1.43 1978   0.13  -0.07     0.02
  MONTH TO DATE    1.60                      3.30  -1.70     2.34
  SINCE SEP 1      5.71                      6.36  -0.65     9.04
  SINCE JAN 1     31.61                     30.65   0.96    33.99

DEGREE DAYS
 HEATING
  YESTERDAY       38                        30      8       40
  MONTH TO DATE  775                       670    105      790
  SINCE SEP 1   1330                      1325      5     1428
  SINCE JUL 1   1413                      1363     50     1499

 COOLING
  YESTERDAY        0                         0      0        0
  MONTH TO DATE    0                         0      0        0
  SINCE SEP 1     46                        22     24       47
  SINCE JAN 1    341                       382    -41      393
..................................................................


WIND (MPH)
  HIGHEST WIND SPEED    22   HIGHEST WIND DIRECTION    NW (310)
  HIGHEST GUST SPEED    30   HIGHEST GUST DIRECTION     W (290)
  AVERAGE WIND SPEED     9.3


SKY COVER
  POSSIBLE SUNSHINE  MM
  AVERAGE SKY COVER 1.0


WEATHER CONDITIONS
 THE FOLLOWING WEATHER WAS RECORDED YESTERDAY.
  LT FREEZING RAIN
  HEAVY SNOW
  SNOW
  LIGHT SNOW
  FOG
  FOG W/VISIBILITY <= 1/4 MILE


RELATIVE HUMIDITY (PERCENT)
 HIGHEST   100          1200 AM
 LOWEST     85          1100 AM
 AVERAGE    93

..........................................................


THE JOHNSTOWN CLIMATE NORMALS FOR TODAY
                         NORMAL    RECORD    YEAR
 MAXIMUM TEMPERATURE (F)   40        77      1990
 MINIMUM TEMPERATURE (F)   28         9      1930


SUNRISE AND SUNSET
NOVEMBER 28 2014......SUNRISE   716 AM EST   SUNSET   451 PM EST
NOVEMBER 29 2014......SUNRISE   717 AM EST   SUNSET   450 PM EST


-  INDICATES NEGATIVE NUMBERS.
R  INDICATES RECORD WAS SET OR TIED.
MM INDICATES DATA IS MISSING.
T  INDICATES TRACE AMOUNT.




$$
