000
CDUS41 KCTP 230613
CLIJST


CLIMATE REPORT
NATIONAL WEATHER SERVICE STATE COLLEGE PA
212 AM EDT SAT MAY 23 2015


...................................

...THE JOHNSTOWN CLIMATE SUMMARY FOR MAY 22 2015...

CLIMATE NORMAL PERIOD 1981 TO 2010
CLIMATE RECORD PERIOD 2000 TO 2015


WEATHER ITEM   OBSERVED TIME   RECORD YEAR NORMAL DEPARTURE LAST
                VALUE   (LST)  VALUE       VALUE  FROM      YEAR
                                                  NORMAL
..................................................................
TEMPERATURE (F)
 YESTERDAY
  MAXIMUM         62    427 PM  96    1911  67     -5       73
  MINIMUM         40    151 AM  30    1895  49     -9       50
  AVERAGE         51                        58     -7       62

PRECIPITATION (IN)
  YESTERDAY        0.02          0.96 1975   0.17  -0.15     0.21
  MONTH TO DATE    2.00                      3.07  -1.07     3.17
  SINCE MAR 1     10.46                      9.95   0.51     8.91
  SINCE JAN 1     13.86                     15.18  -1.32    12.95

DEGREE DAYS
 HEATING
  YESTERDAY       14                         8      6        3
  MONTH TO DATE  115                       219   -104      216
  SINCE MAR 1   1571                      1670    -99     1846
  SINCE JUL 1   6760                      6550    210     7174

 COOLING
  YESTERDAY        0                         1     -1        0
  MONTH TO DATE   43                         9     34       15
  SINCE MAR 1     43                        14     29       19
  SINCE JAN 1     43                        14     29       19
..................................................................


WIND (MPH)
  HIGHEST WIND SPEED    28   HIGHEST WIND DIRECTION    NW (300)
  HIGHEST GUST SPEED    37   HIGHEST GUST DIRECTION    NW (300)
  AVERAGE WIND SPEED    12.4


SKY COVER
  POSSIBLE SUNSHINE  MM
  AVERAGE SKY COVER 0.3


WEATHER CONDITIONS
 THE FOLLOWING WEATHER WAS RECORDED YESTERDAY.
  LIGHT RAIN


RELATIVE HUMIDITY (PERCENT)
 HIGHEST    96          1200 AM
 LOWEST     25           600 PM
 AVERAGE    61

..........................................................


THE JOHNSTOWN CLIMATE NORMALS FOR TODAY
                         NORMAL    RECORD    YEAR
 MAXIMUM TEMPERATURE (F)   68        93      1925
 MINIMUM TEMPERATURE (F)   49        32      2006


SUNRISE AND SUNSET
MAY 23 2015...........SUNRISE   553 AM EDT   SUNSET   832 PM EDT
MAY 24 2015...........SUNRISE   552 AM EDT   SUNSET   833 PM EDT


-  INDICATES NEGATIVE NUMBERS.
R  INDICATES RECORD WAS SET OR TIED.
MM INDICATES DATA IS MISSING.
T  INDICATES TRACE AMOUNT.




$$
