000
CDUS41 KCTP 020638
CLIJST


CLIMATE REPORT
NATIONAL WEATHER SERVICE STATE COLLEGE PA
238 AM EDT SUN AUG 2 2015


...................................

...THE JOHNSTOWN CLIMATE SUMMARY FOR AUGUST 1 2015...

CLIMATE NORMAL PERIOD 1981 TO 2010
CLIMATE RECORD PERIOD 2000 TO 2015


WEATHER ITEM   OBSERVED TIME   RECORD YEAR NORMAL DEPARTURE LAST
                VALUE   (LST)  VALUE       VALUE  FROM      YEAR
                                                  NORMAL
..................................................................
TEMPERATURE (F)
 YESTERDAY
  MAXIMUM         78    308 PM  99    1975  78      0       75
  MINIMUM         64    535 AM  45    1918  60      4       57
  AVERAGE         71                        69      2       66

PRECIPITATION (IN)
  YESTERDAY        T             2.04 1916   0.11  -0.11     0.00
  MONTH TO DATE    T                         0.11  -0.11     0.00
  SINCE JUN 1     16.55                      3.96  12.59     8.33
  SINCE JAN 1     30.95                     20.60  10.35    21.89

DEGREE DAYS
 HEATING
  YESTERDAY        0                         0      0        0
  MONTH TO DATE    0                         0      0        0
  SINCE JUN 1     68                        87    -19       89
  SINCE JUL 1      7                        13     -6       49

 COOLING
  YESTERDAY        6                         5      1        1
  MONTH TO DATE    6                         5      1        1
  SINCE JUN 1    252                       230     22      193
  SINCE JAN 1    336                       248     88      219
..................................................................


WIND (MPH)
  HIGHEST WIND SPEED    16   HIGHEST WIND DIRECTION     W (260)
  HIGHEST GUST SPEED    21   HIGHEST GUST DIRECTION    SW (230)
  AVERAGE WIND SPEED     8.4


SKY COVER
  POSSIBLE SUNSHINE  MM
  AVERAGE SKY COVER 0.7


WEATHER CONDITIONS
 THE FOLLOWING WEATHER WAS RECORDED YESTERDAY.
  NO SIGNIFICANT WEATHER WAS OBSERVED.


RELATIVE HUMIDITY (PERCENT)
 HIGHEST    78           200 AM
 LOWEST     39           300 PM
 AVERAGE    59

..........................................................


THE JOHNSTOWN CLIMATE NORMALS FOR TODAY
                         NORMAL    RECORD    YEAR
 MAXIMUM TEMPERATURE (F)   78       100      1975
 MINIMUM TEMPERATURE (F)   60        48      1920


SUNRISE AND SUNSET
AUGUST  2 2015........SUNRISE   614 AM EDT   SUNSET   829 PM EDT
AUGUST  3 2015........SUNRISE   615 AM EDT   SUNSET   828 PM EDT


-  INDICATES NEGATIVE NUMBERS.
R  INDICATES RECORD WAS SET OR TIED.
MM INDICATES DATA IS MISSING.
T  INDICATES TRACE AMOUNT.




$$
