000
CDUS41 KCTP 272127
CLIJST


CLIMATE REPORT
NATIONAL WEATHER SERVICE STATE COLLEGE PA
526 PM EDT TUE JUN 27 2017


...................................

...THE JOHNSTOWN CLIMATE SUMMARY FOR JUNE 27 2017...
VALID TODAY AS OF 0500 PM LOCAL TIME.

CLIMATE NORMAL PERIOD 1981 TO 2010
CLIMATE RECORD PERIOD 1892 TO 2017


WEATHER ITEM   OBSERVED TIME   RECORD YEAR NORMAL DEPARTURE LAST
                VALUE   (LST)  VALUE       VALUE  FROM      YEAR
                                                  NORMAL
..................................................................
TEMPERATURE (F)
 TODAY
  MAXIMUM         65   1217 PM  99    1952  77    -12       81
  MINIMUM         51    534 AM  42    1970  59     -8       65
  AVERAGE         58                        68    -10       73

PRECIPITATION (IN)
  TODAY            0.03          2.12 2013   0.13  -0.10      T
  MONTH TO DATE    7.76                      3.72   4.04     4.68
  SINCE JUN 1      7.76                      3.72   4.04     4.68
  SINCE JAN 1     27.65                     20.36   7.29    15.48

DEGREE DAYS
 HEATING
  TODAY            7                         1      6        0
  MONTH TO DATE   55                        76    -21       38
  SINCE JUN 1     55                        76    -21       38
  SINCE JUL 1   5518                      6685  -1167     5525

 COOLING
  TODAY            0                         4     -4        8
  MONTH TO DATE   95                        63     32       89
  SINCE JUN 1     95                        63     32       89
  SINCE JAN 1    124                        87     37      127
..................................................................


WIND (MPH)
  HIGHEST WIND SPEED    20   HIGHEST WIND DIRECTION     W (260)
  HIGHEST GUST SPEED    26   HIGHEST GUST DIRECTION     W (280)
  AVERAGE WIND SPEED    10.5


SKY COVER
  POSSIBLE SUNSHINE  MM
  AVERAGE SKY COVER 0.6


WEATHER CONDITIONS
 THE FOLLOWING WEATHER WAS RECORDED TODAY.
  LIGHT RAIN


RELATIVE HUMIDITY (PERCENT)
 HIGHEST    96           500 AM
 LOWEST     52           100 PM
 AVERAGE    74

..........................................................


THE JOHNSTOWN CLIMATE NORMALS FOR TOMORROW
                         NORMAL    RECORD    YEAR
 MAXIMUM TEMPERATURE (F)   77        97      1969
 MINIMUM TEMPERATURE (F)   59        46      1897


SUNRISE AND SUNSET
JUNE 27 2017..........SUNRISE   548 AM EDT   SUNSET   849 PM EDT
JUNE 28 2017..........SUNRISE   548 AM EDT   SUNSET   849 PM EDT


-  INDICATES NEGATIVE NUMBERS.
R  INDICATES RECORD WAS SET OR TIED.
MM INDICATES DATA IS MISSING.
T  INDICATES TRACE AMOUNT.




$$
