000
CDUS41 KCTP 020613
CLIJST


CLIMATE REPORT
NATIONAL WEATHER SERVICE STATE COLLEGE PA
213 AM EDT MON MAY 2 2016


...................................

...THE JOHNSTOWN CLIMATE SUMMARY FOR MAY 1 2016...

CLIMATE NORMAL PERIOD 1981 TO 2010
CLIMATE RECORD PERIOD 1892 TO 2016


WEATHER ITEM   OBSERVED TIME   RECORD YEAR NORMAL DEPARTURE LAST
                VALUE   (LST)  VALUE       VALUE  FROM      YEAR
                                                  NORMAL
..................................................................
TEMPERATURE (F)
 YESTERDAY
  MAXIMUM         68    143 PM  92    1899  63      5       64
  MINIMUM         47    115 AM  30    1963  43      4       46
  AVERAGE         58                        53      5       55

PRECIPITATION (IN)
  YESTERDAY        0.47          1.33 1983   0.11   0.36     0.06
  MONTH TO DATE    0.47                      0.11   0.36     0.06
  SINCE MAR 1      4.27                      6.99  -2.72     8.52
  SINCE JAN 1      7.12                     12.22  -5.10    11.92

DEGREE DAYS
 HEATING
  YESTERDAY        7                        13     -6       10
  MONTH TO DATE    7                        13     -6       10
  SINCE MAR 1   1153                      1464   -311     1466
  SINCE JUL 1   5216                      6344  -1128     6655

 COOLING
  YESTERDAY        0                         0      0        0
  MONTH TO DATE    0                         0      0        0
  SINCE MAR 1      0                         5     -5        0
  SINCE JAN 1      0                         5     -5        0
..................................................................


WIND (MPH)
  HIGHEST WIND SPEED    17   HIGHEST WIND DIRECTION    SE (150)
  HIGHEST GUST SPEED    21   HIGHEST GUST DIRECTION     S (160)
  AVERAGE WIND SPEED     7.8


SKY COVER
  POSSIBLE SUNSHINE  MM
  AVERAGE SKY COVER 0.8


WEATHER CONDITIONS
 THE FOLLOWING WEATHER WAS RECORDED YESTERDAY.
  HEAVY RAIN
  RAIN
  LIGHT RAIN
  FOG
  HAZE


RELATIVE HUMIDITY (PERCENT)
 HIGHEST    93          1200 AM
 LOWEST     58           200 PM
 AVERAGE    76

..........................................................


THE JOHNSTOWN CLIMATE NORMALS FOR TODAY
                         NORMAL    RECORD    YEAR
 MAXIMUM TEMPERATURE (F)   63        90      1926
 MINIMUM TEMPERATURE (F)   43        28      1903


SUNRISE AND SUNSET
MAY  2 2016...........SUNRISE   613 AM EDT   SUNSET   812 PM EDT
MAY  3 2016...........SUNRISE   612 AM EDT   SUNSET   813 PM EDT


-  INDICATES NEGATIVE NUMBERS.
R  INDICATES RECORD WAS SET OR TIED.
MM INDICATES DATA IS MISSING.
T  INDICATES TRACE AMOUNT.




$$
