000
CDUS41 KCTP 030623
CLIJST


CLIMATE REPORT
NATIONAL WEATHER SERVICE STATE COLLEGE PA
123 AM EST TUE MAR 3 2015


...................................

...THE JOHNSTOWN CLIMATE SUMMARY FOR MARCH 2 2015...

CLIMATE NORMAL PERIOD 1981 TO 2010
CLIMATE RECORD PERIOD 2000 TO 2015


WEATHER ITEM   OBSERVED TIME   RECORD YEAR NORMAL DEPARTURE LAST
                VALUE   (LST)  VALUE       VALUE  FROM      YEAR
                                                  NORMAL
..................................................................
TEMPERATURE (F)
 YESTERDAY
  MAXIMUM         33   1238 AM  73    1972  38     -5       39
  MINIMUM         16   1133 PM   1    1980  23     -7       14
  AVERAGE         25                        31     -6       27

PRECIPITATION (IN)
  YESTERDAY        0.11          0.75 1930   0.08   0.03     0.07
  MONTH TO DATE    0.45                      0.15   0.30     0.07
  SINCE MAR 1      0.45                      0.15   0.30     0.07
  SINCE JAN 1      3.85                      5.38  -1.53     4.11

DEGREE DAYS
 HEATING
  YESTERDAY       40                        34      6       38
  MONTH TO DATE   79                        69     10       76
  SINCE MAR 1     79                        69     10       76
  SINCE JUL 1   5268                      4948    320     5404

 COOLING
  YESTERDAY        0                         0      0        0
  MONTH TO DATE    0                         0      0        0
  SINCE MAR 1      0                         0      0        0
  SINCE JAN 1      0                         0      0        0
..................................................................


WIND (MPH)
  HIGHEST WIND SPEED    30   HIGHEST WIND DIRECTION     W (290)
  HIGHEST GUST SPEED    38   HIGHEST GUST DIRECTION     W (280)
  AVERAGE WIND SPEED    13.9


SKY COVER
  POSSIBLE SUNSHINE  MM
  AVERAGE SKY COVER 0.7


WEATHER CONDITIONS
 THE FOLLOWING WEATHER WAS RECORDED YESTERDAY.
  LT FREEZING RAIN
  LIGHT SNOW
  FOG
  FOG W/VISIBILITY <= 1/4 MILE
  HAZE


RELATIVE HUMIDITY (PERCENT)
 HIGHEST   100           400 AM
 LOWEST     62           600 PM
 AVERAGE    81

..........................................................


THE JOHNSTOWN CLIMATE NORMALS FOR TODAY
                         NORMAL    RECORD    YEAR
 MAXIMUM TEMPERATURE (F)   38        70      1991
 MINIMUM TEMPERATURE (F)   24        -1      2003


SUNRISE AND SUNSET
MARCH  3 2015.........SUNRISE   646 AM EST   SUNSET   609 PM EST
MARCH  4 2015.........SUNRISE   645 AM EST   SUNSET   610 PM EST


-  INDICATES NEGATIVE NUMBERS.
R  INDICATES RECORD WAS SET OR TIED.
MM INDICATES DATA IS MISSING.
T  INDICATES TRACE AMOUNT.




$$
