000
CDUS43 KGRR 281351
CLIJXN


CLIMATE REPORT
NATIONAL WEATHER SERVICE GRAND RAPIDS, MI
950 AM EDT WED JUN 28 2017


...................................

...THE JACKSON MI CLIMATE SUMMARY FOR JUNE 28 2017...
VALID AS OF 0900 AM LOCAL TIME.

CLIMATE NORMAL PERIOD 1981 TO 2010
CLIMATE RECORD PERIOD 1944 TO 9999


WEATHER ITEM   OBSERVED TIME   NORMAL DEPARTURE LAST
                VALUE   (LST)  VALUE  FROM      YEAR
                                      NORMAL
......................................................
TEMPERATURE (F)
 TODAY
  MAXIMUM         66    759 AM  82    -16       67
  MINIMUM         50    532 AM  59     -9       53
  AVERAGE         58            70    -12       60

PRECIPITATION (IN)
  TODAY            0.00          0.11  -0.11     0.00
  MONTH TO DATE    0.92          3.06  -2.14     1.03
  SINCE JUN 1      0.92          3.06  -2.14     1.03
  SINCE JAN 1     18.89         13.66   5.23    10.53

DEGREE DAYS
 HEATING
  TODAY            7             1      6        5
  MONTH TO DATE   37            54    -17       28
  SINCE JUN 1     37            54    -17       28
  SINCE JUL 1   5565          6656  -1091     5668

 COOLING
  TODAY            0             6     -6        0
  MONTH TO DATE  143           114     29      151
  SINCE JUN 1    143           114     29      151
  SINCE JAN 1    179           151     28      204
......................................................


WIND (MPH)
  RESULTANT WIND SPEED   5   RESULTANT WIND DIRECTION  SW (230)
  HIGHEST WIND SPEED    12   HIGHEST WIND DIRECTION    SW (210)
  HIGHEST GUST SPEED    16   HIGHEST GUST DIRECTION    SW (210)
  AVERAGE WIND SPEED     5.5


SKY COVER
  AVERAGE SKY COVER 0.0


WEATHER CONDITIONS
 THE FOLLOWING WEATHER WAS RECORDED TODAY.
  NO SIGNIFICANT WEATHER WAS OBSERVED.


RELATIVE HUMIDITY (PERCENT)
 HIGHEST    86           200 AM
 LOWEST     56           800 AM
 AVERAGE    71

..........................................................


THE JACKSON MI CLIMATE NORMALS FOR TOMORROW
                         NORMAL
 MAXIMUM TEMPERATURE (F)   82
 MINIMUM TEMPERATURE (F)   59


SUNRISE AND SUNSET
JUNE 28 2017..........SUNRISE   604 AM EDT   SUNSET   918 PM EDT
JUNE 29 2017..........SUNRISE   604 AM EDT   SUNSET   918 PM EDT


-  INDICATES NEGATIVE NUMBERS.
R  INDICATES RECORD WAS SET OR TIED.
MM INDICATES DATA IS MISSING.
T  INDICATES TRACE AMOUNT.




$$

jam
