000
CDUS43 KGRR 242226
CLIJXN


CLIMATE REPORT
NATIONAL WEATHER SERVICE GRAND RAPIDS, MI
526 PM EST TUE JAN 24 2017


...................................

...THE JACKSON MI CLIMATE SUMMARY FOR JANUARY 24 2017...
VALID TODAY AS OF 0500 PM LOCAL TIME.

CLIMATE NORMAL PERIOD 1981 TO 2010
CLIMATE RECORD PERIOD 1944 TO 9999


WEATHER ITEM   OBSERVED TIME   NORMAL DEPARTURE LAST
                VALUE   (LST)  VALUE  FROM      YEAR
                                      NORMAL
......................................................
TEMPERATURE (F)
 TODAY
  MAXIMUM         40   1234 PM  31      9       34
  MINIMUM         37    153 PM  16     21       15
  AVERAGE         39            23     16       25

PRECIPITATION (IN)
  TODAY            T             0.04  -0.04     0.00
  MONTH TO DATE    2.30          1.22   1.08     0.65
  SINCE DEC 1      3.18          3.09   0.09     2.96
  SINCE JAN 1      2.30          1.22   1.08     0.65

DEGREE DAYS
 HEATING
  TODAY           26            42    -16       40
  MONTH TO DATE  831           997   -166      982
  SINCE DEC 1   1996          2141   -145     1754
  SINCE JUL 1   2966          3545   -579     2875

 COOLING
  TODAY            0             0      0        0
  MONTH TO DATE    0             0      0        0
  SINCE DEC 1      0             0      0        0
  SINCE JAN 1      0             0      0        0
......................................................


WIND (MPH)
  RESULTANT WIND SPEED  10   RESULTANT WIND DIRECTION  NW (300)
  HIGHEST WIND SPEED    18   HIGHEST WIND DIRECTION    NW (300)
  HIGHEST GUST SPEED    22   HIGHEST GUST DIRECTION    NW (300)
  AVERAGE WIND SPEED    10.0


SKY COVER
  AVERAGE SKY COVER 0.8


WEATHER CONDITIONS
 THE FOLLOWING WEATHER WAS RECORDED TODAY.
  LIGHT RAIN
  FOG


RELATIVE HUMIDITY (PERCENT)
 HIGHEST    92           300 AM
 LOWEST     85          1100 AM
 AVERAGE    89

..........................................................


THE JACKSON MI CLIMATE NORMALS FOR TOMORROW
                         NORMAL
 MAXIMUM TEMPERATURE (F)   31
 MINIMUM TEMPERATURE (F)   16


SUNRISE AND SUNSET
JANUARY 24 2017.......SUNRISE   758 AM EST   SUNSET   542 PM EST
JANUARY 25 2017.......SUNRISE   757 AM EST   SUNSET   543 PM EST


-  INDICATES NEGATIVE NUMBERS.
R  INDICATES RECORD WAS SET OR TIED.
MM INDICATES DATA IS MISSING.
T  INDICATES TRACE AMOUNT.




$$
