000
CDUS43 KGRR 280520
CLIJXN


CLIMATE REPORT
NATIONAL WEATHER SERVICE GRAND RAPIDS, MI
120 AM EDT THU MAY 28 2015


...................................

...THE JACKSON MI CLIMATE SUMMARY FOR MAY 27 2015...

CLIMATE NORMAL PERIOD 1981 TO 2010
CLIMATE RECORD PERIOD 1944 TO 9999


WEATHER ITEM   OBSERVED TIME   NORMAL DEPARTURE LAST
                VALUE   (LST)  VALUE  FROM      YEAR
                                      NORMAL
......................................................
TEMPERATURE (F)
 YESTERDAY
  MAXIMUM         79   1255 PM  73      6       81
  MINIMUM         58   1146 PM  50      8       65
  AVERAGE         69            61      8       73

PRECIPITATION (IN)
  YESTERDAY        0.28          0.11   0.17     0.02
  MONTH TO DATE    3.06          2.87   0.19     4.12
  SINCE MAR 1      6.13          7.38  -1.25     8.05
  SINCE JAN 1      8.21         10.16  -1.95    12.33

DEGREE DAYS
 HEATING
  YESTERDAY        0             5     -5        0
  MONTH TO DATE  138           238   -100      236
  SINCE MAR 1   1642          1670    -28     1937
  SINCE JUL 1   7146          6584    562     7501

 COOLING
  YESTERDAY        4             2      2        8
  MONTH TO DATE   49            24     25       30
  SINCE MAR 1     49            30     19       30
  SINCE JAN 1     49            30     19       30
......................................................


WIND (MPH)
  RESULTANT WIND SPEED  11   RESULTANT WIND DIRECTION  SW (230)
  HIGHEST WIND SPEED    25   HIGHEST WIND DIRECTION    SW (240)
  HIGHEST GUST SPEED    37   HIGHEST GUST DIRECTION    SW (210)
  AVERAGE WIND SPEED    12.1


SKY COVER
  AVERAGE SKY COVER 0.3


WEATHER CONDITIONS
 THE FOLLOWING WEATHER WAS RECORDED YESTERDAY.
  THUNDERSTORM
  RAIN
  LIGHT RAIN
  FOG


RELATIVE HUMIDITY (PERCENT)
 HIGHEST    93           300 PM
 LOWEST     54           100 PM
 AVERAGE    74

..........................................................


THE JACKSON MI CLIMATE NORMALS FOR TODAY
                         NORMAL
 MAXIMUM TEMPERATURE (F)   73
 MINIMUM TEMPERATURE (F)   50


SUNRISE AND SUNSET
MAY 28 2015...........SUNRISE   606 AM EDT   SUNSET   904 PM EDT
MAY 29 2015...........SUNRISE   606 AM EDT   SUNSET   905 PM EDT


-  INDICATES NEGATIVE NUMBERS.
R  INDICATES RECORD WAS SET OR TIED.
MM INDICATES DATA IS MISSING.
T  INDICATES TRACE AMOUNT.




$$
