000
CDUS43 KGRR 230520
CLIJXN


CLIMATE REPORT
NATIONAL WEATHER SERVICE GRAND RAPIDS, MI
119 AM EDT TUE SEP 23 2014


...................................

...THE JACKSON MI CLIMATE SUMMARY FOR SEPTEMBER 22 2014...

CLIMATE NORMAL PERIOD 1981 TO 2010
CLIMATE RECORD PERIOD 1944 TO 9999


WEATHER ITEM   OBSERVED TIME   NORMAL DEPARTURE LAST
                VALUE   (LST)  VALUE  FROM      YEAR
                                      NORMAL
......................................................
TEMPERATURE (F)
 YESTERDAY
  MAXIMUM         63    327 PM  70     -7       55
  MINIMUM         43    710 AM  48     -5       41
  AVERAGE         53            59     -6       48

PRECIPITATION (IN)
  YESTERDAY        0.00          0.13  -0.13     0.00
  MONTH TO DATE    1.97          2.56  -0.59     2.46
  SINCE SEP 1      1.97          2.56  -0.59     2.46
  SINCE JAN 1     24.98         23.48   1.50    27.01

DEGREE DAYS
 HEATING
  YESTERDAY       12             7      5       17
  MONTH TO DATE  127            86     41       95
  SINCE SEP 1    127            86     41       95
  SINCE JUL 1    169           121     48      143

 COOLING
  YESTERDAY        0             1     -1        0
  MONTH TO DATE   50            51     -1       64
  SINCE SEP 1     50            51     -1       64
  SINCE JAN 1    496           580    -84      604
......................................................


WIND (MPH)
  RESULTANT WIND SPEED   2   RESULTANT WIND DIRECTION   N (10)
  HIGHEST WIND SPEED    13   HIGHEST WIND DIRECTION     W (290)
  HIGHEST GUST SPEED    17   HIGHEST GUST DIRECTION    NW (300)
  AVERAGE WIND SPEED     4.5


SKY COVER
  AVERAGE SKY COVER 0.4


WEATHER CONDITIONS
 THE FOLLOWING WEATHER WAS RECORDED YESTERDAY.
  NO SIGNIFICANT WEATHER WAS OBSERVED.


RELATIVE HUMIDITY (PERCENT)
 HIGHEST    93           800 PM
 LOWEST     48           300 PM
 AVERAGE    71

..........................................................


THE JACKSON MI CLIMATE NORMALS FOR TODAY
                         NORMAL
 MAXIMUM TEMPERATURE (F)   70
 MINIMUM TEMPERATURE (F)   48


SUNRISE AND SUNSET
SEPTEMBER 23 2014.....SUNRISE   726 AM EDT   SUNSET   733 PM EDT
SEPTEMBER 24 2014.....SUNRISE   727 AM EDT   SUNSET   732 PM EDT


-  INDICATES NEGATIVE NUMBERS.
R  INDICATES RECORD WAS SET OR TIED.
MM INDICATES DATA IS MISSING.
T  INDICATES TRACE AMOUNT.




$$
