000
CDUS43 KGRR 011437
CLIJXN


CLIMATE REPORT
NATIONAL WEATHER SERVICE GRAND RAPIDS, MI
934 AM EST WED MAR 1 2017


...................................

...THE JACKSON MI CLIMATE SUMMARY FOR MARCH 1 2017...
VALID AS OF 0900 AM LOCAL TIME.

CLIMATE NORMAL PERIOD 1981 TO 2010
CLIMATE RECORD PERIOD 1944 TO 9999


WEATHER ITEM   OBSERVED TIME   NORMAL DEPARTURE LAST
                VALUE   (LST)  VALUE  FROM      YEAR
                                      NORMAL
......................................................
TEMPERATURE (F)
 TODAY
  MAXIMUM         56   1219 AM  39     17       29
  MINIMUM         50    535 AM  21     29       18
  AVERAGE         53            30     23       24

PRECIPITATION (IN)
  TODAY            0.84          0.06   0.78     0.33
  MONTH TO DATE    0.84          0.06   0.78     0.33
  SINCE MAR 1      0.84          0.06   0.78     0.33
  SINCE JAN 1      5.78          2.84   2.94     2.20

DEGREE DAYS
 HEATING
  TODAY           12            35    -23       41
  MONTH TO DATE   12            35    -23       41
  SINCE MAR 1     12            35    -23       41
  SINCE JUL 1   4020          4949   -929     4163

 COOLING
  TODAY            0             0      0        0
  MONTH TO DATE    0             0      0        0
  SINCE MAR 1      0             0      0        0
  SINCE JAN 1      0             0      0        0
......................................................


WIND (MPH)
  RESULTANT WIND SPEED  13   RESULTANT WIND DIRECTION  SW (220)
  HIGHEST WIND SPEED    20   HIGHEST WIND DIRECTION    SW (220)
  HIGHEST GUST SPEED    24   HIGHEST GUST DIRECTION    SW (220)
  AVERAGE WIND SPEED    12.7


SKY COVER
  AVERAGE SKY COVER 0.8


WEATHER CONDITIONS
 THE FOLLOWING WEATHER WAS RECORDED TODAY.
  THUNDERSTORM
  HEAVY RAIN
  RAIN
  LIGHT RAIN
  FOG


RELATIVE HUMIDITY (PERCENT)
 HIGHEST    93          1200 AM
 LOWEST     83           600 AM
 AVERAGE    88

..........................................................


THE JACKSON MI CLIMATE NORMALS FOR TOMORROW
                         NORMAL
 MAXIMUM TEMPERATURE (F)   39
 MINIMUM TEMPERATURE (F)   22


SUNRISE AND SUNSET
MARCH  1 2017.........SUNRISE   713 AM EST   SUNSET   628 PM EST
MARCH  2 2017.........SUNRISE   711 AM EST   SUNSET   629 PM EST


-  INDICATES NEGATIVE NUMBERS.
R  INDICATES RECORD WAS SET OR TIED.
MM INDICATES DATA IS MISSING.
T  INDICATES TRACE AMOUNT.




$$

63
