000
CDUS43 KGRR 091433
CLIJXN


CLIMATE REPORT
NATIONAL WEATHER SERVICE GRAND RAPIDS, MI
933 AM EST FRI DEC 9 2016


...................................

...THE JACKSON MI CLIMATE SUMMARY FOR DECEMBER 9 2016...
VALID AS OF 0900 AM LOCAL TIME.

CLIMATE NORMAL PERIOD 1981 TO 2010
CLIMATE RECORD PERIOD 1944 TO 9999


WEATHER ITEM   OBSERVED TIME   NORMAL DEPARTURE LAST
                VALUE   (LST)  VALUE  FROM      YEAR
                                      NORMAL
......................................................
TEMPERATURE (F)
 TODAY
  MAXIMUM         25    859 AM  37    -12       50
  MINIMUM         23    154 AM  23      0       37
  AVERAGE         24            30     -6       44

PRECIPITATION (IN)
  TODAY            0.01          0.07  -0.06     0.00
  MONTH TO DATE    0.34          0.60  -0.26     0.09
  SINCE DEC 1      0.34          0.60  -0.26     0.09
  SINCE JAN 1     36.43         30.23   6.20    28.41

DEGREE DAYS
 HEATING
  TODAY           41            35      6       21
  MONTH TO DATE  295           301     -6      240
  SINCE DEC 1    295           301     -6      240
  SINCE JUL 1   1265          1705   -440     1361

 COOLING
  TODAY            0             0      0        0
  MONTH TO DATE    0             0      0        0
  SINCE DEC 1      0             0      0        0
  SINCE JAN 1    829           592    237      540
......................................................


WIND (MPH)
  RESULTANT WIND SPEED  11   RESULTANT WIND DIRECTION   W (250)
  HIGHEST WIND SPEED    17   HIGHEST WIND DIRECTION    SW (240)
  HIGHEST GUST SPEED    20   HIGHEST GUST DIRECTION    SW (240)
  AVERAGE WIND SPEED    10.9


SKY COVER
  AVERAGE SKY COVER 0.9


WEATHER CONDITIONS
 THE FOLLOWING WEATHER WAS RECORDED TODAY.
  LIGHT SNOW
  FOG


RELATIVE HUMIDITY (PERCENT)
 HIGHEST    88           100 AM
 LOWEST     81           200 AM
 AVERAGE    85

..........................................................


THE JACKSON MI CLIMATE NORMALS FOR TOMORROW
                         NORMAL
 MAXIMUM TEMPERATURE (F)   36
 MINIMUM TEMPERATURE (F)   23


SUNRISE AND SUNSET
DECEMBER  9 2016......SUNRISE   755 AM EST   SUNSET   505 PM EST
DECEMBER 10 2016......SUNRISE   756 AM EST   SUNSET   506 PM EST


-  INDICATES NEGATIVE NUMBERS.
R  INDICATES RECORD WAS SET OR TIED.
MM INDICATES DATA IS MISSING.
T  INDICATES TRACE AMOUNT.




$$
