000
CDUS43 KGRR 192124
CLIJXN


CLIMATE REPORT
NATIONAL WEATHER SERVICE GRAND RAPIDS, MI
524 PM EDT SAT APR 19 2014


...................................

...THE JACKSON MI CLIMATE SUMMARY FOR APRIL 19 2014...
VALID TODAY AS OF 0500 PM LOCAL TIME.

CLIMATE NORMAL PERIOD 1981 TO 2010
CLIMATE RECORD PERIOD 9999 TO 9999


WEATHER ITEM   OBSERVED TIME   RECORD YEAR NORMAL DEPARTURE LAST
                VALUE   (LST)  VALUE       VALUE  FROM      YEAR
                                                  NORMAL
..................................................................
TEMPERATURE (F)
 TODAY
  MAXIMUM         58    359 PM  MM      MM  60     -2       60
  MINIMUM         31    608 AM  MM      MM  38     -7       32
  AVERAGE         45                        49     -4       46

PRECIPITATION (IN)
  TODAY            0.00         MM      MM   0.09  -0.09     0.70
  MONTH TO DATE    1.50                      1.65  -0.15     4.75
  SINCE MAR 1      3.41                      3.55  -0.14     5.39
  SINCE JAN 1      7.69                      6.33   1.36     9.74

DEGREE DAYS
 HEATING
  TODAY           20                        16      4       19
  MONTH TO DATE  377                       367     10      411
  SINCE MAR 1   1552                      1277    275     1446
  SINCE JUL 1   7116                      6191    925     6144

 COOLING
  TODAY            0                         0      0        0
  MONTH TO DATE    0                         0      0        0
  SINCE MAR 1      0                         0      0        0
  SINCE JAN 1      0                         0      0        0
..................................................................


WIND (MPH)
  RESULTANT WIND SPEED   6   RESULTANT WIND DIRECTION   E (70)
  HIGHEST WIND SPEED    14   HIGHEST WIND DIRECTION     E (110)
  HIGHEST GUST SPEED    18   HIGHEST GUST DIRECTION    SE (150)
  AVERAGE WIND SPEED     6.9



WEATHER CONDITIONS
 THE FOLLOWING WEATHER WAS RECORDED TODAY.
  NO SIGNIFICANT WEATHER WAS OBSERVED.


RELATIVE HUMIDITY (PERCENT)
 HIGHEST    85           600 AM
 LOWEST     28           300 PM
 AVERAGE    57

..........................................................




SUNRISE AND SUNSET
APRIL 19 2014.........SUNRISE   651 AM EDT   SUNSET   824 PM EDT
APRIL 20 2014.........SUNRISE   649 AM EDT   SUNSET   825 PM EDT


-  INDICATES NEGATIVE NUMBERS.
R  INDICATES RECORD WAS SET OR TIED.
MM INDICATES DATA IS MISSING.
T  INDICATES TRACE AMOUNT.




$$
