000
CDUS43 KIND 120534
CLILAF


CLIMATE REPORT
NATIONAL WEATHER SERVICE INDIANAPOLIS IN
1231 AM EST TUE DEC 12 2017


...................................

...THE LAFAYETTE IN CLIMATE SUMMARY FOR DECEMBER 11 2017...

CLIMATE NORMAL PERIOD 1981 TO 2010
CLIMATE RECORD PERIOD 9999 TO 9999


WEATHER ITEM   OBSERVED TIME   NORMAL DEPARTURE LAST
                VALUE   (LST)  VALUE  FROM      YEAR
                                      NORMAL
......................................................
TEMPERATURE (F)
 YESTERDAY
  MAXIMUM         46    416 PM  39      7       34
  MINIMUM         17    415 AM  24     -7       24
  AVERAGE         32            32      0       29

PRECIPITATION (IN)
  YESTERDAY        0.00          0.08  -0.08     0.32
  MONTH TO DATE    0.10          1.01  -0.91     0.64
  SINCE DEC 1      0.10          1.01  -0.91     0.64
  SINCE JAN 1     42.81         35.08   7.73    34.95

DEGREE DAYS
 HEATING
  YESTERDAY       33            34     -1       36
  MONTH TO DATE  331           347    -16      370
  SINCE DEC 1    331           347    -16      370
  SINCE JUL 1   1376          1448    -72     1216

 COOLING
  YESTERDAY        0             0      0        0
  MONTH TO DATE    0             0      0        0
  SINCE DEC 1      0             0      0        0
  SINCE JAN 1    853           983   -130     1102
......................................................


WIND (MPH)
  HIGHEST WIND SPEED    21   HIGHEST WIND DIRECTION    NW (310)
  HIGHEST GUST SPEED    26   HIGHEST GUST DIRECTION    NW (320)
  AVERAGE WIND SPEED     6.5


SKY COVER
  AVERAGE SKY COVER 0.3


WEATHER CONDITIONS
 THE FOLLOWING WEATHER WAS RECORDED YESTERDAY.
  NO SIGNIFICANT WEATHER WAS OBSERVED.


RELATIVE HUMIDITY (PERCENT)
 HIGHEST   100           500 AM
 LOWEST     49           200 PM
 AVERAGE    75

..........................................................


THE LAFAYETTE IN CLIMATE NORMALS FOR TODAY
                         NORMAL
 MAXIMUM TEMPERATURE (F)   38
 MINIMUM TEMPERATURE (F)   24


SUNRISE AND SUNSET
DECEMBER 12 2017......SUNRISE   802 AM EST   SUNSET   521 PM EST
DECEMBER 13 2017......SUNRISE   802 AM EST   SUNSET   522 PM EST


-  INDICATES NEGATIVE NUMBERS.
R  INDICATES RECORD WAS SET OR TIED.
MM INDICATES DATA IS MISSING.
T  INDICATES TRACE AMOUNT.




$$
