000
CDUS43 KIND 300532
CLILAF


CLIMATE REPORT
NATIONAL WEATHER SERVICE INDIANAPOLIS IN
131 AM EDT THU MAR 30 2017


...................................

...THE LAFAYETTE IN CLIMATE SUMMARY FOR MARCH 29 2017...

CLIMATE NORMAL PERIOD 1981 TO 2010
CLIMATE RECORD PERIOD 9999 TO 9999


WEATHER ITEM   OBSERVED TIME   NORMAL DEPARTURE LAST
                VALUE   (LST)  VALUE  FROM      YEAR
                                      NORMAL
......................................................
TEMPERATURE (F)
 YESTERDAY
  MAXIMUM         58    255 PM  56      2       56
  MINIMUM         44    659 AM  36      8       27
  AVERAGE         51            46      5       42

PRECIPITATION (IN)
  YESTERDAY        0.02          0.10  -0.08     0.00
  MONTH TO DATE    2.66          2.46   0.20     2.73
  SINCE MAR 1      2.66          2.46   0.20     2.73
  SINCE JAN 1      7.56          6.08   1.48     5.46

DEGREE DAYS
 HEATING
  YESTERDAY       14            19     -5       23
  MONTH TO DATE  692           714    -22      548
  SINCE MAR 1    692           714    -22      548
  SINCE JUL 1   4380          5048   -668     4356

 COOLING
  YESTERDAY        0             0      0        0
  MONTH TO DATE    1             0      1        0
  SINCE MAR 1      1             0      1        0
  SINCE JAN 1      1             0      1        0
......................................................


WIND (MPH)
  HIGHEST WIND SPEED    26   HIGHEST WIND DIRECTION     E (100)
  HIGHEST GUST SPEED    33   HIGHEST GUST DIRECTION     E (100)
  AVERAGE WIND SPEED    16.3


SKY COVER
  AVERAGE SKY COVER 0.7


WEATHER CONDITIONS
 THE FOLLOWING WEATHER WAS RECORDED YESTERDAY.
  LIGHT RAIN


RELATIVE HUMIDITY (PERCENT)
 HIGHEST   100           100 AM
 LOWEST     54          1200 PM
 AVERAGE    77

..........................................................


THE LAFAYETTE IN CLIMATE NORMALS FOR TODAY
                         NORMAL
 MAXIMUM TEMPERATURE (F)   57
 MINIMUM TEMPERATURE (F)   36


SUNRISE AND SUNSET
MARCH 30 2017.........SUNRISE   734 AM EDT   SUNSET   811 PM EDT
MARCH 31 2017.........SUNRISE   733 AM EDT   SUNSET   812 PM EDT


-  INDICATES NEGATIVE NUMBERS.
R  INDICATES RECORD WAS SET OR TIED.
MM INDICATES DATA IS MISSING.
T  INDICATES TRACE AMOUNT.




$$
