204
CDUS43 KIND 200530
CLILAF


CLIMATE REPORT
NATIONAL WEATHER SERVICE INDIANAPOLIS IN
130 AM EDT FRI OCT 20 2017


...................................

...THE LAFAYETTE IN CLIMATE SUMMARY FOR OCTOBER 19 2017...

CLIMATE NORMAL PERIOD 1981 TO 2010
CLIMATE RECORD PERIOD 9999 TO 9999


WEATHER ITEM   OBSERVED TIME   NORMAL DEPARTURE LAST
                VALUE   (LST)  VALUE  FROM      YEAR
                                      NORMAL
......................................................
TEMPERATURE (F)
 YESTERDAY
  MAXIMUM         73    434 PM  64      9       68
  MINIMUM         47   1211 AM  43      4       49
  AVERAGE         60            53      7       59

PRECIPITATION (IN)
  YESTERDAY        0.00          0.09  -0.09     0.20
  MONTH TO DATE    0.46          1.78  -1.32     0.40
  SINCE SEP 1      1.92          4.44  -2.52     3.31
  SINCE JAN 1     38.31         29.99   8.32    30.65

DEGREE DAYS
 HEATING
  YESTERDAY        5            12     -7        6
  MONTH TO DATE   69           180   -111       85
  SINCE SEP 1    138           259   -121      110
  SINCE JUL 1    147           265   -118      120

 COOLING
  YESTERDAY        0             0      0        0
  MONTH TO DATE   42            13     29       29
  SINCE SEP 1    178           126     52      183
  SINCE JAN 1    851           978   -127     1095
......................................................


WIND (MPH)
  HIGHEST WIND SPEED    10   HIGHEST WIND DIRECTION     W (260)
  HIGHEST GUST SPEED    14   HIGHEST GUST DIRECTION    SW (240)
  AVERAGE WIND SPEED     3.7


SKY COVER
  AVERAGE SKY COVER 0.0


WEATHER CONDITIONS
 THE FOLLOWING WEATHER WAS RECORDED YESTERDAY.
  NO SIGNIFICANT WEATHER WAS OBSERVED.


RELATIVE HUMIDITY (PERCENT)
 HIGHEST    93           800 PM
 LOWEST     49           400 PM
 AVERAGE    71

..........................................................


THE LAFAYETTE IN CLIMATE NORMALS FOR TODAY
                         NORMAL
 MAXIMUM TEMPERATURE (F)   64
 MINIMUM TEMPERATURE (F)   42


SUNRISE AND SUNSET
OCTOBER 20 2017.......SUNRISE   804 AM EDT   SUNSET   700 PM EDT
OCTOBER 21 2017.......SUNRISE   805 AM EDT   SUNSET   659 PM EDT


-  INDICATES NEGATIVE NUMBERS.
R  INDICATES RECORD WAS SET OR TIED.
MM INDICATES DATA IS MISSING.
T  INDICATES TRACE AMOUNT.




$$
