000
CDUS43 KIND 180532
CLILAF


CLIMATE REPORT
NATIONAL WEATHER SERVICE INDIANAPOLIS IN
1231 AM EST SUN FEB 18 2018


...................................

...THE LAFAYETTE IN CLIMATE SUMMARY FOR FEBRUARY 17 2018...

CLIMATE NORMAL PERIOD 1981 TO 2010
CLIMATE RECORD PERIOD 9999 TO 9999


WEATHER ITEM   OBSERVED TIME   NORMAL DEPARTURE LAST
                VALUE   (LST)  VALUE  FROM      YEAR
                                      NORMAL
......................................................
TEMPERATURE (F)
 YESTERDAY
  MAXIMUM         34    318 PM  39     -5       66
  MINIMUM         20    534 AM  23     -3       38
  AVERAGE         27            31     -4       52

PRECIPITATION (IN)
  YESTERDAY        0.09          0.06   0.03     0.00
  MONTH TO DATE    0.61          0.99  -0.38     0.71
  SINCE DEC 1      2.53          5.36  -2.83     6.27
  SINCE JAN 1      1.82          2.85  -1.03     4.71

DEGREE DAYS
 HEATING
  YESTERDAY       38            34      4       13
  MONTH TO DATE  678           612     66      518
  SINCE DEC 1   3158          2879    279     2669
  SINCE JUL 1   4203          3980    223     3515

 COOLING
  YESTERDAY        0             0      0        0
  MONTH TO DATE    0             0      0        0
  SINCE DEC 1      0             0      0        0
  SINCE JAN 1      0             0      0        0
......................................................


WIND (MPH)
  HIGHEST WIND SPEED    24   HIGHEST WIND DIRECTION     W (290)
  HIGHEST GUST SPEED    31   HIGHEST GUST DIRECTION     W (290)
  AVERAGE WIND SPEED     6.2


SKY COVER
  AVERAGE SKY COVER 0.5


WEATHER CONDITIONS
 THE FOLLOWING WEATHER WAS RECORDED YESTERDAY.
  LIGHT SNOW
  FOG


RELATIVE HUMIDITY (PERCENT)
 HIGHEST   100           200 AM
 LOWEST     75          1200 PM
 AVERAGE    88

..........................................................


THE LAFAYETTE IN CLIMATE NORMALS FOR TODAY
                         NORMAL
 MAXIMUM TEMPERATURE (F)   39
 MINIMUM TEMPERATURE (F)   23


SUNRISE AND SUNSET
FEBRUARY 18 2018......SUNRISE   737 AM EST   SUNSET   627 PM EST
FEBRUARY 19 2018......SUNRISE   736 AM EST   SUNSET   628 PM EST


-  INDICATES NEGATIVE NUMBERS.
R  INDICATES RECORD WAS SET OR TIED.
MM INDICATES DATA IS MISSING.
T  INDICATES TRACE AMOUNT.




$$
