000
CDUS43 KIND 300533
CLILAF


CLIMATE REPORT
NATIONAL WEATHER SERVICE INDIANAPOLIS IN
131 AM EDT TUE SEP 30 2014


...................................

...THE LAFAYETTE IN CLIMATE SUMMARY FOR SEPTEMBER 29 2014...

CLIMATE NORMAL PERIOD 1981 TO 2010
CLIMATE RECORD PERIOD 9999 TO 9999


WEATHER ITEM   OBSERVED TIME   NORMAL DEPARTURE LAST
                VALUE   (LST)  VALUE  FROM      YEAR
                                      NORMAL
......................................................
TEMPERATURE (F)
 YESTERDAY
  MAXIMUM         81    512 PM  72      9       72
  MINIMUM         48    720 AM  49     -1       54
  AVERAGE         65            60      5       63

PRECIPITATION (IN)
  YESTERDAY        0.00          0.09  -0.09     0.27
  MONTH TO DATE    4.80          2.56   2.24     3.93
  SINCE SEP 1      4.80          2.56   2.24     3.93
  SINCE JAN 1     30.12         28.11   2.01    31.56

DEGREE DAYS
 HEATING
  YESTERDAY        0             6     -6        2
  MONTH TO DATE  120            73     47       57
  SINCE SEP 1    120            73     47       57
  SINCE JUL 1    144            79     65       77

 COOLING
  YESTERDAY        0             2     -2        0
  MONTH TO DATE   60           112    -52      127
  SINCE SEP 1     60           112    -52      127
  SINCE JAN 1    736           964   -228      853
......................................................


WIND (MPH)
  HIGHEST WIND SPEED    12   HIGHEST WIND DIRECTION     N (10)
  HIGHEST GUST SPEED    15   HIGHEST GUST DIRECTION     N (10)
  AVERAGE WIND SPEED     2.3


SKY COVER
  AVERAGE SKY COVER 0.1


WEATHER CONDITIONS
 THE FOLLOWING WEATHER WAS RECORDED YESTERDAY.
  FOG
  FOG W/VISIBILITY <= 1/4 MILE
  HAZE


RELATIVE HUMIDITY (PERCENT)
 HIGHEST   100           200 AM
 LOWEST     42           400 PM
 AVERAGE    71

..........................................................


THE LAFAYETTE IN CLIMATE NORMALS FOR TODAY
                         NORMAL
 MAXIMUM TEMPERATURE (F)   72
 MINIMUM TEMPERATURE (F)   49


SUNRISE AND SUNSET
SEPTEMBER 30 2014.....SUNRISE   743 AM EDT   SUNSET   732 PM EDT
OCTOBER  1 2014.......SUNRISE   744 AM EDT   SUNSET   730 PM EDT


-  INDICATES NEGATIVE NUMBERS.
R  INDICATES RECORD WAS SET OR TIED.
MM INDICATES DATA IS MISSING.
T  INDICATES TRACE AMOUNT.




$$
