000
CDUS43 KIND 250532
CLILAF


CLIMATE REPORT
NATIONAL WEATHER SERVICE INDIANAPOLIS IN
132 AM EDT SAT OCT 25 2014


...................................

...THE LAFAYETTE IN CLIMATE SUMMARY FOR OCTOBER 24 2014...

CLIMATE NORMAL PERIOD 1981 TO 2010
CLIMATE RECORD PERIOD 9999 TO 9999


WEATHER ITEM   OBSERVED TIME   NORMAL DEPARTURE LAST
                VALUE   (LST)  VALUE  FROM      YEAR
                                      NORMAL
......................................................
TEMPERATURE (F)
 YESTERDAY
  MAXIMUM         66    411 PM  62      4       42
  MINIMUM         42   1245 AM  41      1       MM
  AVERAGE         54            52      2       MM

PRECIPITATION (IN)
  YESTERDAY        0.02          0.09  -0.07      T
  MONTH TO DATE    5.21          2.24   2.97     2.45
  SINCE SEP 1     10.01          4.90   5.11     6.38
  SINCE JAN 1     35.33         30.45   4.88    34.01

DEGREE DAYS
 HEATING
  YESTERDAY       11            14     -3       MM
  MONTH TO DATE  295           245     50      223
  SINCE SEP 1    421           324     97      282
  SINCE JUL 1    445           330    115      302

 COOLING
  YESTERDAY        0             0      0       MM
  MONTH TO DATE    7            13     -6       31
  SINCE SEP 1     67           126    -59      158
  SINCE JAN 1    743           978   -235      884
......................................................


WIND (MPH)
  HIGHEST WIND SPEED    13   HIGHEST WIND DIRECTION    SW (230)
  HIGHEST GUST SPEED    17   HIGHEST GUST DIRECTION     W (250)
  AVERAGE WIND SPEED     3.0


SKY COVER
  AVERAGE SKY COVER 0.5


WEATHER CONDITIONS
 THE FOLLOWING WEATHER WAS RECORDED YESTERDAY.
  LIGHT RAIN
  FOG


RELATIVE HUMIDITY (PERCENT)
 HIGHEST    96           100 AM
 LOWEST     63           500 PM
 AVERAGE    80

..........................................................


THE LAFAYETTE IN CLIMATE NORMALS FOR TODAY
                         NORMAL
 MAXIMUM TEMPERATURE (F)   62
 MINIMUM TEMPERATURE (F)   41


SUNRISE AND SUNSET
OCTOBER 25 2014.......SUNRISE   810 AM EDT   SUNSET   653 PM EDT
OCTOBER 26 2014.......SUNRISE   811 AM EDT   SUNSET   652 PM EDT


-  INDICATES NEGATIVE NUMBERS.
R  INDICATES RECORD WAS SET OR TIED.
MM INDICATES DATA IS MISSING.
T  INDICATES TRACE AMOUNT.




$$
