000
CDUS43 KIND 310533
CLILAF


CLIMATE REPORT
NATIONAL WEATHER SERVICE INDIANAPOLIS IN
133 AM EDT SUN JUL 31 2016


...................................

...THE LAFAYETTE IN CLIMATE SUMMARY FOR JULY 30 2016...

CLIMATE NORMAL PERIOD 1981 TO 2010
CLIMATE RECORD PERIOD 9999 TO 9999


WEATHER ITEM   OBSERVED TIME   NORMAL DEPARTURE LAST
                VALUE   (LST)  VALUE  FROM      YEAR
                                      NORMAL
......................................................
TEMPERATURE (F)
 YESTERDAY
  MAXIMUM         83    429 PM  84     -1       85
  MINIMUM         67   1159 PM  64      3       59
  AVERAGE         75            74      1       72

PRECIPITATION (IN)
  YESTERDAY        0.12          0.11   0.01     0.00
  MONTH TO DATE    4.50          3.86   0.64     6.67
  SINCE JUN 1     10.03          7.96   2.07    14.33
  SINCE JAN 1     22.14         21.98   0.16    23.27

DEGREE DAYS
 HEATING
  YESTERDAY        0             0      0        0
  MONTH TO DATE   10             0     10        6
  SINCE JUN 1     20            22     -2       26
  SINCE JUL 1     10             0     10        6

 COOLING
  YESTERDAY       10             9      1        7
  MONTH TO DATE  272           290    -18      208
  SINCE JUN 1    505           507     -2      391
  SINCE JAN 1    573           584    -11      480
......................................................


WIND (MPH)
  HIGHEST WIND SPEED    13   HIGHEST WIND DIRECTION     N (360)
  HIGHEST GUST SPEED    17   HIGHEST GUST DIRECTION     N (350)
  AVERAGE WIND SPEED     3.8


SKY COVER
  AVERAGE SKY COVER 0.6


WEATHER CONDITIONS
 THE FOLLOWING WEATHER WAS RECORDED YESTERDAY.
  HEAVY RAIN
  LIGHT RAIN
  FOG
  FOG W/VISIBILITY <= 1/4 MILE


RELATIVE HUMIDITY (PERCENT)
 HIGHEST   100           100 AM
 LOWEST     62           500 PM
 AVERAGE    81

..........................................................


THE LAFAYETTE IN CLIMATE NORMALS FOR TODAY
                         NORMAL
 MAXIMUM TEMPERATURE (F)   84
 MINIMUM TEMPERATURE (F)   64


SUNRISE AND SUNSET
JULY 31 2016..........SUNRISE   645 AM EDT   SUNSET   903 PM EDT
AUGUST  1 2016........SUNRISE   646 AM EDT   SUNSET   902 PM EDT


-  INDICATES NEGATIVE NUMBERS.
R  INDICATES RECORD WAS SET OR TIED.
MM INDICATES DATA IS MISSING.
T  INDICATES TRACE AMOUNT.




$$
