000
CDUS43 KGRR 220520
CLILAN


CLIMATE REPORT
NATIONAL WEATHER SERVICE GRAND RAPIDS, MI
119 AM EDT MON SEP 22 2014


...................................

...THE LANSING MI CLIMATE SUMMARY FOR SEPTEMBER 21 2014...

CLIMATE NORMAL PERIOD 1981 TO 2010
CLIMATE RECORD PERIOD 1864 TO 2014


WEATHER ITEM   OBSERVED TIME   RECORD YEAR NORMAL DEPARTURE LAST
                VALUE   (LST)  VALUE       VALUE  FROM      YEAR
                                                  NORMAL
..................................................................
TEMPERATURE (F)
 YESTERDAY
  MAXIMUM         66    300 AM  94    1895  71     -5       67
  MINIMUM         47   1159 PM  19    1863  49     -2       53
  AVERAGE         57                        60     -3       60

PRECIPITATION (IN)
  YESTERDAY        0.37          2.02 1947   0.13   0.24     0.00
  MONTH TO DATE    2.31                      2.45  -0.14     0.86
  SINCE SEP 1      2.31                      2.45  -0.14     0.86
  SINCE JAN 1     29.53                     23.54   5.99    33.78

SNOWFALL (IN)
  YESTERDAY        0.0           0.0    MM   0.0    0.0      0.0
  MONTH TO DATE    0.0                       0.0    0.0      0.0
  SINCE SEP 1      0.0                       0.0    0.0      0.0
  SINCE JUL 1      0.0                       0.0    0.0      0.0
  SNOW DEPTH       0

DEGREE DAYS
 HEATING
  YESTERDAY        8                         6      2        5
  MONTH TO DATE  115                        79     36       79
  SINCE SEP 1    115                        79     36       79
  SINCE JUL 1    155                       114     41      114

 COOLING
  YESTERDAY        0                         1     -1        0
  MONTH TO DATE   43                        53    -10       63
  SINCE SEP 1     43                        53    -10       63
  SINCE JAN 1    488                       610   -122      651
..................................................................


WIND (MPH)
  RESULTANT WIND SPEED   9   RESULTANT WIND DIRECTION   W (290)
  HIGHEST WIND SPEED    25   HIGHEST WIND DIRECTION    NW (300)
  HIGHEST GUST SPEED    34   HIGHEST GUST DIRECTION     W (290)
  AVERAGE WIND SPEED    14.0


SKY COVER
  AVERAGE SKY COVER 1.0


WEATHER CONDITIONS
 THE FOLLOWING WEATHER WAS RECORDED YESTERDAY.
  HEAVY RAIN
  RAIN
  LIGHT RAIN
  FOG
  HAZE


RELATIVE HUMIDITY (PERCENT)
 HIGHEST    93           100 AM
 LOWEST     66          1000 PM
 AVERAGE    80

..........................................................


THE LANSING MI CLIMATE NORMALS FOR TODAY
                         NORMAL    RECORD    YEAR
 MAXIMUM TEMPERATURE (F)   70        94      1895
 MINIMUM TEMPERATURE (F)   49        22      1896


SUNRISE AND SUNSET
SEPTEMBER 22 2014.....SUNRISE   726 AM EDT   SUNSET   736 PM EDT
SEPTEMBER 23 2014.....SUNRISE   727 AM EDT   SUNSET   734 PM EDT


-  INDICATES NEGATIVE NUMBERS.
R  INDICATES RECORD WAS SET OR TIED.
MM INDICATES DATA IS MISSING.
T  INDICATES TRACE AMOUNT.




$$
