000
CDUS43 KGRR 280515
CLILAN


CLIMATE REPORT
NATIONAL WEATHER SERVICE GRAND RAPIDS, MI
1215 AM EST FRI NOV 28 2014


...................................

...THE LANSING MI CLIMATE SUMMARY FOR NOVEMBER 27 2014...

CLIMATE NORMAL PERIOD 1981 TO 2010
CLIMATE RECORD PERIOD 1864 TO 2014


WEATHER ITEM   OBSERVED TIME   RECORD YEAR NORMAL DEPARTURE LAST
                VALUE   (LST)  VALUE       VALUE  FROM      YEAR
                                                  NORMAL
..................................................................
TEMPERATURE (F)
 YESTERDAY
  MAXIMUM         31   1217 PM  65    1990  41    -10       29
  MINIMUM         20   1159 PM   5    1930  29     -9       16
  AVERAGE         26                        35     -9       23

PRECIPITATION (IN)
  YESTERDAY        T             2.12 1990   0.09  -0.09      T
  MONTH TO DATE    2.61                      2.53   0.08     2.11
  SINCE SEP 1      8.70                      8.56   0.14     6.64
  SINCE JAN 1     35.92                     29.65   6.27    39.56

SNOWFALL (IN)
  YESTERDAY        T             9.0  1889   0.2   -0.2       T
  MONTH TO DATE    6.2                       2.7    3.5      0.4
  SINCE SEP 1      6.2                       3.1    3.1      0.4
  SINCE JUL 1      6.2                       3.1    3.1      0.4
  SNOW DEPTH       0

DEGREE DAYS
 HEATING
  YESTERDAY       39                        30      9       42
  MONTH TO DATE  837                       671    166      734
  SINCE SEP 1   1467                      1286    181     1301
  SINCE JUL 1   1507                      1321    186     1336

 COOLING
  YESTERDAY        0                         0      0        0
  MONTH TO DATE    0                         0      0        0
  SINCE SEP 1     43                        68    -25       73
  SINCE JAN 1    488                       625   -137      661
..................................................................


WIND (MPH)
  RESULTANT WIND SPEED   8   RESULTANT WIND DIRECTION  NW (310)
  HIGHEST WIND SPEED    18   HIGHEST WIND DIRECTION    NW (300)
  HIGHEST GUST SPEED    23   HIGHEST GUST DIRECTION    NW (310)
  AVERAGE WIND SPEED     8.1


SKY COVER
  AVERAGE SKY COVER 1.0


WEATHER CONDITIONS
 THE FOLLOWING WEATHER WAS RECORDED YESTERDAY.
  LIGHT SNOW
  FOG
  HAZE


RELATIVE HUMIDITY (PERCENT)
 HIGHEST    84           200 AM
 LOWEST     57          1000 PM
 AVERAGE    71

..........................................................


THE LANSING MI CLIMATE NORMALS FOR TODAY
                         NORMAL    RECORD    YEAR
 MAXIMUM TEMPERATURE (F)   41        71      1905
 MINIMUM TEMPERATURE (F)   28         0      1891


SUNRISE AND SUNSET
NOVEMBER 28 2014......SUNRISE   746 AM EST   SUNSET   507 PM EST
NOVEMBER 29 2014......SUNRISE   747 AM EST   SUNSET   506 PM EST


-  INDICATES NEGATIVE NUMBERS.
R  INDICATES RECORD WAS SET OR TIED.
MM INDICATES DATA IS MISSING.
T  INDICATES TRACE AMOUNT.




$$
