000
CDUS43 KGRR 252125
CLILAN


CLIMATE REPORT
NATIONAL WEATHER SERVICE GRAND RAPIDS, MI
525 PM EDT MON SEP 25 2017


...................................

...THE LANSING MI CLIMATE SUMMARY FOR SEPTEMBER 25 2017...
VALID TODAY AS OF 0500 PM LOCAL TIME.

CLIMATE NORMAL PERIOD 1981 TO 2010
CLIMATE RECORD PERIOD 1864 TO 2017


WEATHER ITEM   OBSERVED TIME   RECORD YEAR NORMAL DEPARTURE LAST
                VALUE   (LST)  VALUE       VALUE  FROM      YEAR
                                                  NORMAL
..................................................................
TEMPERATURE (F)
 TODAY
  MAXIMUM         92R   116 PM  91    1920  69     23       75
                                      1900
  MINIMUM         65    700 AM  23    1863  47     18       49
  AVERAGE         79                        58     21       62

PRECIPITATION (IN)
  TODAY            0.00          1.73 1961   0.12  -0.12     0.00
  MONTH TO DATE    0.79                      2.94  -2.15     1.48
  SINCE SEP 1      0.79                      2.94  -2.15     1.48
  SINCE JAN 1     26.09                     24.03   2.06    24.96

SNOWFALL (IN)
  TODAY            0.0           T    1994   0.0    0.0      0.0
                                      1942
                                      1928
  MONTH TO DATE    0.0                       0.0    0.0      0.0
  SINCE SEP 1      0.0                       0.0    0.0      0.0
  SINCE JUL 1      0.0                       0.0    0.0      0.0
  SNOW DEPTH       0

DEGREE DAYS
 HEATING
  TODAY            0                         8     -8        3
  MONTH TO DATE   76                       108    -32       18
  SINCE SEP 1     76                       108    -32       18
  SINCE JUL 1    105                       143    -38       21

 COOLING
  TODAY           14                         1     13        0
  MONTH TO DATE  117                        57     60       89
  SINCE SEP 1    117                        57     60       89
  SINCE JAN 1    751                       614    137      855
..................................................................


WIND (MPH)
  RESULTANT WIND SPEED   2   RESULTANT WIND DIRECTION   S (160)
  HIGHEST WIND SPEED     9   HIGHEST WIND DIRECTION     S (160)
  HIGHEST GUST SPEED    12   HIGHEST GUST DIRECTION     S (160)
  AVERAGE WIND SPEED     3.2


SKY COVER
  AVERAGE SKY COVER 0.0


WEATHER CONDITIONS
 THE FOLLOWING WEATHER WAS RECORDED TODAY.
  FOG
  HAZE


RELATIVE HUMIDITY (PERCENT)
 HIGHEST    93           700 AM
 LOWEST     32           100 PM
 AVERAGE    63

..........................................................


THE LANSING MI CLIMATE NORMALS FOR TOMORROW
                         NORMAL    RECORD    YEAR
 MAXIMUM TEMPERATURE (F)   68        89      1998
 MINIMUM TEMPERATURE (F)   47        27      1966
                                             1893
                                             1867


SUNRISE AND SUNSET
SEPTEMBER 25 2017.....SUNRISE   729 AM EDT   SUNSET   730 PM EDT
SEPTEMBER 26 2017.....SUNRISE   730 AM EDT   SUNSET   728 PM EDT


-  INDICATES NEGATIVE NUMBERS.
R  INDICATES RECORD WAS SET OR TIED.
MM INDICATES DATA IS MISSING.
T  INDICATES TRACE AMOUNT.




$$
