000
CDUS45 KCYS 250728
CLILAR


CLIMATE REPORT
NATIONAL WEATHER SERVICE CHEYENNE WY
127 AM MDT SAT OCT 25 2014


...................................

...THE LARAMIE WY AIRPORT CLIMATE SUMMARY FOR OCTOBER 24 2014...

CLIMATE NORMAL PERIOD 1981 TO 2010
CLIMATE RECORD PERIOD 1948 TO 2014


WEATHER ITEM   OBSERVED TIME   RECORD YEAR NORMAL DEPARTURE LAST
                VALUE   (LST)  VALUE       VALUE  FROM      YEAR
                                                  NORMAL
..................................................................
TEMPERATURE (F)
 YESTERDAY
  MAXIMUM         71R   151 PM  70    1965  53     18       57
  MINIMUM         39    933 PM   6    1975  26     13       24
  AVERAGE         55                        39     16       41

PRECIPITATION (IN)
  YESTERDAY        0.00          0.44 2000   0.03  -0.03     0.00
  MONTH TO DATE    0.25                      0.65  -0.40     1.92
  SINCE JAN 1     13.11                      9.91   3.20    11.30

DEGREE DAYS
 HEATING
  YESTERDAY       10                        26    -16       24
  MONTH TO DATE  420                       524   -104      617
  SINCE SEP 1    692                       877   -185      870
  SINCE JUL 1    871                      1049   -178      941

 COOLING
  YESTERDAY        0                         0      0        0
  MONTH TO DATE    0                         0      0        0
  SINCE SEP 1      0                         1     -1       24
  SINCE JAN 1     67                        67      0      162
..................................................................


WIND (MPH)
  HIGHEST WIND SPEED    26   HIGHEST WIND DIRECTION    SW (230)
  HIGHEST GUST SPEED    35   HIGHEST GUST DIRECTION     W (260)
  AVERAGE WIND SPEED    13.0


SKY COVER
  AVERAGE SKY COVER 0.0


WEATHER CONDITIONS
 THE FOLLOWING WEATHER WAS RECORDED YESTERDAY.
  NO SIGNIFICANT WEATHER WAS OBSERVED.


RELATIVE HUMIDITY (PERCENT)
 HIGHEST    43          1000 PM
 LOWEST     15           100 PM
 AVERAGE    29

..........................................................


THE LARAMIE WY AIRPORT CLIMATE NORMALS FOR TODAY
                         NORMAL    RECORD    YEAR
 MAXIMUM TEMPERATURE (F)   52        69      2007
                                             1968
 MINIMUM TEMPERATURE (F)   26        -3      1997


SUNRISE AND SUNSET
OCTOBER 25 2014.......SUNRISE   726 AM MDT   SUNSET   607 PM MDT
OCTOBER 26 2014.......SUNRISE   727 AM MDT   SUNSET   606 PM MDT


-  INDICATES NEGATIVE NUMBERS.
R  INDICATES RECORD WAS SET OR TIED.
MM INDICATES DATA IS MISSING.
T  INDICATES TRACE AMOUNT.




$$
