000
CDUS45 KCYS 290735
CLILAR


CLIMATE REPORT
NATIONAL WEATHER SERVICE CHEYENNE WY
135 AM MDT TUE JUL 29 2014


...................................

...THE LARAMIE WY AIRPORT CLIMATE SUMMARY FOR JULY 28 2014...

CLIMATE NORMAL PERIOD 1981 TO 2010
CLIMATE RECORD PERIOD 1948 TO 2014


WEATHER ITEM   OBSERVED TIME   RECORD YEAR NORMAL DEPARTURE LAST
                VALUE   (LST)  VALUE       VALUE  FROM      YEAR
                                                  NORMAL
..................................................................
TEMPERATURE (F)
 YESTERDAY
  MAXIMUM         82    256 PM  91    2006  81      1       70
                                      1978
  MINIMUM         48    521 AM  39    1972  49     -1       53
  AVERAGE         65                        65      0       62

PRECIPITATION (IN)
  YESTERDAY        0.00          0.59 1950   0.05  -0.05     0.05
  MONTH TO DATE    1.96                      1.28   0.68     1.88
  SINCE JAN 1      7.80                      6.77   1.03     5.29

DEGREE DAYS
 HEATING
  YESTERDAY        0                         2     -2        3
  MONTH TO DATE   37                        66    -29       14
  SINCE JUN 1    279                       307    -28      117
  SINCE JUL 1     37                        66    -29       14

 COOLING
  YESTERDAY        0                         1     -1        0
  MONTH TO DATE   62                        34     28       58
  SINCE JUN 1     65                        41     24       94
  SINCE JAN 1     65                        41     24       94
..................................................................


WIND (MPH)
  HIGHEST WIND SPEED    21   HIGHEST WIND DIRECTION    SE (130)
  HIGHEST GUST SPEED    23   HIGHEST GUST DIRECTION    SE (140)
  AVERAGE WIND SPEED     8.5


SKY COVER
  AVERAGE SKY COVER 0.2


WEATHER CONDITIONS
 THE FOLLOWING WEATHER WAS RECORDED YESTERDAY.
  FOG
  FOG W/VISIBILITY <= 1/4 MILE


RELATIVE HUMIDITY (PERCENT)
 HIGHEST   100           300 AM
 LOWEST     29           400 PM
 AVERAGE    65

..........................................................


THE LARAMIE WY AIRPORT CLIMATE NORMALS FOR TODAY
                         NORMAL    RECORD    YEAR
 MAXIMUM TEMPERATURE (F)   80        93      2006
 MINIMUM TEMPERATURE (F)   49        39      1967


SUNRISE AND SUNSET
JULY 29 2014..........SUNRISE   555 AM MDT   SUNSET   823 PM MDT
JULY 30 2014..........SUNRISE   556 AM MDT   SUNSET   822 PM MDT


-  INDICATES NEGATIVE NUMBERS.
R  INDICATES RECORD WAS SET OR TIED.
MM INDICATES DATA IS MISSING.
T  INDICATES TRACE AMOUNT.




$$
