000
CDUS45 KCYS 010734
CLILAR


CLIMATE REPORT
NATIONAL WEATHER SERVICE CHEYENNE WY
134 AM MDT WED JUL 1 2015


...................................

...THE LARAMIE WY AIRPORT CLIMATE SUMMARY FOR JUNE 30 2015...

CLIMATE NORMAL PERIOD 1981 TO 2010
CLIMATE RECORD PERIOD 1948 TO 2015


WEATHER ITEM   OBSERVED TIME   RECORD YEAR NORMAL DEPARTURE LAST
                VALUE   (LST)  VALUE       VALUE  FROM      YEAR
                                                  NORMAL
..................................................................
TEMPERATURE (F)
 YESTERDAY
  MAXIMUM         86   1203 PM  92    2002  78      8       77
                                      1990
  MINIMUM         48    411 AM  33    1968  46      2       41
  AVERAGE         67                        62      5       59

PRECIPITATION (IN)
  YESTERDAY        0.03          0.39 1984   0.04  -0.01     0.00
  MONTH TO DATE    0.77                      1.54  -0.77     0.76
  SINCE JAN 1      6.17                      5.49   0.68     5.84

DEGREE DAYS
 HEATING
  YESTERDAY        0                         4     -4        6
  MONTH TO DATE  120                       240   -120      242
  SINCE JUN 1    120                       241   -121      242
  SINCE JUL 1   8057                      8830   -773     8632

 COOLING
  YESTERDAY        2                         1      1        0
  MONTH TO DATE   14                         7      7        3
  SINCE JUN 1     14                         7      7        3
  SINCE JAN 1     14                         7      7        3
..................................................................


WIND (MPH)
  HIGHEST WIND SPEED    30   HIGHEST WIND DIRECTION    NW (300)
  HIGHEST GUST SPEED    37   HIGHEST GUST DIRECTION    NW (310)
  AVERAGE WIND SPEED     7.7


SKY COVER
  AVERAGE SKY COVER 0.2


WEATHER CONDITIONS
 THE FOLLOWING WEATHER WAS RECORDED YESTERDAY.
  THUNDERSTORM
  LIGHT RAIN


RELATIVE HUMIDITY (PERCENT)
 HIGHEST    89           300 AM
 LOWEST     21          1200 PM
 AVERAGE    55

..........................................................


THE LARAMIE WY AIRPORT CLIMATE NORMALS FOR TODAY
                         NORMAL    RECORD    YEAR
 MAXIMUM TEMPERATURE (F)   78        93      2002
 MINIMUM TEMPERATURE (F)   46        30      1968


SUNRISE AND SUNSET
JULY  1 2015..........SUNRISE   533 AM MDT   SUNSET   840 PM MDT
JULY  2 2015..........SUNRISE   534 AM MDT   SUNSET   840 PM MDT


-  INDICATES NEGATIVE NUMBERS.
R  INDICATES RECORD WAS SET OR TIED.
MM INDICATES DATA IS MISSING.
T  INDICATES TRACE AMOUNT.




$$
