000
CDUS45 KVEF 030835
CLILAS


CLIMATE REPORT
NATIONAL WEATHER SERVICE LAS VEGAS, NV
1235 AM PST TUE MAR 3 2015


...................................

...THE LAS VEGAS NV CLIMATE SUMMARY FOR MARCH 2 2015...

CLIMATE NORMAL PERIOD 1981 TO 2010
CLIMATE RECORD PERIOD 1937 TO 2015


WEATHER ITEM   OBSERVED TIME   RECORD YEAR NORMAL DEPARTURE LAST
                VALUE   (LST)  VALUE       VALUE  FROM      YEAR
                                                  NORMAL
..................................................................
TEMPERATURE (F)
 YESTERDAY
  MAXIMUM         59    231 PM  82    1967  67     -8       65
  MINIMUM         45    649 AM  19    1939  47     -2       45
  AVERAGE         52                        57     -5       55

PRECIPITATION (IN)
  YESTERDAY        0.05          0.79 1938   0.02   0.03     0.00
  MONTH TO DATE    0.27                      0.04   0.23     0.00
  SINCE OCT 1      1.98                      2.47  -0.49     1.72
  SINCE JAN 1      1.68                      1.34   0.34     0.30

SNOWFALL (IN)
  YESTERDAY       MM             T    1951   0.0   MM        0.0
  MONTH TO DATE   MM                         0.0   MM        0.0
  SINCE MAR 1     MM                         0.0   MM        0.0
  SINCE JUL 1      T                         0.3   -0.3      0.0
  SNOW DEPTH       0

DEGREE DAYS
 HEATING
  YESTERDAY       13                         9      4       10
  MONTH TO DATE   26                        18      8       19
  SINCE MAR 1     26                        18      8       19
  SINCE JUL 1   1133                      1709   -576     1405

 COOLING
  YESTERDAY        0                         0      0        0
  MONTH TO DATE    0                         0      0        0
  SINCE MAR 1      0                         0      0        0
  SINCE JAN 1     10                         1      9        3
..................................................................


WIND (MPH)
  RESULTANT WIND SPEED  11   RESULTANT WIND DIRECTION  SW (210)
  HIGHEST WIND SPEED    26   HIGHEST WIND DIRECTION    SW (220)
  HIGHEST GUST SPEED    36   HIGHEST GUST DIRECTION    SW (230)
  AVERAGE WIND SPEED    11.7


SKY COVER
  POSSIBLE SUNSHINE  MM
  AVERAGE SKY COVER 0.6


WEATHER CONDITIONS
 THE FOLLOWING WEATHER WAS RECORDED YESTERDAY.
  LIGHT RAIN


RELATIVE HUMIDITY (PERCENT)
 HIGHEST    86           300 AM
 LOWEST     36           400 PM
 AVERAGE    61

..........................................................


THE LAS VEGAS NV CLIMATE NORMALS FOR TODAY
                         NORMAL    RECORD    YEAR
 MAXIMUM TEMPERATURE (F)   67        85      1972
 MINIMUM TEMPERATURE (F)   47        23      1971


SUNRISE AND SUNSET
MARCH  3 2015.........SUNRISE   608 AM PST   SUNSET   537 PM PST
MARCH  4 2015.........SUNRISE   607 AM PST   SUNSET   538 PM PST


-  INDICATES NEGATIVE NUMBERS.
R  INDICATES RECORD WAS SET OR TIED.
MM INDICATES DATA IS MISSING.
T  INDICATES TRACE AMOUNT.




$$
