000
CDUS45 KVEF 070829
CLILAS


CLIMATE REPORT
NATIONAL WEATHER SERVICE LAS VEGAS, NV
127 AM PDT TUE JUL 7 2015


...................................

...THE LAS VEGAS NV CLIMATE SUMMARY FOR JULY 6 2015...

CLIMATE NORMAL PERIOD 1981 TO 2010
CLIMATE RECORD PERIOD 1937 TO 2015


WEATHER ITEM   OBSERVED TIME   RECORD YEAR NORMAL DEPARTURE LAST
                VALUE   (LST)  VALUE       VALUE  FROM      YEAR
                                                  NORMAL
..................................................................
TEMPERATURE (F)
 YESTERDAY
  MAXIMUM         98    500 PM 115    2007 104     -6      104
                                      1989
  MINIMUM         77    717 PM  63    1939  80     -3       81
  AVERAGE         88                        92     -4       93

PRECIPITATION (IN)
  YESTERDAY        0.05          0.39 2001   0.01   0.04      T
  MONTH TO DATE    0.18                      0.04   0.14     0.08
  SINCE OCT 1      2.67                      3.25  -0.58     1.80
  SINCE JAN 1      2.37                      2.12   0.25     0.38

SNOWFALL (IN)
  YESTERDAY        0.0           0.0    MM   0.0    0.0      0.0
  MONTH TO DATE    0.0                       0.0    0.0      0.0
  SINCE JUN 1      0.0                       0.0    0.0      0.0
  SINCE JUL 1      0.0                       0.0    0.0      0.0
  SNOW DEPTH       0

DEGREE DAYS
 HEATING
  YESTERDAY        0                         0      0        0
  MONTH TO DATE    0                         0      0        0
  SINCE JUN 1      0                         1     -1        0
  SINCE JUL 1      0                         0      0        0

 COOLING
  YESTERDAY       23                        27     -4       28
  MONTH TO DATE  175                       159     16      181
  SINCE JUN 1    989                       809    180      922
  SINCE JAN 1   1592                      1359    233     1580
..................................................................


WIND (MPH)
  RESULTANT WIND SPEED   7   RESULTANT WIND DIRECTION   S (180)
  HIGHEST WIND SPEED    38   HIGHEST WIND DIRECTION    NW (320)
  HIGHEST GUST SPEED    46   HIGHEST GUST DIRECTION    NW (320)
  AVERAGE WIND SPEED     9.4


SKY COVER
  POSSIBLE SUNSHINE  MM
  AVERAGE SKY COVER 0.8


WEATHER CONDITIONS
 THE FOLLOWING WEATHER WAS RECORDED YESTERDAY.
  THUNDERSTORM
  LIGHT RAIN


RELATIVE HUMIDITY (PERCENT)
 HIGHEST    58           700 PM
 LOWEST     21           100 PM
 AVERAGE    40

..........................................................


THE LAS VEGAS NV CLIMATE NORMALS FOR TODAY
                         NORMAL    RECORD    YEAR
 MAXIMUM TEMPERATURE (F)  104       114      1989
 MINIMUM TEMPERATURE (F)   80        62      1939


SUNRISE AND SUNSET
JULY  7 2015..........SUNRISE   530 AM PDT   SUNSET   801 PM PDT
JULY  8 2015..........SUNRISE   531 AM PDT   SUNSET   800 PM PDT


-  INDICATES NEGATIVE NUMBERS.
R  INDICATES RECORD WAS SET OR TIED.
MM INDICATES DATA IS MISSING.
T  INDICATES TRACE AMOUNT.




$$
