000
CDUS45 KVEF 300828
CLILAS


CLIMATE REPORT
NATIONAL WEATHER SERVICE LAS VEGAS, NV
1228 AM PST FRI JAN 30 2015


...................................

...THE LAS VEGAS NV CLIMATE SUMMARY FOR JANUARY 29 2015...

CLIMATE NORMAL PERIOD 1981 TO 2010
CLIMATE RECORD PERIOD 1937 TO 2015


WEATHER ITEM   OBSERVED TIME   RECORD YEAR NORMAL DEPARTURE LAST
                VALUE   (LST)  VALUE       VALUE  FROM      YEAR
                                                  NORMAL
..................................................................
TEMPERATURE (F)
 YESTERDAY
  MAXIMUM         65    351 PM  71    1976  59      6       65
                                      1953
                                      1940
  MINIMUM         54    741 AM  17    1979  41     13       46
                                      1948
  AVERAGE         60                        50     10       56

PRECIPITATION (IN)
  YESTERDAY        0.00          0.44 1941   0.02  -0.02     0.00
  MONTH TO DATE    0.67                      0.50   0.17     0.00
  SINCE OCT 1      0.97                      1.63  -0.66     1.42
  SINCE JAN 1      0.67                      0.50   0.17     0.00

SNOWFALL (IN)
  YESTERDAY        0.0           1.0  1957   0.0    0.0      0.0
  MONTH TO DATE    0.0                       0.0    0.0      0.0
  SINCE DEC 1      T                         0.2   -0.2      0.0
  SINCE JUL 1      T                         0.2   -0.2      0.0
  SNOW DEPTH       0

DEGREE DAYS
 HEATING
  YESTERDAY        5                        15    -10        9
  MONTH TO DATE  349                       475   -126      346
  SINCE DEC 1    773                      1013   -240      886
  SINCE JUL 1    946                      1322   -376     1149

 COOLING
  YESTERDAY        0                         0      0        0
  MONTH TO DATE    0                         0      0        0
  SINCE DEC 1      0                         0      0        0
  SINCE JAN 1      0                         0      0        0
..................................................................


WIND (MPH)
  RESULTANT WIND SPEED   5   RESULTANT WIND DIRECTION   S (200)
  HIGHEST WIND SPEED    12   HIGHEST WIND DIRECTION     S (190)
  HIGHEST GUST SPEED    12   HIGHEST GUST DIRECTION     S (200)
  AVERAGE WIND SPEED     5.9


SKY COVER
  POSSIBLE SUNSHINE  MM
  AVERAGE SKY COVER 1.0


WEATHER CONDITIONS
 THE FOLLOWING WEATHER WAS RECORDED YESTERDAY.
  NO SIGNIFICANT WEATHER WAS OBSERVED.


RELATIVE HUMIDITY (PERCENT)
 HIGHEST    71           400 AM
 LOWEST     31           400 PM
 AVERAGE    51

..........................................................


THE LAS VEGAS NV CLIMATE NORMALS FOR TODAY
                         NORMAL    RECORD    YEAR
 MAXIMUM TEMPERATURE (F)   60        73      2014
 MINIMUM TEMPERATURE (F)   41        18      1949


SUNRISE AND SUNSET
JANUARY 30 2015.......SUNRISE   643 AM PST   SUNSET   505 PM PST
JANUARY 31 2015.......SUNRISE   642 AM PST   SUNSET   506 PM PST


-  INDICATES NEGATIVE NUMBERS.
R  INDICATES RECORD WAS SET OR TIED.
MM INDICATES DATA IS MISSING.
T  INDICATES TRACE AMOUNT.




$$
