000
CDUS45 KVEF 300829
CLILAS


CLIMATE REPORT
NATIONAL WEATHER SERVICE LAS VEGAS, NV
127 AM PDT SAT APR 30 2016


...................................

...THE LAS VEGAS NV CLIMATE SUMMARY FOR APRIL 29 2016...

CLIMATE NORMAL PERIOD 1981 TO 2010
CLIMATE RECORD PERIOD 1937 TO 2016


WEATHER ITEM   OBSERVED TIME   RECORD YEAR NORMAL DEPARTURE LAST
                VALUE   (LST)  VALUE       VALUE  FROM      YEAR
                                                  NORMAL
..................................................................
TEMPERATURE (F)
 YESTERDAY
  MAXIMUM         77    533 PM  99    2013  83     -6       93
  MINIMUM         53    349 AM  35    1970  61     -8       66
  AVERAGE         65                        72     -7       80

PRECIPITATION (IN)
  YESTERDAY        0.00          0.21 1999   0.01  -0.01     0.00
  MONTH TO DATE    1.33                      0.15   1.18     0.26
  SINCE OCT 1      3.29                      3.02   0.27     2.25
  SINCE JAN 1      1.88                      1.89  -0.01     1.95

SNOWFALL (IN)
  YESTERDAY        0.0           0.0    MM   0.0    0.0      0.0
  MONTH TO DATE    0.0                       0.0    0.0      0.0
  SINCE MAR 1      0.0                       0.0    0.0      0.0
  SINCE JUL 1      T                         0.3   -0.3       T
  SNOW DEPTH       0

DEGREE DAYS
 HEATING
  YESTERDAY        0                         1     -1        0
  MONTH TO DATE   29                        63    -34       26
  SINCE MAR 1    107                       252   -145      102
  SINCE JUL 1   1686                      1943   -257     1209

 COOLING
  YESTERDAY        0                         7     -7       15
  MONTH TO DATE  142                       121     21      128
  SINCE MAR 1    197                       151     46      266
  SINCE JAN 1    206                       152     54      276
..................................................................


WIND (MPH)
  RESULTANT WIND SPEED   1   RESULTANT WIND DIRECTION  SE (130)
  HIGHEST WIND SPEED    26   HIGHEST WIND DIRECTION    NE (30)
  HIGHEST GUST SPEED    31   HIGHEST GUST DIRECTION     N (20)
  AVERAGE WIND SPEED     5.5


SKY COVER
  POSSIBLE SUNSHINE  MM
  AVERAGE SKY COVER 0.5


WEATHER CONDITIONS
 THE FOLLOWING WEATHER WAS RECORDED YESTERDAY.
  NO SIGNIFICANT WEATHER WAS OBSERVED.


RELATIVE HUMIDITY (PERCENT)
 HIGHEST    83          1200 AM
 LOWEST     18           600 PM
 AVERAGE    51

..........................................................


THE LAS VEGAS NV CLIMATE NORMALS FOR TODAY
                         NORMAL    RECORD    YEAR
 MAXIMUM TEMPERATURE (F)   83        99      1981
                                             1943
 MINIMUM TEMPERATURE (F)   61        38      1967
                                             1942


SUNRISE AND SUNSET
APRIL 30 2016.........SUNRISE   548 AM PDT   SUNSET   728 PM PDT
MAY  1 2016...........SUNRISE   547 AM PDT   SUNSET   729 PM PDT


-  INDICATES NEGATIVE NUMBERS.
R  INDICATES RECORD WAS SET OR TIED.
MM INDICATES DATA IS MISSING.
T  INDICATES TRACE AMOUNT.




$$
