894
CDUS45 KVEF 050828
CLILAS


CLIMATE REPORT
NATIONAL WEATHER SERVICE LAS VEGAS, NV
1227 AM PST FRI FEB 5 2016


...................................

...THE LAS VEGAS NV CLIMATE SUMMARY FOR FEBRUARY 4 2016...

CLIMATE NORMAL PERIOD 1981 TO 2010
CLIMATE RECORD PERIOD 1937 TO 2016


WEATHER ITEM   OBSERVED TIME   RECORD YEAR NORMAL DEPARTURE LAST
                VALUE   (LST)  VALUE       VALUE  FROM      YEAR
                                                  NORMAL
..................................................................
TEMPERATURE (F)
 YESTERDAY
  MAXIMUM         54    315 PM  76    1953  60     -6       71
  MINIMUM         33    636 AM  19    1948  41     -8       47
  AVERAGE         44                        51     -7       59

PRECIPITATION (IN)
  YESTERDAY        0.00          0.54 1958   0.02  -0.02     0.00
  MONTH TO DATE    0.09                      0.08   0.01     0.00
  SINCE OCT 1      1.96                      1.75   0.21     1.17
  SINCE JAN 1      0.55                      0.62  -0.07     0.87

SNOWFALL (IN)
  YESTERDAY        0.0           4.0  1939   0.0    0.0      0.0
  MONTH TO DATE    0.0                       0.0    0.0      0.0
  SINCE DEC 1      T                         0.2   -0.2       T
  SINCE JUL 1      T                         0.2   -0.2       T
  SNOW DEPTH       0

DEGREE DAYS
 HEATING
  YESTERDAY       21                        14      7        6
  MONTH TO DATE   95                        58     37       31
  SINCE DEC 1   1139                      1101     38      823
  SINCE JUL 1   1463                      1410     53      996

 COOLING
  YESTERDAY        0                         0      0        0
  MONTH TO DATE    0                         0      0        0
  SINCE DEC 1      0                         0      0        0
  SINCE JAN 1      0                         0      0        0
..................................................................


WIND (MPH)
  RESULTANT WIND SPEED   0   RESULTANT WIND DIRECTION  NE (60)
  HIGHEST WIND SPEED     9   HIGHEST WIND DIRECTION     N (10)
  HIGHEST GUST SPEED    11   HIGHEST GUST DIRECTION    NW (330)
  AVERAGE WIND SPEED     2.8


SKY COVER
  POSSIBLE SUNSHINE  MM
  AVERAGE SKY COVER 0.4


WEATHER CONDITIONS
 THE FOLLOWING WEATHER WAS RECORDED YESTERDAY.
  NO SIGNIFICANT WEATHER WAS OBSERVED.


RELATIVE HUMIDITY (PERCENT)
 HIGHEST    56           600 AM
 LOWEST     20           300 PM
 AVERAGE    38

..........................................................


THE LAS VEGAS NV CLIMATE NORMALS FOR TODAY
                         NORMAL    RECORD    YEAR
 MAXIMUM TEMPERATURE (F)   60        78      1947
 MINIMUM TEMPERATURE (F)   41        18      1939


SUNRISE AND SUNSET
FEBRUARY  5 2016......SUNRISE   638 AM PST   SUNSET   511 PM PST
FEBRUARY  6 2016......SUNRISE   638 AM PST   SUNSET   512 PM PST


-  INDICATES NEGATIVE NUMBERS.
R  INDICATES RECORD WAS SET OR TIED.
MM INDICATES DATA IS MISSING.
T  INDICATES TRACE AMOUNT.




$$
