000
CDUS45 KVEF 290833
CLILAS


CLIMATE REPORT
NATIONAL WEATHER SERVICE LAS VEGAS, NV
133 AM PDT SAT AUG 29 2015


...................................

...THE LAS VEGAS NV CLIMATE SUMMARY FOR AUGUST 28 2015...

CLIMATE NORMAL PERIOD 1981 TO 2010
CLIMATE RECORD PERIOD 1937 TO 2015


WEATHER ITEM   OBSERVED TIME   RECORD YEAR NORMAL DEPARTURE LAST
                VALUE   (LST)  VALUE       VALUE  FROM      YEAR
                                                  NORMAL
..................................................................
TEMPERATURE (F)
 YESTERDAY
  MAXIMUM        105        MM 110    1944 100      5      102
  MINIMUM         82        MM  58    1945  77      5       76
  AVERAGE         94                        89      5       89

PRECIPITATION (IN)
  YESTERDAY        0.00          T    2013   0.01  -0.01     0.00
                                      2000
                                      1982
  MONTH TO DATE    0.68                      0.30   0.38     0.35
  SINCE OCT 1      3.36                      3.91  -0.55     2.29
  SINCE JAN 1      3.06                      2.78   0.28     0.87

SNOWFALL (IN)
  YESTERDAY        0.0           0.0    MM   0.0    0.0      0.0
  MONTH TO DATE    0.0                       0.0    0.0      0.0
  SINCE JUN 1      0.0                       0.0    0.0      0.0
  SINCE JUL 1      0.0                       0.0    0.0      0.0
  SNOW DEPTH       0

DEGREE DAYS
 HEATING
  YESTERDAY        0                         0      0        0
  MONTH TO DATE    0                         0      0        0
  SINCE JUN 1      0                         1     -1        0
  SINCE JUL 1      0                         0      0        0

 COOLING
  YESTERDAY       29                        24      5       24
  MONTH TO DATE  786                       725     61      646
  SINCE JUN 1   2402                      2229    173     2285
  SINCE JAN 1   3005                      2779    226     2943
..................................................................


WIND (MPH)
  RESULTANT WIND SPEED   2   RESULTANT WIND DIRECTION   S (160)
  HIGHEST WIND SPEED    10   HIGHEST WIND DIRECTION     E (90)
  HIGHEST GUST SPEED    17   HIGHEST GUST DIRECTION     E (90)
  AVERAGE WIND SPEED     4.4


SKY COVER
  POSSIBLE SUNSHINE  MM
  AVERAGE SKY COVER 0.3


WEATHER CONDITIONS
 THE FOLLOWING WEATHER WAS RECORDED YESTERDAY.
  NO SIGNIFICANT WEATHER WAS OBSERVED.


RELATIVE HUMIDITY (PERCENT)
 HIGHEST    37           400 AM
 LOWEST     14           200 PM
 AVERAGE    26

..........................................................


THE LAS VEGAS NV CLIMATE NORMALS FOR TODAY
                         NORMAL    RECORD    YEAR
 MAXIMUM TEMPERATURE (F)  100       110      1948
                                             1944
 MINIMUM TEMPERATURE (F)   77        57      1947


SUNRISE AND SUNSET
AUGUST 29 2015........SUNRISE   610 AM PDT   SUNSET   713 PM PDT
AUGUST 30 2015........SUNRISE   611 AM PDT   SUNSET   711 PM PDT


-  INDICATES NEGATIVE NUMBERS.
R  INDICATES RECORD WAS SET OR TIED.
MM INDICATES DATA IS MISSING.
T  INDICATES TRACE AMOUNT.




$$
